000
CXUS51 KBTV 010700
CF6MSS
PRELIMINARY LOCAL CLIMATOLOGICAL DATA (WS FORM: F-6)
STATION: MASSENA NY
MONTH: AUGUST
YEAR: 2022
LATITUDE: 44 55 N
LONGITUDE: 74 51 W
TEMPERATURE IN F: :PCPN: SNOW: WIND :SUNSHINE: SKY :PK WND
================================================================================
1 2 3 4 5 6A 6B 7 8 9 10 11 12 13 14 15 16 17 18
12Z AVG MX 2MIN
DY MAX MIN AVG DEP HDD CDD WTR SNW DPTH SPD SPD DIR MIN PSBL S-S WX SPD DR
================================================================================
1 84 58 71 2 0 6 0.00 M M 5.6 18 220 M M 2 1 24 220
2 79 53 66 -3 0 1 0.04 M M 8.0 20 310 M M 5 1 26 310
3 82 48 65 -4 0 0 0.00 M M 3.7 16 210 M M 1 1 20 210
4 82 65 74 5 0 9 T M M 7.3 17 210 M M 5 22 210
5 83 63 73 4 0 8 T M M 3.5 9 40 M M 5 1 12 10
6 89 61 75 6 0 10 0.00 M M 5.8 16 230 M M 0 1 22 210
7 89 72 81 12 0 16 0.01 M M 8.6 22 210 M M 3 13 28 210
8 73 61 67 -2 0 2 0.20 M M 10.1 17 70 M M 9 1 22 320
9 68 58 63 -6 2 0 0.02 M M 4.8 24 70 M M 10 18 31 70
10 76 60 68 0 0 3 0.00 M M 3.2 12 220 M M 6 18 16 250
11 79 58 69 1 0 4 T M M 7.6 16 330 M M 3 20 340
12 70 49 60 -8 5 0 0.00 M M 4.7 14 280 M M 5 1 18 330
13 77 48 63 -5 2 0 0.00 M M 1.6 12 300 M M 1 1 14 300
14 80 50 65 -3 0 0 0.00 M M 1.4 8 350 M M 2 1 11 300
15 82 49 66 -2 0 1 0.00 M M 1.8 10 70 M M 0 1 13 50
16 81 51 66 -2 0 1 0.00 M M 3.6 13 60 M M 0 1 17 40
17 79 58 69 1 0 4 T M M 5.6 15 30 M M 2 1 20 30
18 80 59 70 2 0 5 0.00 M M 4.2 15 270 M M 2 19 260
19 85 59 72 5 0 7 0.00 M M 7.3 15 280 M M 0 21 270
20 89 57 73 6 0 8 0.00 M M 2.1 10 70 M M 1 1 12 170
21 85 61 73 6 0 8 T M M 4.1 21 200 M M 3 13 27 210
22 80 64 72 5 0 7 0.22 M M 1.4 13 140 M M 7 13 16 120
23 76 64 70 3 0 5 T M M 2.8 8 20 M M 8 12 13 40
24 83 62 73 7 0 8 0.09 M M 5.0 13 290 M M 6 12 17 280
25 76 61 69 3 0 4 T M M 4.4 13 60 M M 4 12 16 40
26 75 60 68 2 0 3 T M M 4.4 12 10 M M 8 15 330
27 73 51 62 -4 3 0 T M M 3.9 12 270 M M 5 1 16 290
28 81 48 65 -1 0 0 0.00 M M 1.4 12 260 M M 0 1 14 210
29 89 60 75 10 0 10 0.50 M M 8.1 20 200 M M 3 13 29 210
30 82 65 74 9 0 9 0.25 M M 9.4 21 300 M M 4 1 29 280
31 74 51 63 -2 2 0 0.02 M M 9.0 20 200 M M 4 13 25 220
================================================================================
SM 2481 1784 14 139 1.35 M 154.4 M 114
================================================================================
AV 80.0 57.5 5.0 FASTST M M 4 MAX(MPH)
MISC ----> 24 70 31 70
================================================================================
NOTES:
# LAST OF SEVERAL OCCURRENCES
COLUMN 17 PEAK WIND IN M.P.H.
PRELIMINARY LOCAL CLIMATOLOGICAL DATA (WS FORM: F-6) , PAGE 2
STATION: MASSENA NY
MONTH: AUGUST
YEAR: 2022
LATITUDE: 44 55 N
LONGITUDE: 74 51 W
[TEMPERATURE DATA] [PRECIPITATION DATA] SYMBOLS USED IN COLUMN 16
AVERAGE MONTHLY: 68.8 TOTAL FOR MONTH: 1.35 1 = FOG OR MIST
DPTR FM NORMAL: 1.3 DPTR FM NORMAL: -2.01 2 = FOG REDUCING VISIBILITY
HIGHEST: 89 ON 29,20 GRTST 24HR 0.71 ON 29-30 TO 1/4 MILE OR LESS
LOWEST: 48 ON 28,13 3 = THUNDER
SNOW, ICE PELLETS, HAIL 4 = ICE PELLETS
TOTAL MONTH: M 5 = HAIL
GRTST 24HR M ON M 6 = FREEZING RAIN OR DRIZZLE
GRTST DEPTH: M ON M 7 = DUSTSTORM OR SANDSTORM:
VSBY 1/2 MILE OR LESS
8 = SMOKE OR HAZE
[NO. OF DAYS WITH] [WEATHER - DAYS WITH] 9 = BLOWING SNOW
X = TORNADO
MAX 32 OR BELOW: 0 0.01 INCH OR MORE: 9
MAX 90 OR ABOVE: 0 0.10 INCH OR MORE: 4
MIN 32 OR BELOW: 0 0.50 INCH OR MORE: 1
MIN 0 OR BELOW: 0 1.00 INCH OR MORE: 0
[HDD (BASE 65) ]
TOTAL THIS MO. 14 CLEAR (SCALE 0-3) 16
DPTR FM NORMAL -24 PTCLDY (SCALE 4-7) 13
TOTAL FM JUL 1 24 CLOUDY (SCALE 8-10) 2
DPTR FM NORMAL -31
[CDD (BASE 65) ]
TOTAL THIS MO. 139
DPTR FM NORMAL 22 [PRESSURE DATA]
TOTAL FM JAN 1 363 HIGHEST SLP M ON M
DPTR FM NORMAL -7 LOWEST SLP 29.65 ON 31
[REMARKS]
#FINAL-08-22#