000
CXUS54 KLIX 010910
CF6MSY
PRELIMINARY LOCAL CLIMATOLOGICAL DATA (WS FORM: F-6)
STATION: NEW ORLEANS
MONTH: JANUARY
YEAR: 2021
LATITUDE: 29 58 N
LONGITUDE: 90 15 W
TEMPERATURE IN F: :PCPN: SNOW: WIND :SUNSHINE: SKY :PK WND
================================================================================
1 2 3 4 5 6A 6B 7 8 9 10 11 12 13 14 15 16 17 18
12Z AVG MX 2MIN
DY MAX MIN AVG DEP HDD CDD WTR SNW DPTH SPD SPD DIR MIN PSBL S-S WX SPD DR
================================================================================
1 69 51 60 6 5 0 0.00 0.0 M 9.2 20 230 M M 6 27 250
2 59 45 52 -2 13 0 0.00 0.0 M 8.0 15 320 M M 5 19 320
3 59 39 49 -4 16 0 0.00 0.0 M 4.3 9 40 M M 1 12 300
4 73 40 57 4 8 0 0.00 0.0 M 4.6 14 260 M M 2 18 270
5 68 47 58 5 7 0 0.00 0.0 M 4.2 10 10 M M 1 18 15 10
6 67 45 56 3 9 0 T M M 9.6 21 120 M M 6 27 120
7 63 48 56 3 9 0 0.80 0.0 M 15.5 24 120 M M 9 13 32 120
8 51 43 47 -6 18 0 0.00 0.0 M 12.7 20 320 M M 7 29 320
9 51 40 46 -7 19 0 0.00 0.0 M 8.9 14 40 M M 3 20 350
10 45 38 42 -11 23 0 0.08 0.0 M 9.8 17 40 M M 8 23 50
11 45 40 43 -10 22 0 0.41 0.0 M 11.8 20 340 M M 10 1 25 340
12 48 37 43 -10 22 0 0.00 0.0 M 5.9 13 340 M M 9 18 18 320
13 58 37 48 -5 17 0 0.00 0.0 M 3.5 10 70 M M 4 18 12 70
14 71 38 55 2 10 0 0.00 0.0 M 8.4 22 240 M M 2 18 29 260
15 62 43 53 0 12 0 0.00 0.0 M 11.3 28 280 M M 0 35 270
16 57 39 48 -5 17 0 0.00 0.0 M 6.0 14 320 M M 1 18 240
17 64 36 50 -3 15 0 0.00 0.0 M 4.8 14 300 M M 2 16 280
18 64 37 51 -2 14 0 0.00 0.0 M 4.0 10 180 M M 0 15 170
19 72 45 59 6 6 0 0.00 0.0 M 7.3 18 180 M M 2 24 190
20 70 50 60 7 5 0 0.00 0.0 M 4.4 13 50 M M 5 1 16 50
21 76 57 67 14 0 2 T 0.0 M 7.6 14 230 M M 8 1 18 250
22 68 62 65 12 0 0 0.59 0.0 M 4.8 13 220 M M 9 1 18 210
23 63 59 61 8 4 0 0.06 0.0 M 9.3 20 100 M M 10 18 22 100
24 76 61 69 15 0 4 0.00 0.0 M 8.2 15 180 M M 9 128 19 180
25 78 68 73 19 0 8 0.00 0.0 M 11.1 23 190 M M 9 12 33 180
26 73 63 68 14 0 3 0.01 0.0 M 6.4 16 10 M M 10 18 25 20
27 73 53 63 9 2 0 0.07 0.0 M 11.4 20 340 M M 8 12 29 350
28 57 44 51 -3 14 0 0.00 0.0 M 10.9 18 20 M M 6 27 30
29 61 42 52 -2 13 0 0.00 0.0 M 5.8 12 60 M M 4 18 40
30 73 47 60 6 5 0 0.00 0.0 M 9.0 20 160 M M 8 18 29 170
31 77 52 65 11 0 0 0.02 0.0 M 15.5 25 340 M M 6 1 35 340
================================================================================
SM 1991 1446 305 17 2.04 0.0 254.2 M 170
================================================================================
AV 64.2 46.6 8.2 FASTST M M 5 MAX(MPH)
MISC ----> 28 280 # 35 270
================================================================================
NOTES:
# LAST OF SEVERAL OCCURRENCES
COLUMN 17 PEAK WIND IN M.P.H.
PRELIMINARY LOCAL CLIMATOLOGICAL DATA (WS FORM: F-6) , PAGE 2
STATION: NEW ORLEANS
MONTH: JANUARY
YEAR: 2021
LATITUDE: 29 58 N
LONGITUDE: 90 15 W
[TEMPERATURE DATA] [PRECIPITATION DATA] SYMBOLS USED IN COLUMN 16
AVERAGE MONTHLY: 55.4 TOTAL FOR MONTH: 2.04 1 = FOG OR MIST
DPTR FM NORMAL: 2.0 DPTR FM NORMAL: -3.11 2 = FOG REDUCING VISIBILITY
HIGHEST: 78 ON 25 GRTST 24HR 1.26 ON 22-22 TO 1/4 MILE OR LESS
LOWEST: 36 ON 17 3 = THUNDER
SNOW, ICE PELLETS, HAIL 4 = ICE PELLETS
TOTAL MONTH: 0.0 INCH 5 = HAIL
GRTST 24HR 0.0 6 = FREEZING RAIN OR DRIZZLE
GRTST DEPTH: M ON M 7 = DUSTSTORM OR SANDSTORM:
VSBY 1/2 MILE OR LESS
8 = SMOKE OR HAZE
[NO. OF DAYS WITH] [WEATHER - DAYS WITH] 9 = BLOWING SNOW
X = TORNADO
MAX 32 OR BELOW: 0 0.01 INCH OR MORE: 8
MAX 90 OR ABOVE: 0 0.10 INCH OR MORE: 3
MIN 32 OR BELOW: 0 0.50 INCH OR MORE: 2
MIN 0 OR BELOW: 0 1.00 INCH OR MORE: 0
[HDD (BASE 65) ]
TOTAL THIS MO. 305 CLEAR (SCALE 0-3) 9
DPTR FM NORMAL -70 PTCLDY (SCALE 4-7) 13
TOTAL FM JUL 1 630 CLOUDY (SCALE 8-10) 9
DPTR FM NORMAL -221
[CDD (BASE 65) ]
TOTAL THIS MO. 17
DPTR FM NORMAL 1 [PRESSURE DATA]
TOTAL FM JAN 1 17 HIGHEST SLP 30.54 ON 28
DPTR FM NORMAL 1 LOWEST SLP 29.80 ON 25
[REMARKS]
#FINAL-01-21#