000
CXUS52 KKEY 011905 CCA
CF6MTH
PRELIMINARY LOCAL CLIMATOLOGICAL DATA (WS FORM: F-6)...CORRECTED
STATION: MARATHON
MONTH: OCTOBER
YEAR: 2021
LATITUDE: 24 43 N
LONGITUDE: 81 5 W
TEMPERATURE IN F: :PCPN: SNOW: WIND :SUNSHINE: SKY :PK WND
================================================================================
1 2 3 4 5 6A 6B 7 8 9 10 11 12 13 14 15 16 17 18
12Z AVG MX 2MIN
DY MAX MIN AVG DEP HDD CDD WTR SNW DPTH SPD SPD DIR MIN PSBL S-S WX SPD DR
================================================================================
1 90 80 85 2 0 20 0.00 0.0 0 9.6 18 60 M M 1 25 60
2 89 81 85 2 0 20 0.00 0.0 0 12.4 20 60 M M 1 31 80
3 89 76 83 0 0 18 0.52 0.0 0 9.4 21 50 M M 3 18 29 50
4 88 77 83 0 0 18 0.03 0.0 0 7.4 12 30 M M 1 1 18 80
5 89 79 84 1 0 19 0.02 0.0 0 7.3 12 120 M M 1 1 20 120
6 91 81 86 3 0 21 T 0.0 0 8.6 13 90 M M 2 20 80
7 91 79 85 2 0 20 0.17 0.0 0 7.4 13 120 M M 2 18 23 120
8 90 81 86 4 0 21 0.00 0.0 0 6.9 13 120 M M 1 21 130
9 91 74 83 1 0 18 0.50 0.0 0 5.3 17 30 M M 4 13 22 30
10 86 71 79 -3 0 14 0.22 0.0 0 4.6 18 60 M M 2 13 23 50
11 88 75 82 0 0 17 T 0.0 0 4.9 13 210 M M 3 20 190
12 86 75 81 -1 0 16 0.07 0.0 0 6.1 17 120 M M 3 1 31 120
13 88 74 81 -1 0 16 0.23 0.0 0 7.8 18 160 M M 3 1 29 170
14 87 76 82 0 0 17 0.00 0.0 0 6.2 14 40 M M 1 20 20
15 87 76 82 1 0 17 0.00 0.0 0 6.7 18 50 M M 1 24 50
16 86 77 82 1 0 17 0.00 0.0 0 3.9 8 330 M M 5 13 290
17 87 77 82 1 0 17 0.00 0.0 0 5.0 9 120 M M 1 14 10
18 85 75 80 -1 0 15 0.09 0.0 0 12.9 22 50 M M 4 1 29 50
19 86 77 82 1 0 17 0.00 0.0 0 11.5 20 70 M M 3 27 100
20 87 77 82 2 0 17 T 0.0 0 12.1 20 60 M M 4 27 70
21 87 78 83 3 0 18 0.03 0.0 0 13.4 21 70 M M 6 18 30 80
22 83 76 80 0 0 15 0.00 0.0 0 5.5 12 60 M M 1 3 16 60
23 86 74 80 0 0 15 0.00 0.0 0 5.4 10 30 M M 1 14 40
24 86 79 83 3 0 18 T 0.0 0 5.0 9 70 M M 1 15 140
25 85 76 81 1 0 16 0.63 0.0 0 M M M M M 4 128 M M
26 88 77 83 4 0 18 0.00 0.0 0 6.6 13 280 M M 1 1 19 290
27 87 76 82 3 0 17 0.00 0.0 0 M M M M M 1 M M
28 88 77 83 4 0 18 0.03 0.0 0 10.1 16 210 M M 2 138 30 210
29 85 76 81 2 0 16 0.19 0.0 0 M M M M M 8 13 M M
30 84 77 81 2 0 16 0.00 0.0 0 M M M M M 5 M M
31 83 74 79 1 0 14 0.00 0.0 0 M M M M M 1 M M
================================================================================
SM 2703 2378 0 536 2.73 0.0 202.0 M 77
================================================================================
AV 87.2 76.7 7.8 FASTST M M 2 MAX(MPH)
MISC ----> 22 50 # 31 80
================================================================================
NOTES:
# LAST OF SEVERAL OCCURRENCES
COLUMN 17 PEAK WIND IN M.P.H.
PRELIMINARY LOCAL CLIMATOLOGICAL DATA (WS FORM: F-6) , PAGE 2
STATION: MARATHON
MONTH: OCTOBER
YEAR: 2021
LATITUDE: 24 43 N
LONGITUDE: 81 5 W
[TEMPERATURE DATA] [PRECIPITATION DATA] SYMBOLS USED IN COLUMN 16
AVERAGE MONTHLY: 82.0 TOTAL FOR MONTH: 2.73 1 = FOG OR MIST
DPTR FM NORMAL: 1.0 DPTR FM NORMAL: -3.17 2 = FOG REDUCING VISIBILITY
HIGHEST: 91 ON 9, 7 GRTST 24HR 0.63 ON 25-25 TO 1/4 MILE OR LESS
LOWEST: 71 ON 10 3 = THUNDER
SNOW, ICE PELLETS, HAIL 4 = ICE PELLETS
TOTAL MONTH: 0.0 INCH 5 = HAIL
GRTST 24HR 0.0 6 = FREEZING RAIN OR DRIZZLE
GRTST DEPTH: 0 7 = DUSTSTORM OR SANDSTORM:
VSBY 1/2 MILE OR LESS
8 = SMOKE OR HAZE
[NO. OF DAYS WITH] [WEATHER - DAYS WITH] 9 = BLOWING SNOW
X = TORNADO
MAX 32 OR BELOW: 0 0.01 INCH OR MORE: 13
MAX 90 OR ABOVE: 5 0.10 INCH OR MORE: 7
MIN 32 OR BELOW: 0 0.50 INCH OR MORE: 3
MIN 0 OR BELOW: 0 1.00 INCH OR MORE: 0
[HDD (BASE 65) ]
TOTAL THIS MO. 0 CLEAR (SCALE 0-3) 23
DPTR FM NORMAL 0 PTCLDY (SCALE 4-7) 7
TOTAL FM JUL 1 0 CLOUDY (SCALE 8-10) 1
DPTR FM NORMAL 0
[CDD (BASE 65) ]
TOTAL THIS MO. 536
DPTR FM NORMAL 40 [PRESSURE DATA]
TOTAL FM JAN 1 4595 HIGHEST SLP M ON M
DPTR FM NORMAL 55 LOWEST SLP 29.75 ON 30
[REMARKS]
#FINAL-10-21#
CORRECTED SKY COVER DAYS TABLE.
CORRECTED SNOW DEPTH ON THE 8TH TO 0.
ALIGNED SNOW, ICE PELLETS, HAIL TABLE.
ROSS