000
CXUS52 KKEY 021605 CCA
CF6MTH
PRELIMINARY LOCAL CLIMATOLOGICAL DATA (WS FORM: F-6)...CORRECTED
STATION: MARATHON
MONTH: SEPTEMBER
YEAR: 2020
LATITUDE: 24 43 N
LONGITUDE: 81 5 W
TEMPERATURE IN F: :PCPN: SNOW: WIND :SUNSHINE: SKY :PK WND
================================================================================
1 2 3 4 5 6A 6B 7 8 9 10 11 12 13 14 15 16 17 18
12Z AVG MX 2MIN
DY MAX MIN AVG DEP HDD CDD WTR SNW DPTH SPD SPD DIR MIN PSBL S-S WX SPD DR
================================================================================
1 92 82 87 2 0 22 T 0.0 0 7.4 12 80 M M 2 17 120
2 93 83 88 3 0 23 0.06 0.0 0 10.8 18 60 M M 2 1 25 60
3 92 83 88 4 0 23 0.00 0.0 0 9.9 14 80 M M 2 21 120
4 93 84 89 4 0 24 T 0.0 0 10.3 18 70 M M 2 23 70
5 92 80 86 2 0 21 0.02 0.0 0 9.5 20 50 M M 2 3 25 50
6 90 79 85 1 0 20 0.10 0.0 0 8.5 17 120 M M 1 1 25 120
7 86 78 82 -2 0 17 T 0.0 0 9.0 16 80 M M 2 23 160
8 91 76 84 0 0 19 0.43 0.0 0 5.0 17 170 M M 2 138 24 160
9 90 78 84 0 0 19 0.09 0.0 0 6.0 13 100 M M 2 13 21 100
10 90 78 84 0 0 19 0.01 0.0 0 5.8 13 80 M M 1 3 17 70
11 89 81 85 1 0 20 T 0.0 0 7.0 10 320 M M 2 3 14 330
12 82 74 78 -6 0 13 8.13 0.0 0 10.3 21 270 M M 7 123 30 190
13 87 79 83 -1 0 18 0.26 0.0 0 10.1 17 160 M M 3 1 28 140
14 90 78 84 0 0 19 0.01 0.0 0 6.9 16 110 M M 1 22 130
15 91 80 86 2 0 21 0.00 0.0 0 7.7 13 130 M M 1 18 120
16 90 81 86 2 0 21 T 0.0 0 6.8 12 160 M M 1 17 130
17 90 81 86 2 0 21 0.00 0.0 0 6.6 12 160 M M 1 17 150
18 90 81 86 2 0 21 T 0.0 0 4.8 10 220 M M 1 8 14 230
19 89 81 85 1 0 20 T 0.0 0 3.3 7 320 M M 1 10 330
20 90 81 86 2 0 21 0.04 0.0 0 3.8 10 280 M M 2 12 280
21 89 77 83 -1 0 18 0.77 0.0 0 11.0 29 50 M M 4 18 39 50
22 88 80 84 0 0 19 T 0.0 0 17.2 26 60 M M 4 33 50
23 93 77 85 1 0 20 0.08 0.0 0 11.4 21 60 M M 5 27 70
24 89 81 85 1 0 20 0.02 0.0 0 9.0 16 130 M M 6 3 23 120
25 89 80 85 1 0 20 0.10 0.0 0 6.4 17 190 M M 3 3 27 180
26 92 82 87 4 0 22 0.00 0.0 0 4.9 12 260 M M 3 3 17 300
27 88 80 84 1 0 19 0.00 0.0 0 2.0 8 20 M M 2 11 50
28 89 80 85 2 0 20 0.08 0.0 0 3.5 10 40 M M 0 3 16 120
29 90 80 85 2 0 20 0.00 0.0 0 5.8 12 170 M M 1 16 160
30 91 79 85 2 0 20 0.00 0.0 0 4.7 13 40 M M 2 19 140
================================================================================
SM 2695 2394 0 600 10.20 0.0 225.4 M 68
================================================================================
AV 89.8 79.8 7.5 FASTST M M 2 MAX(MPH)
MISC ----> # 29 50 # 39 50
================================================================================
NOTES:
# LAST OF SEVERAL OCCURRENCES
COLUMN 17 PEAK WIND IN M.P.H.
PRELIMINARY LOCAL CLIMATOLOGICAL DATA (WS FORM: F-6) , PAGE 2
STATION: MARATHON
MONTH: SEPTEMBER
YEAR: 2020
LATITUDE: 24 43 N
LONGITUDE: 81 5 W
[TEMPERATURE DATA] [PRECIPITATION DATA] SYMBOLS USED IN COLUMN 16
AVERAGE MONTHLY: 84.8 TOTAL FOR MONTH: 10.20 1 = FOG OR MIST
DPTR FM NORMAL: 0.9 DPTR FM NORMAL: 2.47 2 = FOG REDUCING VISIBILITY
HIGHEST: 93 ON 23, 4 GRTST 24HR 8.13 ON 12-12 TO 1/4 MILE OR LESS
LOWEST: 74 ON 12 3 = THUNDER
SNOW, ICE PELLETS, HAIL 4 = ICE PELLETS
TOTAL MONTH: 0.0 INCH 5 = HAIL
GRTST 24HR 0.0 6 = FREEZING RAIN OR DRIZZLE
GRTST DEPTH: 0 7 = DUSTSTORM OR SANDSTORM:
VSBY 1/2 MILE OR LESS
8 = SMOKE OR HAZE
[NO. OF DAYS WITH] [WEATHER - DAYS WITH] 9 = BLOWING SNOW
X = TORNADO
MAX 32 OR BELOW: 0 0.01 INCH OR MORE: 15
MAX 90 OR ABOVE: 19 0.10 INCH OR MORE: 6
MIN 32 OR BELOW: 0 0.50 INCH OR MORE: 2
MIN 0 OR BELOW: 0 1.00 INCH OR MORE: 1
[HDD (BASE 65) ]
TOTAL THIS MO. 0 CLEAR (SCALE 0-3) 25
DPTR FM NORMAL 0 PTCLDY (SCALE 4-7) 5
TOTAL FM JUL 1 0 CLOUDY (SCALE 8-10) 0
DPTR FM NORMAL 0
[CDD (BASE 65) ]
TOTAL THIS MO. 600
DPTR FM NORMAL 32 [PRESSURE DATA]
TOTAL FM JAN 1 4508 HIGHEST SLP M ON M
DPTR FM NORMAL 554 LOWEST SLP 29.71 ON 12
[REMARKS]
#FINAL-09-20#
CORRECTED DEPARTURE FROM NORMAL TEMPERATURE ON SEPTEMBER 4TH.
ROSS