000
CXUS55 KGJT 011000
CF6MTJ
PRELIMINARY LOCAL CLIMATOLOGICAL DATA (WS FORM: F-6)
STATION: MONTROSE CO
MONTH: MARCH
YEAR: 2020
LATITUDE: 38 30 N
LONGITUDE: 107 53 W
TEMPERATURE IN F: :PCPN: SNOW: WIND :SUNSHINE: SKY :PK WND
================================================================================
1 2 3 4 5 6A 6B 7 8 9 10 11 12 13 14 15 16 17 18
12Z AVG MX 2MIN
DY MAX MIN AVG DEP HDD CDD WTR SNW DPTH SPD SPD DIR MIN PSBL S-S WX SPD DR
================================================================================
1 56 36 46 9 19 0 T M M 8.9 24 200 M M 6 35 210
2 46 26 36 -1 29 0 0.06 M M 5.9 13 340 M M 6 1 17 320
3 52 23 38 1 27 0 0.00 M M 5.8 12 330 M M 0 17 360
4 58 24 41 3 24 0 0.00 M M 6.9 16 160 M M 0 17 160
5 60 25 43 5 22 0 0.00 M M 7.4 17 150 M M 0 18 150
6 65 27 46 8 19 0 0.00 M M 6.7 17 90 M M 0 22 90
7 66 31 49 10 16 0 0.00 M M 8.0 22 230 M M 3 30 220
8 59 37 48 9 17 0 0.00 M M 8.4 23 240 M M 6 31 240
9 59 32 46 7 19 0 0.00 M M 7.2 18 270 M M 4 8 32 230
10 53 32 43 3 22 0 0.00 M M 5.9 16 210 M M 5 20 210
11 52 31 42 2 23 0 T M M 5.9 12 120 M M 6 15 290
12 61 32 47 7 18 0 0.00 M M 5.1 13 140 M M 0 17 40
13 53 41 47 7 18 0 0.09 M M 9.0 31 190 M M 7 45 190
14 55 37 46 5 19 0 0.00 M M 8.5 20 260 M M 6 28 260
15 61 33 47 6 18 0 0.00 M M 8.6 18 240 M M 4 27 240
16 63 30 47 6 18 0 0.00 M M 6.3 14 150 M M 0 19 310
17 64 37 51 9 14 0 0.00 M M 10.4 26 190 M M 0 8 43 190
18 57 35 46 4 19 0 0.04 M M 8.4 26 210 M M 5 3 38 200
19 47 35 41 -1 24 0 0.13 M M 6.3 23 140 M M 8 1 36 170
20 50 29 40 -2 25 0 T M M 6.1 18 320 M M 6 1 23 310
21 49 26 38 -5 27 0 0.00 M M 5.7 21 150 M M 6 24 150
22 52 33 43 0 22 0 T M M 5.9 17 310 M M 6 21 310
23 55 32 44 1 21 0 0.02 M M 6.5 31 220 M M 8 8 41 210
24 58 31 45 2 20 0 0.00 M M 7.6 21 240 M M 2 28 240
25 60 40 50 6 15 0 0.00 M M 13.8 35 230 M M 0 50 240
26 63 41 52 8 13 0 0.00 M M 14.8 33 210 M M 0 49 210
27 46 30 38 -6 27 0 0.01 M M 12.6 30 250 M M 4 1 39 240
28 44 26 35 -9 30 0 0.00 M M 6.5 14 300 M M 4 19 350
29 50 24 37 -7 28 0 0.00 M M 4.6 16 180 M M 7 21 190
30 52 32 42 -3 23 0 0.24 M M 7.2 18 280 M M 7 1 23 280
31 65 31 48 3 17 0 0.00 M M 6.7 16 280 M M 0 24 290
================================================================================
SM 1731 979 653 0 0.59 M 237.6 M 116
================================================================================
AV 55.8 31.6 7.7 FASTST M M 4 MAX(MPH)
MISC ----> # 35 230 # 50 240
================================================================================
NOTES:
# LAST OF SEVERAL OCCURRENCES
COLUMN 17 PEAK WIND IN M.P.H.
PRELIMINARY LOCAL CLIMATOLOGICAL DATA (WS FORM: F-6) , PAGE 2
STATION: MONTROSE CO
MONTH: MARCH
YEAR: 2020
LATITUDE: 38 30 N
LONGITUDE: 107 53 W
[TEMPERATURE DATA] [PRECIPITATION DATA] SYMBOLS USED IN COLUMN 16
AVERAGE MONTHLY: 43.7 TOTAL FOR MONTH: 0.59 1 = FOG OR MIST
DPTR FM NORMAL: 2.6 DPTR FM NORMAL: -0.43 2 = FOG REDUCING VISIBILITY
HIGHEST: 66 ON 7 GRTST 24HR 0.24 ON 30-30 TO 1/4 MILE OR LESS
LOWEST: 23 ON 3 3 = THUNDER
SNOW, ICE PELLETS, HAIL 4 = ICE PELLETS
TOTAL MONTH: M 5 = HAIL
GRTST 24HR M ON M 6 = FREEZING RAIN OR DRIZZLE
GRTST DEPTH: M ON M 7 = DUSTSTORM OR SANDSTORM:
VSBY 1/2 MILE OR LESS
8 = SMOKE OR HAZE
[NO. OF DAYS WITH] [WEATHER - DAYS WITH] 9 = BLOWING SNOW
X = TORNADO
MAX 32 OR BELOW: 0 0.01 INCH OR MORE: 7
MAX 90 OR ABOVE: 0 0.10 INCH OR MORE: 2
MIN 32 OR BELOW: 20 0.50 INCH OR MORE: 0
MIN 0 OR BELOW: 0 1.00 INCH OR MORE: 0
[HDD (BASE 65) ]
TOTAL THIS MO. 653 CLEAR (SCALE 0-3) 12
DPTR FM NORMAL -88 PTCLDY (SCALE 4-7) 17
TOTAL FM JUL 1 5410 CLOUDY (SCALE 8-10) 2
DPTR FM NORMAL -46
[CDD (BASE 65) ]
TOTAL THIS MO. 0
DPTR FM NORMAL 0 [PRESSURE DATA]
TOTAL FM JAN 1 0 HIGHEST SLP 30.44 ON 5
DPTR FM NORMAL 0 LOWEST SLP 29.47 ON 19
[REMARKS]
#FINAL-03-20#