000
CXUS53 KILX 010900
CF6MTO
PRELIMINARY LOCAL CLIMATOLOGICAL DATA (WS FORM: F-6)
STATION: MATTOON IL AIRPORT
MONTH: OCTOBER
YEAR: 2023
LATITUDE: 39 28 N
LONGITUDE: 88 17 W
TEMPERATURE IN F: :PCPN: SNOW: WIND :SUNSHINE: SKY :PK WND
================================================================================
1 2 3 4 5 6A 6B 7 8 9 10 11 12 13 14 15 16 17 18
12Z AVG MX 2MIN
DY MAX MIN AVG DEP HDD CDD WTR SNW DPTH SPD SPD DIR MIN PSBL S-S WX SPD DR
================================================================================
1 84 56 70 8 0 5 0.00 M M 4.7 15 130 M M 0 19 130
2 85 56 71 9 0 6 0.00 M M 4.2 12 130 M M 0 15 130
3 85 58 72 11 0 7 0.00 M M 6.3 14 200 M M 0 19 190
4 82 62 72 11 0 7 0.00 M M 6.5 17 180 M M 2 8 31 170
5 71 59 65 5 0 0 0.62 M M 6.6 14 190 M M 6 1 22 180
6 67 46 57 -3 8 0 T M M 10.8 28 300 M M 2 38 340
7 61 40 51 -8 14 0 0.00 M M 10.8 22 310 M M 1 33 270
8 63 45 54 -5 11 0 T M M 3.8 14 280 M M 9 21 280
9 63 37 50 -9 15 0 0.00 M M 5.6 17 300 M M 1 25 360
10 64 41 53 -5 12 0 0.00 M M 6.8 20 280 M M 0 32 270
11 73 41 57 -1 8 0 0.00 M M 8.6 15 170 M M 4 22 160
12 77 49 63 6 2 0 0.00 M M 6.1 14 160 M M 1 1 23 170
13 73 57 65 8 0 0 0.77 M M 9.2 21 150 M M 8 1 36 160
14 57 49 53 -3 12 0 0.01 M M 11.7 26 350 M M 9 1 40 10
15 57 42 50 -6 15 0 T M M 12.5 23 320 M M 7 34 350
16 56 44 50 -6 15 0 0.00 M M 9.5 17 350 M M 9 1 29 360
17 64 40 52 -3 13 0 0.00 M M 4.5 12 180 M M 1 1 19 190
18 69 46 58 3 7 0 0.05 M M 11.1 18 150 M M 2 39 200
19 60 53 57 3 8 0 0.17 M M 8.3 15 270 M M 9 1 29 260
20 64 48 56 2 9 0 0.00 M M 12.0 26 300 M M 3 1 35 300
21 72 46 59 5 6 0 0.00 M M 13.0 30 290 M M 0 42 270
22 61 40 51 -2 14 0 0.00 M M 4.7 13 320 M M 2 16 330
23 70 43 57 4 8 0 0.00 M M 10.2 18 170 M M 0 8 34 150
24 73 55 64 12 1 0 0.00 M M 11.3 17 160 M M 1 8 25 160
25 70 61 66 14 0 1 0.03 M M 11.2 18 190 M M 7 33 200
26 75 61 68 17 0 3 T M M 11.5 22 160 M M 5 8 37 160
27 77 48 63 12 2 0 0.12 M M 8.9 22 330 M M 7 138 31 360
28 51 41 46 -4 19 0 0.55 M M 11.7 21 340 M M 10 1 31 30
29 48 40 44 -6 21 0 0.69 M M 12.7 21 350 M M 10 1 32 360
30 44 28 36 -14 29 0 0.00 M M 12.4 24 340 M M 5 1 34 350
31 40 26 33 -16 32 0 0.00 M M 14.5 30 290 M M 4 45 260
================================================================================
SM 2056 1458 281 29 3.01 M 281.7 M 125
================================================================================
AV 66.3 47.0 9.1 FASTST M M 4 MAX(MPH)
MISC ----> # 30 290 45 260
================================================================================
NOTES:
# LAST OF SEVERAL OCCURRENCES
COLUMN 17 PEAK WIND IN M.P.H.
PRELIMINARY LOCAL CLIMATOLOGICAL DATA (WS FORM: F-6) , PAGE 2
STATION: MATTOON IL AIRPORT
MONTH: OCTOBER
YEAR: 2023
LATITUDE: 39 28 N
LONGITUDE: 88 17 W
[TEMPERATURE DATA] [PRECIPITATION DATA] SYMBOLS USED IN COLUMN 16
AVERAGE MONTHLY: 56.7 TOTAL FOR MONTH: 3.01 1 = FOG OR MIST
DPTR FM NORMAL: 1.1 DPTR FM NORMAL: -0.10 2 = FOG REDUCING VISIBILITY
HIGHEST: 85 ON 3, 2 GRTST 24HR 0.93 ON 28-29 TO 1/4 MILE OR LESS
LOWEST: 26 ON 31 3 = THUNDER
SNOW, ICE PELLETS, HAIL 4 = ICE PELLETS
TOTAL MONTH: M 5 = HAIL
GRTST 24HR M ON M 6 = FREEZING RAIN OR DRIZZLE
GRTST DEPTH: M ON M 7 = DUSTSTORM OR SANDSTORM:
VSBY 1/2 MILE OR LESS
8 = SMOKE OR HAZE
[NO. OF DAYS WITH] [WEATHER - DAYS WITH] 9 = BLOWING SNOW
X = TORNADO
MAX 32 OR BELOW: 0 0.01 INCH OR MORE: 9
MAX 90 OR ABOVE: 0 0.10 INCH OR MORE: 6
MIN 32 OR BELOW: 2 0.50 INCH OR MORE: 4
MIN 0 OR BELOW: 0 1.00 INCH OR MORE: 0
[HDD (BASE 65) ]
TOTAL THIS MO. 281 CLEAR (SCALE 0-3) 16
DPTR FM NORMAL -35 PTCLDY (SCALE 4-7) 9
TOTAL FM JUL 1 294 CLOUDY (SCALE 8-10) 6
DPTR FM NORMAL -88
[CDD (BASE 65) ]
TOTAL THIS MO. 29
DPTR FM NORMAL 4 [PRESSURE DATA]
TOTAL FM JAN 1 1048 HIGHEST SLP 30.36 ON 31
DPTR FM NORMAL -68 LOWEST SLP 29.63 ON 21
[REMARKS]
#FINAL-10-23#