000
CXUS55 KBOI 011002
CF6MUO
PRELIMINARY LOCAL CLIMATOLOGICAL DATA (WS FORM: F-6)
STATION: MOUNTAIN HOME AFB
MONTH: JANUARY
YEAR: 2021
LATITUDE: 43 2 N
LONGITUDE: 115 52 W
TEMPERATURE IN F: :PCPN: SNOW: WIND :SUNSHINE: SKY :PK WND
================================================================================
1 2 3 4 5 6A 6B 7 8 9 10 11 12 13 14 15 16 17 18
12Z AVG MX 2MIN
DY MAX MIN AVG DEP HDD CDD WTR SNW DPTH SPD SPD DIR MIN PSBL S-S WX SPD DR
================================================================================
1 42 23 33 4 32 0 0.00 M M 13.9 24 120 M M 7 35 120
2 44 27 36 7 29 0 0.00 M M 10.0 22 120 M M 6 31 110
3 50 34 42 13 23 0 0.05 M M 5.8 14 110 M M 8 M M
4 40 34 37 8 28 0 0.17 M M 0.0 0 0 M M 9 1 32 110
5 44 29 37 8 28 0 0.00 M M 3.0 15 100 M M 2 M M
6 41 29 35 6 30 0 T M M 19.0 24 120 M M 3 37 120
7 45 30 38 10 27 0 T M M 5.5 14 120 M M 6 M M
8 41 25 33 4 32 0 T M M 12.5 25 120 M M 5 32 120
9 41 28 35 6 30 0 T M M 7.7 13 300 M M 6 126 M M
10 37 25 31 1 34 0 0.00 M M 10.8 18 120 M M 2 M M
11 40 29 35 5 30 0 0.00 M M 14.9 23 110 M M 0 33 120
12 37 29 33 3 32 0 0.07 M M 21.8 27 110 M M 7 38 120
13 48 29 39 9 26 0 0.09 M M 14.9 24 320 M M 6 35 340
14 46 25 36 6 29 0 0.00 M M 5.6 10 330 M M 3 M M
15 40 25 33 3 32 0 T M M 4.2 12 320 M M 3 M M
16 40 22 31 0 34 0 0.00 M M 3.6 8 40 M M 3 M M
17 41 22 32 1 33 0 0.00 M M 6.5 16 280 M M 4 12 M M
18 43 26 35 4 30 0 0.00 M M 12.8 22 320 M M 0 28 320
19 39 17 28 -3 37 0 0.00 M M 2.0 7 10 M M 0 M M
20 33 16 25 -6 40 0 0.00 M M 6.5 14 110 M M 0 M M
21 M M M M M M M M M M M M M M M M M
22 M M M M M M M M M M M M M M M M M
23 M M M M M M 0.00 M M M M M M M M M M
24 39 18 29 -2 36 0 0.00 M M 16.8 25 100 M M 3 M M
25 37 23 30 -1 35 0 T M M 4.6 16 120 M M 5 M M
26 34 23 29 -3 36 0 T M M 0.0 0 0 M M 8 M M
27 41 29 35 3 30 0 T M M 23.0 29 100 M M 7 1 39 100
28 50 38 44 12 21 0 0.00 M M 17.9 29 100 M M 9 41 110
29 41 31 36 4 29 0 0.03 M M 2.6 12 130 M M 9 12 M M
30 46 33 40 8 25 0 0.00 M M 0.0 0 0 M M 6 M M
31 49 28 39 7 26 0 0.00 M M 0.0 0 0 M M 2 35 120
================================================================================
SM 1169 747 854 0 0.41 M 245.9 M 129
================================================================================
AV 41.8 26.7 8.8 FASTST M M 5 MAX(MPH)
MISC ----> # 29 100 41 110
================================================================================
NOTES:
# LAST OF SEVERAL OCCURRENCES
COLUMN 17 PEAK WIND IN M.P.H.
PRELIMINARY LOCAL CLIMATOLOGICAL DATA (WS FORM: F-6) , PAGE 2
STATION: MOUNTAIN HOME AFB
MONTH: JANUARY
YEAR: 2021
LATITUDE: 43 2 N
LONGITUDE: 115 52 W
[TEMPERATURE DATA] [PRECIPITATION DATA] SYMBOLS USED IN COLUMN 16
AVERAGE MONTHLY: 34.2 TOTAL FOR MONTH: 0.41 1 = FOG OR MIST
DPTR FM NORMAL: 3.7 DPTR FM NORMAL: -0.73 2 = FOG REDUCING VISIBILITY
HIGHEST: 50 ON 28, 3 GRTST 24HR 0.79 ON 27-28 TO 1/4 MILE OR LESS
LOWEST: 16 ON 20 3 = THUNDER
SNOW, ICE PELLETS, HAIL 4 = ICE PELLETS
TOTAL MONTH: M 5 = HAIL
GRTST 24HR M ON M 6 = FREEZING RAIN OR DRIZZLE
GRTST DEPTH: M ON M 7 = DUSTSTORM OR SANDSTORM:
VSBY 1/2 MILE OR LESS
8 = SMOKE OR HAZE
[NO. OF DAYS WITH] [WEATHER - DAYS WITH] 9 = BLOWING SNOW
X = TORNADO
MAX 32 OR BELOW: 0 0.01 INCH OR MORE: 5
MAX 90 OR ABOVE: 0 0.10 INCH OR MORE: 1
MIN 32 OR BELOW: 24 0.50 INCH OR MORE: 0
MIN 0 OR BELOW: 0 1.00 INCH OR MORE: 0
[HDD (BASE 65) ]
TOTAL THIS MO. 854 CLEAR (SCALE 0-3) 11
DPTR FM NORMAL -216 PTCLDY (SCALE 4-7) 14
TOTAL FM JUL 1 3190 CLOUDY (SCALE 8-10) 6
DPTR FM NORMAL -304
[CDD (BASE 65) ]
TOTAL THIS MO. 0
DPTR FM NORMAL 0 [PRESSURE DATA]
TOTAL FM JAN 1 0 HIGHEST SLP M ON M
DPTR FM NORMAL 0 LOWEST SLP M ON M
[REMARKS]
#FINAL-01-21#