000
CXUS51 KBTV 010700
CF6MVL
PRELIMINARY LOCAL CLIMATOLOGICAL DATA (WS FORM: F-6)
STATION: MORRISVILLE VT
MONTH: AUGUST
YEAR: 2022
LATITUDE: 44 31 N
LONGITUDE: 72 37 W
TEMPERATURE IN F: :PCPN: SNOW: WIND :SUNSHINE: SKY :PK WND
================================================================================
1 2 3 4 5 6A 6B 7 8 9 10 11 12 13 14 15 16 17 18
12Z AVG MX 2MIN
DY MAX MIN AVG DEP HDD CDD WTR SNW DPTH SPD SPD DIR MIN PSBL S-S WX SPD DR
================================================================================
1 86 57 72 5 0 7 0.00 M M 3.6 12 200 M M 2 12 17 200
2 79 58 69 2 0 4 0.44 M M 3.3 16 320 M M 7 13 26 340
3 82 51 67 0 0 2 0.00 M M 2.7 12 210 M M 3 12 17 200
4 82 58 70 4 0 5 T M M 1.8 7 20 M M 2 1 9 360
5 82 64 73 7 0 8 0.02 M M 3.2 16 10 M M 6 12 19 10
6 92 60 76 10 0 11 0.00 M M 3.1 12 200 M M 3 12 16 200
7 90 67 79 13 0 14 0.00 M M 4.5 16 200 M M 4 22 200
8 91 70 81 15 0 16 0.10 M M 4.3 28 200 M M 3 138 42 210
9 75 61 68 2 0 3 0.03 M M 7.5 20 10 M M 9 1 23 20
10 74 60 67 1 0 2 0.01 M M 1.3 9 210 M M 9 1 12 200
11 81 56 69 3 0 4 0.06 M M 2.2 17 340 M M 6 12 25 340
12 68 49 59 -7 6 0 0.00 M M 3.4 13 350 M M 8 18 10
13 74 47 61 -5 4 0 0.00 M M 2.5 13 350 M M 7 12 17 330
14 80 45 63 -3 2 0 0.00 M M 2.3 12 30 M M 4 12 18 360
15 82 44 63 -3 2 0 0.00 M M 1.7 10 340 M M 1 1 13 340
16 83 48 66 1 0 1 T M M 2.9 22 10 M M 2 3 27 10
17 79 54 67 2 0 2 0.01 M M 4.9 20 10 M M 4 24 350
18 71 57 64 -1 1 0 0.09 M M 3.8 15 340 M M 10 1 22 320
19 85 55 70 5 0 5 0.00 M M 2.4 15 330 M M 3 1 23 310
20 90 51 71 6 0 6 0.00 M M 1.9 10 170 M M 2 12 15 170
21 87 59 73 8 0 8 T M M 2.7 12 170 M M 4 3 17 180
22 82 63 73 9 0 8 0.01 M M 3.3 15 160 M M 5 20 170
23 77 65 71 7 0 6 0.12 M M 1.3 12 220 M M 8 12 15 210
24 82 61 72 8 0 7 0.08 M M 2.9 12 340 M M 6 12 17 330
25 78 57 68 4 0 3 T M M 4.2 14 10 M M 7 12 16 10
26 75 56 66 2 0 1 0.25 M M 2.0 10 200 M M 7 13 16 200
27 74 50 62 -2 3 0 0.00 M M 4.5 13 340 M M 6 12 16 330
28 82 49 66 2 0 1 0.00 M M 3.0 14 200 M M 4 12 17 200
29 87 57 72 9 0 7 0.00 M M 4.8 16 190 M M 1 1 21 210
30 87 64 76 13 0 11 0.43 M M 7.2 18 210 M M 3 1 25 210
31 74 55 65 2 0 0 0.04 M M 5.3 15 240 M M 6 23 260
================================================================================
SM 2511 1748 18 142 1.69 M 104.5 M 152
================================================================================
AV 81.0 56.4 3.4 FASTST M M 5 MAX(MPH)
MISC ----> 28 200 42 210
================================================================================
NOTES:
# LAST OF SEVERAL OCCURRENCES
COLUMN 17 PEAK WIND IN M.P.H.
PRELIMINARY LOCAL CLIMATOLOGICAL DATA (WS FORM: F-6) , PAGE 2
STATION: MORRISVILLE VT
MONTH: AUGUST
YEAR: 2022
LATITUDE: 44 31 N
LONGITUDE: 72 37 W
[TEMPERATURE DATA] [PRECIPITATION DATA] SYMBOLS USED IN COLUMN 16
AVERAGE MONTHLY: 68.7 TOTAL FOR MONTH: 1.69 1 = FOG OR MIST
DPTR FM NORMAL: 3.5 DPTR FM NORMAL: -1.81 2 = FOG REDUCING VISIBILITY
HIGHEST: 92 ON 6 GRTST 24HR 0.46 ON 30-31 TO 1/4 MILE OR LESS
LOWEST: 44 ON 15 3 = THUNDER
SNOW, ICE PELLETS, HAIL 4 = ICE PELLETS
TOTAL MONTH: M 5 = HAIL
GRTST 24HR M ON M 6 = FREEZING RAIN OR DRIZZLE
GRTST DEPTH: M ON M 7 = DUSTSTORM OR SANDSTORM:
VSBY 1/2 MILE OR LESS
8 = SMOKE OR HAZE
[NO. OF DAYS WITH] [WEATHER - DAYS WITH] 9 = BLOWING SNOW
X = TORNADO
MAX 32 OR BELOW: 0 0.01 INCH OR MORE: 14
MAX 90 OR ABOVE: 4 0.10 INCH OR MORE: 5
MIN 32 OR BELOW: 0 0.50 INCH OR MORE: 0
MIN 0 OR BELOW: 0 1.00 INCH OR MORE: 0
[HDD (BASE 65) ]
TOTAL THIS MO. 18 CLEAR (SCALE 0-3) 10
DPTR FM NORMAL -50 PTCLDY (SCALE 4-7) 17
TOTAL FM JUL 1 43 CLOUDY (SCALE 8-10) 4
DPTR FM NORMAL -63
[CDD (BASE 65) ]
TOTAL THIS MO. 142
DPTR FM NORMAL 70 [PRESSURE DATA]
TOTAL FM JAN 1 318 HIGHEST SLP M ON M
DPTR FM NORMAL 95 LOWEST SLP 29.67 ON 30
[REMARKS]
#FINAL-08-22#