000
CXUS56 KSGX 011045
CF6MYF
PRELIMINARY LOCAL CLIMATOLOGICAL DATA (WS FORM: F-6)
STATION: SAN DIEGO/MONTGOMERY FLD CA
MONTH: OCTOBER
YEAR: 2021
LATITUDE: 32 49 N
LONGITUDE: 117 9 W
TEMPERATURE IN F: :PCPN: SNOW: WIND :SUNSHINE: SKY :PK WND
================================================================================
1 2 3 4 5 6A 6B 7 8 9 10 11 12 13 14 15 16 17 18
12Z AVG MX 2MIN
DY MAX MIN AVG DEP HDD CDD WTR SNW DPTH SPD SPD DIR MIN PSBL S-S WX SPD DR
================================================================================
1 93 57 75 5 0 10 0.00 M M 3.8 15 310 M M 0 20 330
2 95 61 78 8 0 13 0.00 M M 3.5 16 310 M M 0 20 310
3 92 63 78 8 0 13 0.00 M M 4.3 15 260 M M 0 19 260
4 88 64 76 6 0 11 0.47 M M 5.3 16 260 M M 3 13 20 240
5 77 65 71 1 0 6 0.14 M M 6.1 24 30 M M 4 13 29 30
6 72 66 69 0 0 4 0.00 M M 5.5 13 260 M M 9 17 290
7 71 65 68 -1 0 3 T M M 4.6 12 260 M M 8 15 270
8 69 60 65 -4 0 0 0.17 M M 5.1 13 300 M M 7 1 18 310
9 72 58 65 -4 0 0 0.00 M M 4.4 14 280 M M 1 20 290
10 80 54 67 -2 0 2 0.00 M M 4.5 14 330 M M 0 1 16 330
11 69 55 62 -7 3 0 0.00 M M 10.3 23 310 M M 7 12 31 310
12 70 52 61 -7 4 0 0.00 M M 8.2 18 320 M M 0 24 300
13 75 47 61 -7 4 0 0.00 M M 4.2 16 310 M M 0 19 310
14 77 50 64 -4 1 0 0.00 M M 4.2 12 280 M M 0 15 300
15 88 52 70 2 0 5 0.00 M M 4.8 15 290 M M 0 18 290
16 89 55 72 4 0 7 0.00 M M 3.6 16 290 M M 0 19 310
17 77 54 66 -2 0 1 0.00 M M 3.9 15 240 M M 0 17 220
18 67 50 59 -9 6 0 0.02 M M 6.2 18 260 M M 7 21 260
19 68 48 58 -9 7 0 0.00 M M 3.4 13 250 M M 0 18 230
20 72 50 61 -6 4 0 0.00 M M 4.2 14 300 M M 0 21 300
21 76 51 64 -3 1 0 0.00 M M 4.1 13 280 M M 0 17 300
22 71 57 64 -3 1 0 0.00 M M 6.3 14 290 M M 8 18 19 290
23 68 58 63 -4 2 0 0.00 M M 4.6 14 260 M M 8 18 18 260
24 71 56 64 -2 1 0 0.00 M M 4.6 14 300 M M 3 18 300
25 67 54 61 -5 4 0 0.23 M M 7.0 22 290 M M 9 18 28 240
26 69 52 61 -5 4 0 0.00 M M 5.4 16 310 M M 2 19 320
27 82 52 67 1 0 2 0.00 M M 3.6 13 320 M M 0 15 310
28 89 57 73 7 0 8 0.00 M M 3.5 13 350 M M 0 15 330
29 80 59 70 4 0 5 0.00 M M 3.9 10 250 M M 1 12 13 200
30 70 59 65 0 0 0 0.00 M M 3.4 12 250 M M 7 18 15 240
31 70 58 64 -1 1 0 0.00 M M 3.7 12 240 M M 4 14 240
================================================================================
SM 2374 1739 43 90 1.03 M 150.2 M 88
================================================================================
AV 76.6 56.1 4.8 FASTST M M 3 MAX(MPH)
MISC ----> 24 30 31 310
================================================================================
NOTES:
# LAST OF SEVERAL OCCURRENCES
COLUMN 17 PEAK WIND IN M.P.H.
PRELIMINARY LOCAL CLIMATOLOGICAL DATA (WS FORM: F-6) , PAGE 2
STATION: SAN DIEGO/MONTGOMERY FLD CA
MONTH: OCTOBER
YEAR: 2021
LATITUDE: 32 49 N
LONGITUDE: 117 9 W
[TEMPERATURE DATA] [PRECIPITATION DATA] SYMBOLS USED IN COLUMN 16
AVERAGE MONTHLY: 66.3 TOTAL FOR MONTH: 1.03 1 = FOG OR MIST
DPTR FM NORMAL: -1.5 DPTR FM NORMAL: 0.49 2 = FOG REDUCING VISIBILITY
HIGHEST: 95 ON 2 GRTST 24HR 0.61 ON 4- 5 TO 1/4 MILE OR LESS
LOWEST: 47 ON 13 3 = THUNDER
SNOW, ICE PELLETS, HAIL 4 = ICE PELLETS
TOTAL MONTH: M 5 = HAIL
GRTST 24HR M ON M 6 = FREEZING RAIN OR DRIZZLE
GRTST DEPTH: M ON M 7 = DUSTSTORM OR SANDSTORM:
VSBY 1/2 MILE OR LESS
8 = SMOKE OR HAZE
[NO. OF DAYS WITH] [WEATHER - DAYS WITH] 9 = BLOWING SNOW
X = TORNADO
MAX 32 OR BELOW: 0 0.01 INCH OR MORE: 5
MAX 90 OR ABOVE: 3 0.10 INCH OR MORE: 4
MIN 32 OR BELOW: 0 0.50 INCH OR MORE: 0
MIN 0 OR BELOW: 0 1.00 INCH OR MORE: 0
[HDD (BASE 65) ]
TOTAL THIS MO. 43 CLEAR (SCALE 0-3) 19
DPTR FM NORMAL 15 PTCLDY (SCALE 4-7) 9
TOTAL FM JUL 1 43 CLOUDY (SCALE 8-10) 3
DPTR FM NORMAL 13
[CDD (BASE 65) ]
TOTAL THIS MO. 90
DPTR FM NORMAL -25 [PRESSURE DATA]
TOTAL FM JAN 1 1065 HIGHEST SLP 30.16 ON 27
DPTR FM NORMAL 77 LOWEST SLP 29.70 ON 11
[REMARKS]
#FINAL-10-21#