000
CXUS55 KBOI 011002
CF6MYL
PRELIMINARY LOCAL CLIMATOLOGICAL DATA (WS FORM: F-6)
STATION: MCCALL ID
MONTH: OCTOBER
YEAR: 2022
LATITUDE: 44 52 N
LONGITUDE: 116 6 W
TEMPERATURE IN F: :PCPN: SNOW: WIND :SUNSHINE: SKY :PK WND
================================================================================
1 2 3 4 5 6A 6B 7 8 9 10 11 12 13 14 15 16 17 18
12Z AVG MX 2MIN
DY MAX MIN AVG DEP HDD CDD WTR SNW DPTH SPD SPD DIR MIN PSBL S-S WX SPD DR
================================================================================
1 68 35 52 4 13 0 0.00 M M 2.6 12 30 M M 4 18 360
2 62 42 52 4 13 0 T M M 1.2 8 340 M M 8 12 360
3 74 35 55 7 10 0 0.00 M M 1.9 12 320 M M 1 18 16 320
4 74 38 56 9 9 0 0.00 M M 2.0 12 340 M M 0 14 50
5 77 36 57 10 8 0 0.00 M M 1.9 10 300 M M 0 14 300
6 79 36 58 12 7 0 0.00 M M 2.3 10 300 M M 0 17 300
7 77 37 57 11 8 0 0.00 0.0 0 3.4 13 290 M M 0 19 280
8 72 36 54 8 11 0 0.00 M M 2.1 8 320 M M 0 13 350
9 74 33 54 9 11 0 0.00 M M 2.0 13 350 M M 1 8 17 290
10 71 33 52 7 13 0 0.00 M M 2.8 13 250 M M 0 8 20 290
11 68 38 53 9 12 0 0.00 M M 5.4 16 360 M M 0 22 20
12 73 31 52 8 13 0 0.00 M M 5.0 14 280 M M 0 19 270
13 75 32 54 10 11 0 0.00 M M 2.7 13 310 M M 0 8 19 320
14 76 28 52 9 13 0 0.00 M M 4.1 14 280 M M 0 20 270
15 74 33 54 11 11 0 0.00 M M 3.4 13 310 M M 0 19 320
16 72 30 51 9 14 0 0.00 M M 2.0 12 320 M M 0 18 350
17 75 30 53 11 12 0 0.00 M M 2.4 12 290 M M 0 17 270
18 76 31 54 12 11 0 T M M 2.3 10 310 M M 0 8 15 270
19 74 33 54 13 11 0 0.00 M M 2.1 14 310 M M 0 8 23 310
20 70 31 51 10 14 0 0.00 M M 2.2 10 340 M M 1 15 330
21 58 32 45 4 20 0 0.37 M M 4.1 22 220 M M 4 8 33 220
22 44 28 36 -4 29 0 0.23 M M 5.8 16 280 M M 8 23 260
23 39 26 33 -7 32 0 0.03 M M 3.8 15 20 M M 8 8 21 20
24 37 22 30 -10 35 0 0.18 M M 3.1 14 190 M M 7 19 180
25 43 33 38 -1 27 0 T M M 2.4 8 200 M M 9 8 11 190
26 40 29 35 -4 30 0 0.21 M M 2.5 10 290 M M 8 8 16 270
27 M M M M M M 0.00 M M M M M M M 9 8 M M
28 49 27 38 0 27 0 0.00 M M 1.1 8 300 M M 0 10 300
29 54 26 40 2 25 0 0.00 M M 0.6 7 60 M M 4 8 10
30 51 26 39 2 26 0 0.00 M M 0.5 6 310 M M 6 8 200
31 56 37 47 10 18 0 0.00 M M 3.3 20 190 M M 9 24 200
================================================================================
SM 1932 964 494 0 1.02 0.0 81.0 M 87
================================================================================
AV 64.4 32.1 2.7 FASTST M M 3 MAX(MPH)
MISC ----> 22 220 33 220
================================================================================
NOTES:
# LAST OF SEVERAL OCCURRENCES
COLUMN 17 PEAK WIND IN M.P.H.
PRELIMINARY LOCAL CLIMATOLOGICAL DATA (WS FORM: F-6) , PAGE 2
STATION: MCCALL ID
MONTH: OCTOBER
YEAR: 2022
LATITUDE: 44 52 N
LONGITUDE: 116 6 W
[TEMPERATURE DATA] [PRECIPITATION DATA] SYMBOLS USED IN COLUMN 16
AVERAGE MONTHLY: 48.3 TOTAL FOR MONTH: 1.02 1 = FOG OR MIST
DPTR FM NORMAL: 5.8 DPTR FM NORMAL: -0.58 2 = FOG REDUCING VISIBILITY
HIGHEST: 79 ON 6 GRTST 24HR 0.60 ON 21-22 TO 1/4 MILE OR LESS
LOWEST: 22 ON 24 3 = THUNDER
SNOW, ICE PELLETS, HAIL 4 = ICE PELLETS
TOTAL MONTH: 0.0 INCH 5 = HAIL
GRTST 24HR 0.0 6 = FREEZING RAIN OR DRIZZLE
GRTST DEPTH: 0 7 = DUSTSTORM OR SANDSTORM:
VSBY 1/2 MILE OR LESS
8 = SMOKE OR HAZE
[NO. OF DAYS WITH] [WEATHER - DAYS WITH] 9 = BLOWING SNOW
X = TORNADO
MAX 32 OR BELOW: 0 0.01 INCH OR MORE: 5
MAX 90 OR ABOVE: 0 0.10 INCH OR MORE: 4
MIN 32 OR BELOW: 15 0.50 INCH OR MORE: 0
MIN 0 OR BELOW: 0 1.00 INCH OR MORE: 0
[HDD (BASE 65) ]
TOTAL THIS MO. 494 CLEAR (SCALE 0-3) 19
DPTR FM NORMAL -204 PTCLDY (SCALE 4-7) 8
TOTAL FM JUL 1 693 CLOUDY (SCALE 8-10) 4
DPTR FM NORMAL -525
[CDD (BASE 65) ]
TOTAL THIS MO. 0
DPTR FM NORMAL 0 [PRESSURE DATA]
TOTAL FM JAN 1 342 HIGHEST SLP 30.40 ON 29
DPTR FM NORMAL 231 LOWEST SLP 29.34 ON 22
[REMARKS]
#FINAL-10-22#