000
CXUS55 KBOI 011002
CF6MYL
PRELIMINARY LOCAL CLIMATOLOGICAL DATA (WS FORM: F-6)
STATION: MCCALL ID
MONTH: MARCH
YEAR: 2024
LATITUDE: 44 52 N
LONGITUDE: 116 6 W
TEMPERATURE IN F: :PCPN: SNOW: WIND :SUNSHINE: SKY :PK WND
================================================================================
1 2 3 4 5 6A 6B 7 8 9 10 11 12 13 14 15 16 17 18
12Z AVG MX 2MIN
DY MAX MIN AVG DEP HDD CDD WTR SNW DPTH SPD SPD DIR MIN PSBL S-S WX SPD DR
================================================================================
1 31 25 28 0 37 0 0.36 M M 7.6 17 150 M M 10 12 25 160
2 31 11 21 -7 44 0 0.21 M M 10.1 26 190 M M 10 12 41 190
3 23 2 13 -15 52 0 0.01 M M 3.2 14 190 M M M 17 160
4 25 14 20 -9 45 0 0.15 M M 5.4 18 190 M M M 24 190
5 29 9 19 -10 46 0 0.40 M M 2.7 9 300 M M M 15 300
6 26 8 17 -12 48 0 0.00 M M 2.1 8 20 M M M 12 30
7 30 -5 13 -17 52 0 0.00 M M 3.6 16 290 M M M 22 270
8 31 -2 15 -15 50 0 0.00 M M 1.9 7 190 M M M 8 190
9 38 1 20 -10 45 0 T M M 5.9 18 210 M M M 27 220
10 39 29 34 4 31 0 0.09 M M 7.6 25 210 M M M 37 210
11 36 31 34 4 31 0 0.22 M M 5.0 22 190 M M M 26 190
12 37 27 32 1 33 0 0.31 M M 7.2 17 200 M M M 21 200
13 34 15 25 -6 40 0 T M M 7.4 17 360 M M 6 25 350
14 42 22 32 1 33 0 0.00 M M 8.4 17 360 M M 0 28 350
15 49 15 32 1 33 0 0.00 M M 2.8 10 20 M M 0 15 20
16 54 17 36 4 29 0 0.00 M M 2.6 13 270 M M 0 18 260
17 56 21 39 7 26 0 0.00 M M 1.9 10 280 M M 0 14 270
18 53 22 38 6 27 0 0.00 M M 2.3 8 340 M M 0 9 340
19 53 22 38 6 27 0 0.00 M M 2.9 8 180 M M 0 9 190
20 53 23 38 6 27 0 0.00 M M 3.0 9 170 M M M 12 170
21 47 29 38 5 27 0 0.01 M M 3.6 16 240 M M 7 3 22 250
22 49 28 39 6 26 0 0.00 M M 2.7 9 160 M M 3 13 160
23 37 28 33 0 32 0 0.22 M M 4.3 15 180 M M 8 1 23 300
24 38 28 33 0 32 0 0.27 M M 3.3 14 280 M M 8 1 20 270
25 36 18 27 -6 38 0 T M M 3.5 10 300 M M 7 1 14 270
26 35 23 29 -5 36 0 0.16 M M 3.5 14 10 M M 9 128 23 360
27 33 23 28 -6 37 0 0.42 M M 3.2 16 160 M M 10 12 23 160
28 35 23 29 -5 36 0 0.39 M M 4.3 15 240 M M 9 128 21 240
29 40 25 33 -1 32 0 0.03 M M 2.5 12 40 M M 6 12 14 200
30 46 22 34 0 31 0 0.00 M M 5.8 17 360 M M 2 24 360
31 43 26 35 1 30 0 0.00 M M 10.0 21 360 M M 0 32 350
================================================================================
SM 1209 580 1113 0 3.25 M 140.3 M 95
================================================================================
AV 39.0 18.7 4.5 FASTST M M 5 MAX(MPH)
MISC ----> 26 190 41 190
================================================================================
NOTES:
# LAST OF SEVERAL OCCURRENCES
COLUMN 17 PEAK WIND IN M.P.H.
PRELIMINARY LOCAL CLIMATOLOGICAL DATA (WS FORM: F-6) , PAGE 2
STATION: MCCALL ID
MONTH: MARCH
YEAR: 2024
LATITUDE: 44 52 N
LONGITUDE: 116 6 W
[TEMPERATURE DATA] [PRECIPITATION DATA] SYMBOLS USED IN COLUMN 16
AVERAGE MONTHLY: 28.9 TOTAL FOR MONTH: 3.25 1 = FOG OR MIST
DPTR FM NORMAL: -2.6 DPTR FM NORMAL: 0.54 2 = FOG REDUCING VISIBILITY
HIGHEST: 56 ON 17 GRTST 24HR 0.61 ON 27-28 TO 1/4 MILE OR LESS
LOWEST: -5 ON 7 3 = THUNDER
SNOW, ICE PELLETS, HAIL 4 = ICE PELLETS
TOTAL MONTH: M 5 = HAIL
GRTST 24HR M ON M 6 = FREEZING RAIN OR DRIZZLE
GRTST DEPTH: M ON M 7 = DUSTSTORM OR SANDSTORM:
VSBY 1/2 MILE OR LESS
8 = SMOKE OR HAZE
[NO. OF DAYS WITH] [WEATHER - DAYS WITH] 9 = BLOWING SNOW
X = TORNADO
MAX 32 OR BELOW: 8 0.01 INCH OR MORE: 15
MAX 90 OR ABOVE: 0 0.10 INCH OR MORE: 11
MIN 32 OR BELOW: 31 0.50 INCH OR MORE: 0
MIN 0 OR BELOW: 2 1.00 INCH OR MORE: 0
[HDD (BASE 65) ]
TOTAL THIS MO. 1113 CLEAR (SCALE 0-3) 8
DPTR FM NORMAL 73 PTCLDY (SCALE 4-7) 5
TOTAL FM JUL 1 6587 CLOUDY (SCALE 8-10) 18
DPTR FM NORMAL -482
[CDD (BASE 65) ]
TOTAL THIS MO. 0
DPTR FM NORMAL 0 [PRESSURE DATA]
TOTAL FM JAN 1 0 HIGHEST SLP 30.50 ON 8
DPTR FM NORMAL 0 LOWEST SLP 29.23 ON 2
[REMARKS]
#FINAL-03-24#