000
CXUS55 KBOI 011002
CF6MYL
PRELIMINARY LOCAL CLIMATOLOGICAL DATA (WS FORM: F-6)
STATION: MCCALL ID
MONTH: JANUARY
YEAR: 2021
LATITUDE: 44 52 N
LONGITUDE: 116 6 W
TEMPERATURE IN F: :PCPN: SNOW: WIND :SUNSHINE: SKY :PK WND
================================================================================
1 2 3 4 5 6A 6B 7 8 9 10 11 12 13 14 15 16 17 18
12Z AVG MX 2MIN
DY MAX MIN AVG DEP HDD CDD WTR SNW DPTH SPD SPD DIR MIN PSBL S-S WX SPD DR
================================================================================
1 33 25 29 11 36 0 0.00 M M 1.9 8 130 M M 10 1 11 150
2 32 27 30 11 35 0 0.13 M M 7.2 16 180 M M 10 1 23 180
3 38 21 30 11 35 0 0.43 M M 6.6 18 170 M M 6 12 27 160
4 34 20 27 8 38 0 0.59 M M 5.4 17 210 M M 10 1 25 190
5 31 14 23 4 42 0 0.01 M M 2.4 8 170 M M 5 1 12 160
6 30 12 21 2 44 0 0.04 M M 0.9 8 280 M M 5 18 10 280
7 32 19 26 7 39 0 0.07 M M 1.0 6 70 M M 9 128 8 10
8 28 20 24 5 41 0 0.01 M M 1.6 8 200 M M 10 12 9 210
9 26 10 18 -1 47 0 0.00 M M 1.1 6 190 M M 7 128 6 200
10 29 6 18 -2 47 0 0.00 M M 0.4 6 340 M M 6 18 8 340
11 26 4 15 -5 50 0 0.00 M M 1.8 9 90 M M 4 128 11 90
12 33 11 22 2 43 0 0.75 M M 4.8 14 160 M M 9 12 21 170
13 40 13 27 7 38 0 0.17 M M 8.5 22 260 M M 5 1 33 270
14 27 5 16 -4 49 0 0.00 M M 1.4 6 60 M M 2 18 7 70
15 28 3 16 -4 49 0 0.03 M M 1.2 9 100 M M 5 18 12 110
16 30 12 21 1 44 0 0.00 M M 1.3 9 190 M M 9 128 10 200
17 34 17 26 6 39 0 0.01 M M 1.1 9 30 M M 8 128 13 310
18 33 13 23 3 42 0 T M M 4.5 16 10 M M 9 1 23 350
19 28 0 14 -6 51 0 0.00 M M 2.4 13 40 M M 0 18 17 30
20 25 2 14 -6 51 0 0.00 M M 0.5 5 190 M M 7 18 5 190
21 29 20 25 5 40 0 0.27 M M 0.2 6 310 M M 10 1 8 310
22 35 19 27 7 38 0 0.00 M M 1.8 9 140 M M 7 12 11 180
23 31 4 18 -2 47 0 0.00 M M 5.1 13 50 M M 0 18 21 50
24 26 -5 11 -9 54 0 0.00 M M 0.0 5 180 M M 3 128 6 180
25 31 7 19 -1 46 0 0.00 M M 1.4 12 290 M M 8 1 16 280
26 22 1 12 -8 53 0 0.03 M M 1.4 14 140 M M 8 18 20 160
27 30 12 21 1 44 0 0.78 M M 10.5 21 160 M M 9 128 29 160
28 33 28 31 11 34 0 0.45 M M 4.9 14 180 M M 10 1 20 140
29 34 27 31 11 34 0 0.19 M M 2.2 10 310 M M 10 1 14 310
30 31 19 25 5 40 0 T M M 3.5 10 160 M M 9 12 19 150
31 36 7 22 1 43 0 0.00 M M 2.6 10 150 M M 6 128 14 160
================================================================================
SM 955 393 1333 0 3.96 M 89.6 M 216
================================================================================
AV 30.8 12.7 2.9 FASTST M M 7 MAX(MPH)
MISC ----> 22 260 33 270
================================================================================
NOTES:
# LAST OF SEVERAL OCCURRENCES
COLUMN 17 PEAK WIND IN M.P.H.
PRELIMINARY LOCAL CLIMATOLOGICAL DATA (WS FORM: F-6) , PAGE 2
STATION: MCCALL ID
MONTH: JANUARY
YEAR: 2021
LATITUDE: 44 52 N
LONGITUDE: 116 6 W
[TEMPERATURE DATA] [PRECIPITATION DATA] SYMBOLS USED IN COLUMN 16
AVERAGE MONTHLY: 21.7 TOTAL FOR MONTH: 3.96 1 = FOG OR MIST
DPTR FM NORMAL: 1.9 DPTR FM NORMAL: 2.23 2 = FOG REDUCING VISIBILITY
HIGHEST: 40 ON 13 GRTST 24HR 0.78 ON 27-27 TO 1/4 MILE OR LESS
LOWEST: -5 ON 24 3 = THUNDER
SNOW, ICE PELLETS, HAIL 4 = ICE PELLETS
TOTAL MONTH: M 5 = HAIL
GRTST 24HR M ON M 6 = FREEZING RAIN OR DRIZZLE
GRTST DEPTH: M ON M 7 = DUSTSTORM OR SANDSTORM:
VSBY 1/2 MILE OR LESS
8 = SMOKE OR HAZE
[NO. OF DAYS WITH] [WEATHER - DAYS WITH] 9 = BLOWING SNOW
X = TORNADO
MAX 32 OR BELOW: 20 0.01 INCH OR MORE: 16
MAX 90 OR ABOVE: 0 0.10 INCH OR MORE: 9
MIN 32 OR BELOW: 31 0.50 INCH OR MORE: 3
MIN 0 OR BELOW: 2 1.00 INCH OR MORE: 0
[HDD (BASE 65) ]
TOTAL THIS MO. 1333 CLEAR (SCALE 0-3) 4
DPTR FM NORMAL -67 PTCLDY (SCALE 4-7) 14
TOTAL FM JUL 1 4766 CLOUDY (SCALE 8-10) 13
DPTR FM NORMAL -709
[CDD (BASE 65) ]
TOTAL THIS MO. 0
DPTR FM NORMAL 0 [PRESSURE DATA]
TOTAL FM JAN 1 0 HIGHEST SLP 30.74 ON 14
DPTR FM NORMAL 0 LOWEST SLP 29.63 ON 29
[REMARKS]
#FINAL-01-21#