000
CXUS53 KBIS 010830
CF6N60
PRELIMINARY LOCAL CLIMATOLOGICAL DATA (WS FORM: F-6)
STATION: GARRISON (AMOS) ND
MONTH: SEPTEMBER
YEAR: 2021
LATITUDE: 47 39 N
LONGITUDE: 101 23 W
TEMPERATURE IN F: :PCPN: SNOW: WIND :SUNSHINE: SKY :PK WND
================================================================================
1 2 3 4 5 6A 6B 7 8 9 10 11 12 13 14 15 16 17 18
12Z AVG MX 2MIN
DY MAX MIN AVG DEP HDD CDD WTR SNW DPTH SPD SPD DIR MIN PSBL S-S WX SPD DR
================================================================================
1 72 64 68 4 0 3 0.00 M M 14.8 26 170 M M 0 36 170
2 74 55 65 1 0 0 0.91 M M 5.6 29 350 M M 0 39 360
3 72 50 61 -2 4 0 0.00 M M 8.4 16 250 M M 0 21 250
4 79 50 65 2 0 0 0.00 M M 10.1 25 310 M M 0 36 310
5 82 44 63 1 2 0 0.00 M M 5.2 14 240 M M 0 20 250
6 88 55 72 10 0 7 0.00 M M 7.2 24 310 M M 0 35 310
7 80 51 66 4 0 1 0.00 M M 17.3 36 330 M M 0 48 330
8 77 47 62 1 3 0 0.00 M M 8.8 20 340 M M 0 26 320
9 85 48 67 6 0 2 0.00 M M 7.1 22 160 M M 0 30 190
10 89 50 70 9 0 5 0.00 M M 6.3 28 330 M M 0 38 340
11 65 49 57 -3 8 0 0.10 M M 6.5 16 30 M M 0 26 30
12 76 48 62 2 3 0 0.00 M M 8.2 18 160 M M 0 25 160
13 76 49 63 4 2 0 0.01 M M 5.2 17 310 M M 0 23 320
14 75 46 61 2 4 0 0.00 M M 8.1 21 300 M M 0 30 300
15 86 49 68 10 0 3 0.00 M M 8.8 20 190 M M 0 28 300
16 66 50 58 0 7 0 0.00 M M 11.3 21 320 M M 0 27 310
17 70 42 56 -2 9 0 0.00 M M 13.4 22 170 M M 0 32 180
18 86 51 69 12 0 4 0.00 M M 12.1 21 170 M M 0 29 170
19 81 52 67 10 0 2 0.10 M M 15.3 26 330 M M 0 36 330
20 71 45 58 2 7 0 0.01 M M 15.1 31 320 M M 0 41 330
21 72 37 55 -1 10 0 0.00 M M 7.7 18 260 M M 0 26 260
22 82 46 64 9 1 0 0.00 M M 8.5 14 180 M M 0 23 190
23 81 47 64 9 1 0 0.00 M M 10.7 23 350 M M 0 33 340
24 64 37 51 -3 14 0 0.00 M M 12.5 26 300 M M 0 38 300
25 85 40 63 9 2 0 0.00 M M 5.7 17 260 M M 0 23 250
26 82 47 65 12 0 0 0.00 M M 5.6 13 30 M M 0 19 80
27 90 50 70 17 0 5 0.00 M M 8.1 15 180 M M 0 20 180
28 97 50 74 22 0 9 0.00 M M 9.6 22 180 M M 0 30 180
29 75 55 65 13 0 0 0.10 M M 11.7 25 300 M M 0 35 300
30 75 47 61 9 4 0 0.00 M M 7.5 16 340 M M 0 22 340
================================================================================
SM 2353 1451 81 41 1.23 M 282.4 M 0
================================================================================
AV 78.4 48.4 9.4 FASTST M M 0 MAX(MPH)
MISC ----> 36 330 48 330
================================================================================
NOTES:
# LAST OF SEVERAL OCCURRENCES
COLUMN 17 PEAK WIND IN M.P.H.
PRELIMINARY LOCAL CLIMATOLOGICAL DATA (WS FORM: F-6) , PAGE 2
STATION: GARRISON (AMOS) ND
MONTH: SEPTEMBER
YEAR: 2021
LATITUDE: 47 39 N
LONGITUDE: 101 23 W
[TEMPERATURE DATA] [PRECIPITATION DATA] SYMBOLS USED IN COLUMN 16
AVERAGE MONTHLY: 63.4 TOTAL FOR MONTH: 1.23 1 = FOG OR MIST
DPTR FM NORMAL: 5.4 DPTR FM NORMAL: -0.44 2 = FOG REDUCING VISIBILITY
HIGHEST: 97 ON 28 GRTST 24HR 0.91 ON 2- 2 TO 1/4 MILE OR LESS
LOWEST: 37 ON 24,21 3 = THUNDER
SNOW, ICE PELLETS, HAIL 4 = ICE PELLETS
TOTAL MONTH: M 5 = HAIL
GRTST 24HR M ON M 6 = FREEZING RAIN OR DRIZZLE
GRTST DEPTH: M ON M 7 = DUSTSTORM OR SANDSTORM:
VSBY 1/2 MILE OR LESS
8 = SMOKE OR HAZE
[NO. OF DAYS WITH] [WEATHER - DAYS WITH] 9 = BLOWING SNOW
X = TORNADO
MAX 32 OR BELOW: 0 0.01 INCH OR MORE: 6
MAX 90 OR ABOVE: 2 0.10 INCH OR MORE: 4
MIN 32 OR BELOW: 0 0.50 INCH OR MORE: 1
MIN 0 OR BELOW: 0 1.00 INCH OR MORE: 0
[HDD (BASE 65) ]
TOTAL THIS MO. 81 CLEAR (SCALE 0-3) 30
DPTR FM NORMAL -158 PTCLDY (SCALE 4-7) 0
TOTAL FM JUL 1 116 CLOUDY (SCALE 8-10) 0
DPTR FM NORMAL -202
[CDD (BASE 65) ]
TOTAL THIS MO. 41
DPTR FM NORMAL 11 [PRESSURE DATA]
TOTAL FM JAN 1 685 HIGHEST SLP 30.34 ON 21
DPTR FM NORMAL 350 LOWEST SLP 29.43 ON 19
[REMARKS]
#FINAL-09-21#