000
CXHW50 PHFO 011250
CF6NGF
PRELIMINARY LOCAL CLIMATOLOGICAL DATA (WS FORM: F-6)
STATION: KANEOHE BAY MCAS HI
MONTH: SEPTEMBER
YEAR: 2021
LATITUDE: 21 25 N
LONGITUDE: 157 46 W
TEMPERATURE IN F: :PCPN: SNOW: WIND :SUNSHINE: SKY :PK WND
================================================================================
1 2 3 4 5 6A 6B 7 8 9 10 11 12 13 14 15 16 17 18
12Z AVG MX 2MIN
DY MAX MIN AVG DEP HDD CDD WTR SNW DPTH SPD SPD DIR MIN PSBL S-S WX SPD DR
================================================================================
1 81 79 80 0 0 15 0.00 M M 6.9 8 70 M M 5 M M
2 82 78 80 0 0 15 0.00 M M 9.2 12 60 M M 5 19 90
3 78 78 78 -2 0 13 0.00 M M 8.7 9 70 M M 4 28 80
4 77 76 77 -3 0 12 0.14 M M 7.8 9 90 M M 4 19 90
5 76 76 76 -4 0 11 0.24 M M 8.1 9 70 M M 5 16 80
6 83 75 79 -1 0 14 T M M 8.0 14 50 M M 2 M M
7 77 76 77 -3 0 12 0.05 M M 4.9 6 80 M M 4 16 70
8 77 77 77 -3 0 12 0.00 M M 6.1 6 80 M M 3 20 70
9 78 78 78 -2 0 13 T M M 7.8 8 50 M M 2 M M
10 83 76 80 0 0 15 0.01 M M 8.7 10 50 M M 4 8 M M
11 81 77 79 -1 0 14 T M M 6.0 8 80 M M 4 8 M M
12 83 78 81 1 0 16 T M M 10.4 14 70 M M 7 M M
13 84 75 80 0 0 15 0.05 M M 10.0 15 50 M M 4 8 M M
14 77 75 76 -4 0 11 0.18 M M 12.2 13 40 M M 6 8 20 90
15 80 75 78 -2 0 13 0.36 M M 9.0 11 60 M M 6 19 120
16 84 78 81 1 0 16 0.01 M M 7.9 13 70 M M 7 21 70
17 79 77 78 -2 0 13 0.01 M M 11.1 12 80 M M 5 18 80
18 81 78 80 0 0 15 0.01 M M 11.7 13 70 M M 4 18 70
19 82 73 78 -2 0 13 0.06 M M 9.7 13 80 M M 7 1 20 80
20 82 77 80 0 0 15 0.02 M M 8.7 11 70 M M 6 18 80
21 82 81 82 2 0 17 0.00 M M 11.7 12 80 M M 4 17 80
22 77 77 77 -3 0 12 T M M 9.5 10 80 M M 3 15 80
23 81 73 77 -3 0 12 0.21 M M 8.9 14 70 M M 6 1 21 70
24 81 73 77 -3 0 12 0.06 M M 9.4 14 90 M M 8 1 21 90
25 81 72 77 -3 0 12 0.08 M M 8.9 12 60 M M 7 1 20 60
26 81 77 79 -1 0 14 0.03 M M 9.6 13 50 M M 7 1 22 100
27 82 77 80 0 0 15 T M M 10.0 12 40 M M 6 15 80
28 81 78 80 0 0 15 0.01 M M 11.5 13 70 M M 5 21 70
29 81 74 78 -2 0 13 0.04 M M 7.5 9 50 M M 6 14 80
30 77 77 77 -3 0 12 0.10 M M 6.9 7 80 M M 5 8 23 100
================================================================================
SM 2409 2291 0 407 1.67 M 266.7 M 151
================================================================================
AV 80.3 76.4 8.9 FASTST M M 5 MAX(MPH)
MISC ----> 15 50 28 80
================================================================================
NOTES:
# LAST OF SEVERAL OCCURRENCES
COLUMN 17 PEAK WIND IN M.P.H.
PRELIMINARY LOCAL CLIMATOLOGICAL DATA (WS FORM: F-6) , PAGE 2
STATION: KANEOHE BAY MCAS HI
MONTH: SEPTEMBER
YEAR: 2021
LATITUDE: 21 25 N
LONGITUDE: 157 46 W
[TEMPERATURE DATA] [PRECIPITATION DATA] SYMBOLS USED IN COLUMN 16
AVERAGE MONTHLY: 78.3 TOTAL FOR MONTH: 1.67 1 = FOG OR MIST
DPTR FM NORMAL: -1.6 DPTR FM NORMAL: 0.17 2 = FOG REDUCING VISIBILITY
HIGHEST: 84 ON 16,13 GRTST 24HR 0.36 ON 15-15 TO 1/4 MILE OR LESS
LOWEST: 72 ON 25 3 = THUNDER
SNOW, ICE PELLETS, HAIL 4 = ICE PELLETS
TOTAL MONTH: M 5 = HAIL
GRTST 24HR M ON M 6 = FREEZING RAIN OR DRIZZLE
GRTST DEPTH: M ON M 7 = DUSTSTORM OR SANDSTORM:
VSBY 1/2 MILE OR LESS
8 = SMOKE OR HAZE
[NO. OF DAYS WITH] [WEATHER - DAYS WITH] 9 = BLOWING SNOW
X = TORNADO
MAX 32 OR BELOW: 0 0.01 INCH OR MORE: 19
MAX 90 OR ABOVE: 0 0.10 INCH OR MORE: 6
MIN 32 OR BELOW: 0 0.50 INCH OR MORE: 0
MIN 0 OR BELOW: 0 1.00 INCH OR MORE: 0
[HDD (BASE 65) ]
TOTAL THIS MO. 0 CLEAR (SCALE 0-3) 3
DPTR FM NORMAL 0 PTCLDY (SCALE 4-7) 27
TOTAL FM JUL 1 0 CLOUDY (SCALE 8-10) 0
DPTR FM NORMAL 0
[CDD (BASE 65) ]
TOTAL THIS MO. 407
DPTR FM NORMAL -39 [PRESSURE DATA]
TOTAL FM JAN 1 3085 HIGHEST SLP M ON M
DPTR FM NORMAL -68 LOWEST SLP 29.91 ON 1
[REMARKS]
#FINAL-09-21#