000
CXUS55 KPSR 011016
CLMNYL
CLIMATE REPORT
NATIONAL WEATHER SERVICE PHOENIX AZ
316 AM MST FRI DEC 01 2023
...................................
...THE YUMA AZ CLIMATE SUMMARY FOR THE MONTH OF NOVEMBER 2023...
CLIMATE NORMAL PERIOD 1991 TO 2020
CLIMATE RECORD PERIOD 1876 TO 2023
WEATHER OBSERVED NORMAL DEPART LAST YEAR`S
VALUE DATE(S) VALUE FROM VALUE
NORMAL
..............................................................
TEMPERATURE (F)
RECORD
HIGH 98 11/03/1962
LOW 29 11/30/1906
HIGHEST 92 11/05 89 3
11/06
LOWEST 47 11/10 44 3
11/29
AVG. MAXIMUM 79.0 77.7 1.3
AVG. MINIMUM 54.3 54.4 -0.2
MEAN 66.6 66.1 0.5
DAYS MAX >= 90 3 1.6 1.4
DAYS MAX >= 100 0
DAYS MAX >= 110 0
DAYS MIN <= 32 0 0.0 0.0
DAYS MIN >= 90 0
PRECIPITATION (INCHES)
RECORD
MAXIMUM 2.44 1905
MINIMUM 0.00 2022
TOTALS 0.32 0.23 0.09
DAYS >= .01 2 1.0 1.0
DAYS >= .10 1 0.4 0.6
DAYS >= .50 0 0.1 -0.1
DAYS >= 1.00 0 0.0 0.0
GREATEST
24 HR. TOTAL 0.25 11/18 TO 11/18
DEGREE DAYS
HEATING TOTAL 29 64 -35
SINCE 7/1 29 66 -37
COOLING TOTAL 81 95 -14
SINCE 1/1 4497 4702 -205
..............................................................
WIND (MPH)
AVERAGE WIND SPEED 6.7
HIGHEST GUST SPEED/DIRECTION 33/350 DATE 11/08
AVERAGE RH (PERCENT) 40
WEATHER CONDITIONS. NUMBER OF DAYS WITH
THUNDERSTORM 1 HEAVY RAIN 0
RAIN 1 LIGHT RAIN 1
FOG W/VIS <= 1/4 MILE 1
- INDICATES NEGATIVE NUMBERS.
R INDICATES RECORD WAS SET OR TIED.
MM INDICATES DATA IS MISSING.
T INDICATES TRACE AMOUNT.
$$