000
CXUS53 KOAX 021139 CCA
CF6OAX
PRELIMINARY LOCAL CLIMATOLOGICAL DATA (WS FORM: F-6)
STATION: VALLEY NWS NE
MONTH: JUNE
YEAR: 2022
LATITUDE: 41 19 N
LONGITUDE: 96 22 W
TEMPERATURE IN F: :PCPN: SNOW: WIND :SUNSHINE: SKY :PK WND
================================================================================
1 2 3 4 5 6A 6B 7 8 9 10 11 12 13 14 15 16 17 18
12Z AVG MX 2MIN
DY MAX MIN AVG DEP HDD CDD WTR SNW DPTH SPD SPD DIR MIN PSBL S-S WX SPD DR
================================================================================
1 73 53 63 -6 2 0 0.00 0.0 0 M M M M M M 21 M
2 82 46 64 -6 1 0 0.00 0.0 0 M M M M M M 21 M
3 85 58 72 2 0 7 T 0.0 0 M M M M M M 16 M
4 80 62 71 1 0 6 0.05 0.0 0 M M M M M M 25 M
5 83 62 73 2 0 8 0.08 0.0 0 M M M M M M 28 M
6 80 63 72 1 0 7 0.00 0.0 0 M M M M M M 1 17 M
7 82 61 72 1 0 7 1.11 T 0 M M M M M M 35 30 M
8 79 60 70 -2 0 5 0.00 0.0 0 M M M M M M 28 M
9 81 57 69 -3 0 4 0.05 0.0 0 M M M M M M 15 M
10 82 63 73 1 0 8 T 0.0 0 M M M M M M 15 M
11 90 65 78 5 0 13 0.05 0.0 0 M M M M M M 24 M
12 92 69 81 8 0 16 0.04 0.0 0 M M M M M M 13 25 M
13 102 79 91 18 0 26 T 0.0 0 M M M M M M 33 M
14 94 69 82 9 0 17 0.23 0.0 0 M M M M M M 3 43 M
15 78 62 70 -4 0 5 0.93 0.0 0 M M M M M M 28 M
16 88 63 76 2 0 11 T 0.0 0 M M M M M M 3 15 M
17 91 69 80 6 0 15 T 0.0 0 M M M M M M 20 M
18 94 76 85 11 0 20 0.00 0.0 0 M M M M M M 28 M
19 94 75 85 10 0 20 0.00 0.0 0 M M M M M M 32 M
20 95 77 86 11 0 21 0.00 0.0 0 M M M M M M 33 M
21 90 70 80 5 0 15 T 0.0 0 M M M M M M 28 M
22 89 65 77 2 0 12 0.00 0.0 0 M M M M M M 14 M
23 85 67 76 1 0 11 0.00 0.0 0 M M M M M M 29 M
24 85 72 79 3 0 14 T 0.0 0 M M M M M M 29 M
25 86 66 76 0 0 11 0.01 0.0 0 M M M M M M 33 M
26 82 57 70 -6 0 5 0.00 0.0 0 M M M M M M 28 M
27 85 53 69 -7 0 4 0.00 0.0 0 M M M M M M 17 M
28 90 61 76 0 0 11 0.00 0.0 0 M M M M M M 26 M
29 96 67 82 6 0 17 0.00 0.0 0 M M M M M M 35 M
30 93 74 84 8 0 19 0.00 0.0 0 M M M M M M 32 M
================================================================================
SM 2606 1941 3 335 2.55 T M M M
================================================================================
AV 86.9 64.7 M FASTST M M M MAX(MPH)
MISC ----> M M 43 9999
================================================================================
NOTES:
# LAST OF SEVERAL OCCURRENCES
COLUMN 17 PEAK WIND IN M.P.H.
PRELIMINARY LOCAL CLIMATOLOGICAL DATA (WS FORM: F-6) , PAGE 2
STATION: VALLEY NWS NE
MONTH: JUNE
YEAR: 2022
LATITUDE: 41 19 N
LONGITUDE: 96 22 W
[TEMPERATURE DATA] [PRECIPITATION DATA] SYMBOLS USED IN COLUMN 16
AVERAGE MONTHLY: 75.8 TOTAL FOR MONTH: 2.55 1 = FOG OR MIST
DPTR FM NORMAL: 2.3 DPTR FM NORMAL: -2.74 2 = FOG REDUCING VISIBILITY
HIGHEST: 102 ON 13 GRTST 24HR 1.16 ON 14-15 TO 1/4 MILE OR LESS
LOWEST: 46 ON 2 3 = THUNDER
SNOW, ICE PELLETS, HAIL 4 = ICE PELLETS
TOTAL MONTH: T 5 = HAIL
GRTST 24HR T ON 7- 7 6 = FREEZING RAIN OR DRIZZLE
GRTST DEPTH: 0 7 = DUSTSTORM OR SANDSTORM:
VSBY 1/2 MILE OR LESS
8 = SMOKE OR HAZE
[NO. OF DAYS WITH] [WEATHER - DAYS WITH] 9 = BLOWING SNOW
X = TORNADO
MAX 32 OR BELOW: 0 0.01 INCH OR MORE: 9
MAX 90 OR ABOVE: 12 0.10 INCH OR MORE: 3
MIN 32 OR BELOW: 0 0.50 INCH OR MORE: 2
MIN 0 OR BELOW: 0 1.00 INCH OR MORE: 1
[HDD (BASE 65) ]
TOTAL THIS MO. 3 CLEAR (SCALE 0-3) 0
DPTR FM NORMAL -9 PTCLDY (SCALE 4-7) 0
TOTAL FM JUL 1 5441 CLOUDY (SCALE 8-10) 30
DPTR FM NORMAL -499
[CDD (BASE 65) ]
TOTAL THIS MO. 335
DPTR FM NORMAL 69 [PRESSURE DATA]
TOTAL FM JAN 1 480 HIGHEST SLP M ON M
DPTR FM NORMAL 122 LOWEST SLP M ON M
[REMARKS]
#FINAL-06-22#