000
CXUS53 KOAX 251550
CF6OAX
PRELIMINARY LOCAL CLIMATOLOGICAL DATA (WS FORM: F-6)
STATION: VALLEY NWS NE
MONTH: JULY
YEAR: 2021
LATITUDE: 41 19 N
LONGITUDE: 96 22 W
TEMPERATURE IN F: :PCPN: SNOW: WIND :SUNSHINE: SKY :PK WND
================================================================================
1 2 3 4 5 6A 6B 7 8 9 10 11 12 13 14 15 16 17 18
12Z AVG MX 2MIN
DY MAX MIN AVG DEP HDD CDD WTR SNW DPTH SPD SPD DIR MIN PSBL S-S WX SPD DR
================================================================================
1 85 64 75 -2 0 10 0.00 0.0 0 M M M M M M 21 M
2 87 64 76 -1 0 11 0.00 0.0 0 M M M M M M 1 12 M
3 88 68 78 1 0 13 0.00 0.0 0 M M M M M M 1 17 M
4 89 68 79 2 0 14 0.00 0.0 0 M M M M M M 8 23 M
5 90 69 80 3 0 15 0.00 0.0 0 M M M M M M 17 M
6 89 70 80 3 0 15 0.05 0.0 0 M M M M M M 24 M
7 78 64 71 -6 0 6 0.61 0.0 0 M M M M M M 3 22 M
8 80 60 70 -7 0 5 0.00 0.0 0 M M M M M M 1 23 M
9 89 66 78 1 0 13 1.34 0.0 0 M M M M M M 3 48 M
10 76 63 70 -7 0 5 1.50 0.0 0 M M M M M M 3 51 M
11 81 63 72 -5 0 7 0.10 0.0 0 M M M M M M 25 M
12 81 61 71 -7 0 6 0.00 0.0 0 M M M M M M 15 M
13 87 64 76 -2 0 11 0.00 0.0 0 M M M M M M 18 M
14 86 72 79 1 0 14 0.24 0.0 0 M M M M M M 3 20 M
15 80 68 74 -4 0 9 0.05 0.0 0 M M M M M M 14 M
16 82 64 73 -5 0 8 0.00 0.0 0 M M M M M M 15 M
17 82 68 75 -3 0 10 0.01 0.0 0 M M M M M M 23 M
18 82 68 75 -3 0 10 0.00 0.0 0 M M M M M M 18 M
19 84 62 73 -5 0 8 0.00 0.0 0 M M M M M M 1 14 M
20 85 65 75 -3 0 10 0.00 0.0 0 M M M M M M 12 M
21 86 68 77 -1 0 12 0.00 0.0 0 M M M M M M 20 M
22 88 69 79 1 0 14 0.00 0.0 0 M M M M M M 24 M
23 93 71 82 4 0 17 0.00 0.0 0 M M M M M M 23 M
24 91 74 83 5 0 18 0.00 0.0 0 M M M M M M 17 M
25 86 67 77 0 0 12 0.00 0.0 0 M M M M M M 1 13 M
26 90 69 80 3 0 15 0.00 0.0 0 M M M M M M 21 M
27 95 71 83 6 0 18 0.00 0.0 0 M M M M M M 20 M
28 96 74 85 8 0 20 0.00 0.0 0 M M M M M M 20 M
29 92 77 85 8 0 20 0.00 0.0 0 M M M M M M 8 21 M
30 89 71 80 3 0 15 0.00 0.0 0 M M M M M M 8 21 M
31 82 67 75 -2 0 10 0.90 0.0 0 M M M M M M 138 28 M
================================================================================
SM 2669 2089 0 371 4.80 0.0 M M M
================================================================================
AV 86.1 67.4 M FASTST M M M MAX(MPH)
MISC ----> M M 51 9999
================================================================================
NOTES:
# LAST OF SEVERAL OCCURRENCES
COLUMN 17 PEAK WIND IN M.P.H.
PRELIMINARY LOCAL CLIMATOLOGICAL DATA (WS FORM: F-6) , PAGE 2
STATION: VALLEY NWS NE
MONTH: JULY
YEAR: 2021
LATITUDE: 41 19 N
LONGITUDE: 96 22 W
[TEMPERATURE DATA] [PRECIPITATION DATA] SYMBOLS USED IN COLUMN 16
AVERAGE MONTHLY: 76.7 TOTAL FOR MONTH: 4.80 1 = FOG OR MIST
DPTR FM NORMAL: -0.6 DPTR FM NORMAL: 0.83 2 = FOG REDUCING VISIBILITY
HIGHEST: 96 ON 28 GRTST 24HR 1.50 ON 10-10 TO 1/4 MILE OR LESS
LOWEST: 60 ON 8 3 = THUNDER
SNOW, ICE PELLETS, HAIL 4 = ICE PELLETS
TOTAL MONTH: 0.0 INCH 5 = HAIL
GRTST 24HR 0.0 6 = FREEZING RAIN OR DRIZZLE
GRTST DEPTH: 0 7 = DUSTSTORM OR SANDSTORM:
VSBY 1/2 MILE OR LESS
8 = SMOKE OR HAZE
[NO. OF DAYS WITH] [WEATHER - DAYS WITH] 9 = BLOWING SNOW
X = TORNADO
MAX 32 OR BELOW: 0 0.01 INCH OR MORE: 9
MAX 90 OR ABOVE: 7 0.10 INCH OR MORE: 6
MIN 32 OR BELOW: 0 0.50 INCH OR MORE: 4
MIN 0 OR BELOW: 0 1.00 INCH OR MORE: 2
[HDD (BASE 65) ]
TOTAL THIS MO. 0 CLEAR (SCALE 0-3) 0
DPTR FM NORMAL -1 PTCLDY (SCALE 4-7) 0
TOTAL FM JUL 1 0 CLOUDY (SCALE 8-10) 31
DPTR FM NORMAL 0
[CDD (BASE 65) ]
TOTAL THIS MO. 371
DPTR FM NORMAL -11 [PRESSURE DATA]
TOTAL FM JAN 1 834 HIGHEST SLP M ON M
DPTR FM NORMAL 94 LOWEST SLP M ON M
[REMARKS]
#FINAL-07-21#