000
CXUS53 KOAX 011548 CCA
CLMOAX
CLIMATE REPORT...CORRECTED TEMPERATURES
NATIONAL WEATHER SERVICE OMAHA/VALLEY NE
839 AM CDT FRI SEP 01 2023
...................................
...THE VALLEY NWS NE CLIMATE SUMMARY FOR THE MONTH OF AUGUST 2023...
CLIMATE NORMAL PERIOD 1991 TO 2020
CLIMATE RECORD PERIOD 1997 TO 2023
WEATHER OBSERVED NORMAL DEPART
VALUE DATE(S) VALUE FROM
NORMAL
................................................
TEMPERATURE (F)
HIGHEST 102 08/24
LOWEST 55 08/15
AVG. MAXIMUM 85.1 84.3 0.8
AVG. MINIMUM 66.2 65.3 0.9
MEAN 75.6 74.8 0.8
DAYS MAX >= 90 7
DAYS MAX <= 32 0
DAYS MIN <= 32 0
DAYS MIN <= 0 0
PRECIPITATION (INCHES)
TOTALS 2.98 4.30 -1.32
DAYS >= .01 7
DAYS >= .10 4
DAYS >= .50 2
DAYS >= 1.00 1
GREATEST
24 HR. TOTAL 1.66 08/02 TO 08/02
SNOWFALL (INCHES)
TOTALS 0.0 0.0 0.0
SINCE 7/1 T
DAYS >= 1.0 0
GREATEST
SNOW DEPTH 0
24 HR TOTAL MM
DEGREE DAYS
HEATING TOTAL 0 4 -4
SINCE 7/1 1 1 0
COOLING TOTAL 343 307 36
SINCE 1/1 1157 1047 110
................................................
WIND (MPH)
HIGHEST GUST SPEED/DIRECTION 37/MM
WEATHER CONDITIONS. NUMBER OF DAYS WITH
THUNDERSTORM 3 MIXED PRECIP 0
HEAVY RAIN 0 RAIN 2
LIGHT RAIN 10 FREEZING RAIN 0
LT FREEZING RAIN 0 HAIL 0
HEAVY SNOW 0 SNOW 0
LIGHT SNOW 0 SLEET 0
FOG 1 FOG W/VIS <= 1/4 MILE 0
HAZE 2
- INDICATES NEGATIVE NUMBERS.
R INDICATES RECORD WAS SET OR TIED.
MM INDICATES DATA IS MISSING.
T INDICATES TRACE AMOUNT.
&&
AUGUST IN VALLEY WAS WARMER AND DRIER THAN NORMAL. THE MONTH ENDED
UP 1.0 DEGREE ABOVE NORMAL FOR AVERAGE TEMPERATURE AND 1.32 INCHES
BELOW NORMAL FOR PRECIPITATION.
$$
DEWALD