000
CXUS53 KOAX 011701
CLMOAX
CLIMATE REPORT...CORRECTED HIGH TEMPERATURE
NATIONAL WEATHER SERVICE OMAHA/VALLEY NE
858 AM CDT WED NOV 01 2023
...................................
...THE VALLEY NWS NE CLIMATE SUMMARY FOR THE MONTH OF OCTOBER 2023...
CLIMATE NORMAL PERIOD 1991 TO 2020
CLIMATE RECORD PERIOD 1997 TO 2023
WEATHER OBSERVED NORMAL DEPART
VALUE DATE(S) VALUE FROM
NORMAL
................................................
TEMPERATURE (F)
HIGHEST 93 10/01
LOWEST 22 10/30
10/31
AVG. MAXIMUM 65.9 65.1 0.8
AVG. MINIMUM 45.0 43.2 1.8
MEAN 55.4 54.2 1.2
DAYS MAX >= 90 2
DAYS MAX <= 32 0
DAYS MIN <= 32 5
DAYS MIN <= 0 0
PRECIPITATION (INCHES)
TOTALS 2.49 2.37 0.12
DAYS >= .01 9
DAYS >= .10 4
DAYS >= .50 2
DAYS >= 1.00 1
GREATEST
24 HR. TOTAL 1.05 10/03 TO 10/03
SNOWFALL (INCHES)
TOTALS T 1.0 -1.0
SINCE 7/1 T
DAYS >= 1.0 0
GREATEST
SNOW DEPTH 0
24 HR TOTAL T 10/29 TO 10/29
DEGREE DAYS
HEATING TOTAL 331 356 -25
SINCE 7/1 334 435 -101
COOLING TOTAL 43 20 23
SINCE 1/1 1403 1203 200
................................................
WIND (MPH)
HIGHEST GUST SPEED/DIRECTION 41/MM
WEATHER CONDITIONS. NUMBER OF DAYS WITH
THUNDERSTORM 2 MIXED PRECIP 0
HEAVY RAIN 2 RAIN 3
LIGHT RAIN 12 FREEZING RAIN 0
LT FREEZING RAIN 0 HAIL 0
HEAVY SNOW 0 SNOW 0
LIGHT SNOW 1 SLEET 0
FOG 1 FOG W/VIS <= 1/4 MILE 0
HAZE 0
- INDICATES NEGATIVE NUMBERS.
R INDICATES RECORD WAS SET OR TIED.
MM INDICATES DATA IS MISSING.
T INDICATES TRACE AMOUNT.
&&
OCTOBER IN VALLEY WARMER AND SLIGHTLY WETTER THAN NORMAL. THE MONTH
ENDED UP 1.2 DEGREES ABOVE NORMAL FOR AVERAGE TEMPERATURE AND
0.12 INCHES ABOVE NORMAL FOR PRECIPITATION.
$$
DEWALD