032
CXUS54 KMAF 011110
CF6ODO
PRELIMINARY LOCAL CLIMATOLOGICAL DATA (WS FORM: F-6)
STATION: ODESSA SCHLEYMEYER
MONTH: SEPTEMBER
YEAR: 2020
LATITUDE: 31 55 N
LONGITUDE: 102 23 W
TEMPERATURE IN F: :PCPN: SNOW: WIND :SUNSHINE: SKY :PK WND
================================================================================
1 2 3 4 5 6A 6B 7 8 9 10 11 12 13 14 15 16 17 18
12Z AVG MX 2MIN
DY MAX MIN AVG DEP HDD CDD WTR SNW DPTH SPD SPD DIR MIN PSBL S-S WX SPD DR
================================================================================
1 98 76 87 7 0 22 0.00 M M 11.9 24 350 M M 2 8 33 350
2 91 66 79 -1 0 14 0.00 M M 8.7 20 50 M M 1 27 60
3 98 66 82 3 0 17 0.00 M M 8.7 18 100 M M 0 25 80
4 93 66 80 1 0 15 0.00 M M 9.6 20 80 M M 0 30 70
5 89 68 79 0 0 14 0.00 M M 8.4 17 150 M M 3 22 140
6 91 67 79 0 0 14 0.00 M M 11.6 21 200 M M 0 25 120
7 96 69 83 5 0 18 0.00 M M 13.6 24 170 M M 0 33 170
8 92 53 73 -5 0 8 M M M 17.5 32 20 M M 2 138 39 330
9 53 46 50 -28 15 0 0.01 M M 16.1 26 360 M M 10 1 34 10
10 53 45 49 -29 16 0 T M M 7.2 14 30 M M 10 1 19 30
11 75 52 64 -13 1 0 0.00 M M 4.8 12 170 M M 7 1 14 170
12 86 57 72 -5 0 7 0.00 M M 4.6 14 140 M M 0 1 17 150
13 84 66 75 -1 0 10 T M M 7.1 18 70 M M 3 13 22 70
14 80 66 73 -3 0 8 M M M 7.2 18 110 M M 7 22 110
15 83 65 74 -2 0 9 0.00 M M 4.6 9 130 M M 1 12 20
16 88 62 75 -1 0 10 T M M 5.4 24 30 M M 2 3 30 30
17 85 64 75 0 0 10 T 0.0 0 8.0 17 60 M M 3 1 23 70
18 84 60 72 -3 0 7 0.00 0.0 0 9.3 16 70 M M 2 26 60
19 81 55 68 -7 0 3 0.00 0.0 0 7.4 15 120 M M 1 20 150
20 83 56 70 -4 0 5 0.00 0.0 0 8.0 15 110 M M 0 18 18 110
21 84 51 68 -6 0 3 0.00 M M 6.9 15 120 M M 0 8 19 120
22 87 54 71 -3 0 6 0.00 M M 6.0 13 110 M M 0 18 17 110
23 89 61 75 2 0 10 0.00 M M 8.0 16 110 M M 2 12 20 110
24 91 59 75 2 0 10 0.00 M M 6.5 13 110 M M 0 18 100
25 93 60 77 5 0 12 0.00 M M 8.5 17 180 M M 0 22 180
26 97 65 81 9 0 16 0.00 M M 11.3 21 200 M M 0 27 200
27 104 62 83 11 0 18 0.00 M M 13.8 38 50 M M 1 78 46 50
28 74 54 64 -8 1 0 0.00 M M 15.3 36 60 M M 6 8 45 60
29 81 43 62 -9 3 0 0.00 M M 6.1 16 260 M M 0 19 260
30 88 54 71 0 0 6 0.00 M M 7.0 14 180 M M 0 19 200
================================================================================
SM 2571 1788 36 272 0.01 0.0 269.1 M 63
================================================================================
AV 85.7 59.6 9.0 FASTST M M 2 MAX(MPH)
MISC ----> 38 50 46 50
================================================================================
NOTES:
# LAST OF SEVERAL OCCURRENCES
COLUMN 17 PEAK WIND IN M.P.H.
PRELIMINARY LOCAL CLIMATOLOGICAL DATA (WS FORM: F-6) , PAGE 2
STATION: ODESSA SCHLEYMEYER
MONTH: SEPTEMBER
YEAR: 2020
LATITUDE: 31 55 N
LONGITUDE: 102 23 W
[TEMPERATURE DATA] [PRECIPITATION DATA] SYMBOLS USED IN COLUMN 16
AVERAGE MONTHLY: 72.6 TOTAL FOR MONTH: 0.01 1 = FOG OR MIST
DPTR FM NORMAL: -3.0 DPTR FM NORMAL: -1.85 2 = FOG REDUCING VISIBILITY
HIGHEST: 104 ON 27 GRTST 24HR 0.01 ON 9-10 TO 1/4 MILE OR LESS
LOWEST: 43 ON 29 3 = THUNDER
SNOW, ICE PELLETS, HAIL 4 = ICE PELLETS
TOTAL MONTH: 0.0 INCH 5 = HAIL
GRTST 24HR 0.0 6 = FREEZING RAIN OR DRIZZLE
GRTST DEPTH: 0 7 = DUSTSTORM OR SANDSTORM:
VSBY 1/2 MILE OR LESS
8 = SMOKE OR HAZE
[NO. OF DAYS WITH] [WEATHER - DAYS WITH] 9 = BLOWING SNOW
X = TORNADO
MAX 32 OR BELOW: 0 0.01 INCH OR MORE: 1
MAX 90 OR ABOVE: 11 0.10 INCH OR MORE: 0
MIN 32 OR BELOW: 0 0.50 INCH OR MORE: 0
MIN 0 OR BELOW: 0 1.00 INCH OR MORE: 0
[HDD (BASE 65) ]
TOTAL THIS MO. 36 CLEAR (SCALE 0-3) 24
DPTR FM NORMAL 31 PTCLDY (SCALE 4-7) 4
TOTAL FM JUL 1 36 CLOUDY (SCALE 8-10) 2
DPTR FM NORMAL 33
[CDD (BASE 65) ]
TOTAL THIS MO. 272
DPTR FM NORMAL -51 [PRESSURE DATA]
TOTAL FM JAN 1 2704 HIGHEST SLP 30.33 ON 10
DPTR FM NORMAL 356 LOWEST SLP 29.56 ON 8
[REMARKS]
#FINAL-09-20#