000
CXUS53 KOAX 010930
CF6OFK
PRELIMINARY LOCAL CLIMATOLOGICAL DATA (WS FORM: F-6)
STATION: NORFOLK NE
MONTH: JULY
YEAR: 2022
LATITUDE: 41 58 N
LONGITUDE: 97 26 W
TEMPERATURE IN F: :PCPN: SNOW: WIND :SUNSHINE: SKY :PK WND
================================================================================
1 2 3 4 5 6A 6B 7 8 9 10 11 12 13 14 15 16 17 18
12Z AVG MX 2MIN
DY MAX MIN AVG DEP HDD CDD WTR SNW DPTH SPD SPD DIR MIN PSBL S-S WX SPD DR
================================================================================
1 85 64 75 1 0 10 0.04 0.0 0 6.3 25 220 M M 3 3 35 220
2 84 58 71 -3 0 6 0.00 0.0 0 6.9 15 170 M M 3 1 21 170
3 89 65 77 3 0 12 0.01 0.0 0 11.6 22 160 M M 3 1 29 160
4 94 69 82 8 0 17 0.93 0.0 0 10.3 39 210 M M 2 138 56 200
5 94 72 83 9 0 18 T 0.0 0 8.9 41 10 M M 1 3 59 10
6 90 70 80 6 0 15 0.77 0.0 0 6.9 14 130 M M 2 138 21 140
7 84 69 77 3 0 12 0.07 0.0 0 6.6 21 350 M M 6 1 28 320
8 87 68 78 3 0 13 0.00 0.0 0 8.2 17 30 M M 6 1 24 40
9 88 65 77 2 0 12 0.00 0.0 0 9.2 18 160 M M 1 12 27 140
10 96 71 84 9 0 19 0.00 0.0 0 14.4 28 200 M M 0 3 37 200
11 86 62 74 -1 0 9 0.02 0.0 0 12.9 35 250 M M 1 3 51 230
12 88 58 73 -2 0 8 0.00 0.0 0 5.5 16 330 M M 0 22 330
13 93 62 78 3 0 13 0.00 0.0 0 8.0 18 220 M M 0 26 210
14 94 68 81 6 0 16 0.00 0.0 0 13.0 25 170 M M 1 37 200
15 95 73 84 9 0 19 0.00 0.0 0 10.1 18 340 M M 0 25 340
16 86 73 80 5 0 15 0.04 0.0 0 7.5 18 10 M M 5 18 25 120
17 91 69 80 5 0 15 0.00 0.0 0 4.7 12 220 M M 4 18 16 80
18 93 62 78 3 0 13 0.00 0.0 0 11.3 22 180 M M 0 18 30 200
19 93 71 82 7 0 17 0.00 0.0 0 14.5 24 330 M M 0 36 190
20 95 63 79 4 0 14 0.00 0.0 0 11.3 21 330 M M 0 29 340
21 94 66 80 5 0 15 0.00 0.0 0 9.0 20 40 M M 0 26 40
22 96 70 83 8 0 18 0.04 0.0 0 8.5 37 230 M M 1 3 56 230
23 101 68 85 10 0 20 T 0.0 0 12.7 41 220 M M 0 13 59 220
24 88 65 77 2 0 12 0.00 0.0 0 7.6 22 340 M M 0 30 330
25 78 66 72 -3 0 7 T 0.0 0 7.2 15 170 M M 7 8 19 140
26 84 66 75 0 0 10 0.13 0.0 0 6.5 20 140 M M 7 13 26 150
27 89 59 74 -1 0 9 T 0.0 0 8.6 17 220 M M 0 25 220
28 82 57 70 -5 0 5 0.00 0.0 0 7.3 20 320 M M 0 28 330
29 86 50 68 -7 0 3 0.00 0.0 0 6.7 15 200 M M 1 24 170
30 85 57 71 -4 0 6 0.00 0.0 0 10.9 20 180 M M 0 30 140
31 98 64 81 6 0 16 0.00 0.0 0 11.3 18 210 M M 0 30 220
================================================================================
SM 2786 2020 0 394 2.05 0.0 284.4 M 54
================================================================================
AV 89.9 65.2 9.2 FASTST M M 2 MAX(MPH)
MISC ----> # 41 10 # 59 10
================================================================================
NOTES:
# LAST OF SEVERAL OCCURRENCES
COLUMN 17 PEAK WIND IN M.P.H.
PRELIMINARY LOCAL CLIMATOLOGICAL DATA (WS FORM: F-6) , PAGE 2
STATION: NORFOLK NE
MONTH: JULY
YEAR: 2022
LATITUDE: 41 58 N
LONGITUDE: 97 26 W
[TEMPERATURE DATA] [PRECIPITATION DATA] SYMBOLS USED IN COLUMN 16
AVERAGE MONTHLY: 77.5 TOTAL FOR MONTH: 2.05 1 = FOG OR MIST
DPTR FM NORMAL: 2.7 DPTR FM NORMAL: -0.93 2 = FOG REDUCING VISIBILITY
HIGHEST: 101 ON 23 GRTST 24HR 0.94 ON 3- 4 TO 1/4 MILE OR LESS
LOWEST: 50 ON 29 3 = THUNDER
SNOW, ICE PELLETS, HAIL 4 = ICE PELLETS
TOTAL MONTH: 0.0 INCH 5 = HAIL
GRTST 24HR 0.0 6 = FREEZING RAIN OR DRIZZLE
GRTST DEPTH: 0 7 = DUSTSTORM OR SANDSTORM:
VSBY 1/2 MILE OR LESS
8 = SMOKE OR HAZE
[NO. OF DAYS WITH] [WEATHER - DAYS WITH] 9 = BLOWING SNOW
X = TORNADO
MAX 32 OR BELOW: 0 0.01 INCH OR MORE: 9
MAX 90 OR ABOVE: 15 0.10 INCH OR MORE: 3
MIN 32 OR BELOW: 0 0.50 INCH OR MORE: 2
MIN 0 OR BELOW: 0 1.00 INCH OR MORE: 0
[HDD (BASE 65) ]
TOTAL THIS MO. 0 CLEAR (SCALE 0-3) 23
DPTR FM NORMAL -4 PTCLDY (SCALE 4-7) 8
TOTAL FM JUL 1 0 CLOUDY (SCALE 8-10) 0
DPTR FM NORMAL 0
[CDD (BASE 65) ]
TOTAL THIS MO. 394
DPTR FM NORMAL 86 [PRESSURE DATA]
TOTAL FM JAN 1 789 HIGHEST SLP 30.19 ON 9
DPTR FM NORMAL 228 LOWEST SLP 29.62 ON 19
[REMARKS]
#FINAL-07-22#