000
CXUS55 KCAE 011400
CF6OGB
PRELIMINARY LOCAL CLIMATOLOGICAL DATA (WS FORM: F-6)
STATION: ORANGEBURG AIRPORT SC
MONTH: MAY
YEAR: 2020
LATITUDE: 33 27 N
LONGITUDE: 80 51 W
TEMPERATURE IN F: :PCPN: SNOW: WIND :SUNSHINE: SKY :PK WND
================================================================================
1 2 3 4 5 6A 6B 7 8 9 10 11 12 13 14 15 16 17 18
12Z AVG MX 2MIN
DY MAX MIN AVG DEP HDD CDD WTR SNW DPTH SPD SPD DIR MIN PSBL S-S WX SPD DR
================================================================================
1 74 48 61 -6 4 0 0.00 M M 7.1 21 300 M M 1 28 290
2 80 48 64 -4 1 0 0.00 M M 3.2 9 210 M M 0 13 80
3 88 56 72 4 0 7 0.00 M M 7.8 18 230 M M 0 24 260
4 90 62 76 8 0 11 0.00 M M 6.8 16 230 M M 1 21 280
5 90 68 79 11 0 14 0.00 M M 7.1 20 250 M M 1 24 260
6 78 57 68 -1 0 3 T M M 10.0 24 350 M M 2 32 350
7 70 47 59 -10 6 0 0.00 M M 6.6 17 10 M M 0 23 350
8 73 44 59 -10 6 0 T M M 6.7 26 230 M M 4 35 230
9 68 47 58 -12 7 0 0.00 M M 7.0 15 20 M M 1 22 10
10 74 43 59 -11 6 0 0.00 M M 3.7 13 180 M M 0 18 160
11 76 50 63 -7 2 0 0.00 M M 7.3 25 280 M M 0 31 280
12 72 46 59 -11 6 0 0.00 M M 4.6 13 240 M M 0 16 250
13 80 48 64 -7 1 0 0.00 M M 3.3 13 80 M M 0 17 150
14 82 52 67 -4 0 2 0.00 M M 5.6 16 160 M M 2 20 170
15 83 56 70 -1 0 5 0.00 M M 4.5 13 160 M M 2 16 160
16 87 58 73 1 0 8 0.00 M M 2.9 13 130 M M 2 12 18 130
17 87 62 75 3 0 10 0.00 M M 4.9 13 30 M M 5 12 19 50
18 86 64 75 3 0 10 0.53 M M 3.8 17 280 M M 4 13 22 290
19 83 67 75 3 0 10 0.28 M M 5.6 16 220 M M 7 1 21 250
20 71 64 68 -5 0 3 0.35 M M 7.1 14 50 M M 9 13 21 70
21 82 65 74 1 0 9 T M M 3.8 12 280 M M 6 1 15 230
22 87 64 76 3 0 11 1.54 M M 4.8 23 340 M M 4 123 32 350
23 90 65 78 4 0 13 T M M 5.0 16 270 M M 0 13 20 270
24 91 68 80 6 0 15 0.00 M M 3.7 15 150 M M 2 13 20 170
25 84 70 77 3 0 12 0.00 M M 5.0 13 120 M M 4 1 18 120
26 77 68 73 -1 0 8 0.12 0.0 0 7.7 13 70 M M 8 1 18 40
27 77 69 73 -1 0 8 0.50 M M 7.2 17 20 M M 9 1 22 30
28 89 70 80 5 0 15 T M M 5.9 14 240 M M 5 12 18 200
29 87 71 79 4 0 14 0.40 M M 6.8 15 190 M M 6 13 20 160
30 88 70 79 4 0 14 0.00 M M 2.6 9 170 M M 4 1 12 140
31 85 67 76 1 0 11 0.00 M M 5.7 15 30 M M 1 1 20 10
================================================================================
SM 2529 1834 39 213 3.72 0.0 173.8 M 90
================================================================================
AV 81.6 59.2 5.6 FASTST M M 3 MAX(MPH)
MISC ----> # 26 230 # 35 230
================================================================================
NOTES:
# LAST OF SEVERAL OCCURRENCES
COLUMN 17 PEAK WIND IN M.P.H.
PRELIMINARY LOCAL CLIMATOLOGICAL DATA (WS FORM: F-6) , PAGE 2
STATION: ORANGEBURG AIRPORT SC
MONTH: MAY
YEAR: 2020
LATITUDE: 33 27 N
LONGITUDE: 80 51 W
[TEMPERATURE DATA] [PRECIPITATION DATA] SYMBOLS USED IN COLUMN 16
AVERAGE MONTHLY: 70.4 TOTAL FOR MONTH: 3.72 1 = FOG OR MIST
DPTR FM NORMAL: -1.2 DPTR FM NORMAL: 0.50 2 = FOG REDUCING VISIBILITY
HIGHEST: 91 ON 24 GRTST 24HR 1.54 ON 22-22 TO 1/4 MILE OR LESS
LOWEST: 43 ON 10 3 = THUNDER
SNOW, ICE PELLETS, HAIL 4 = ICE PELLETS
TOTAL MONTH: 0.0 INCH 5 = HAIL
GRTST 24HR 0.0 6 = FREEZING RAIN OR DRIZZLE
GRTST DEPTH: 0 7 = DUSTSTORM OR SANDSTORM:
VSBY 1/2 MILE OR LESS
8 = SMOKE OR HAZE
[NO. OF DAYS WITH] [WEATHER - DAYS WITH] 9 = BLOWING SNOW
X = TORNADO
MAX 32 OR BELOW: 0 0.01 INCH OR MORE: 7
MAX 90 OR ABOVE: 4 0.10 INCH OR MORE: 7
MIN 32 OR BELOW: 0 0.50 INCH OR MORE: 3
MIN 0 OR BELOW: 0 1.00 INCH OR MORE: 1
[HDD (BASE 65) ]
TOTAL THIS MO. 39 CLEAR (SCALE 0-3) 18
DPTR FM NORMAL 24 PTCLDY (SCALE 4-7) 11
TOTAL FM JUL 1 1814 CLOUDY (SCALE 8-10) 2
DPTR FM NORMAL -518
[CDD (BASE 65) ]
TOTAL THIS MO. 213
DPTR FM NORMAL -5 [PRESSURE DATA]
TOTAL FM JAN 1 386 HIGHEST SLP 30.34 ON 14
DPTR FM NORMAL 83 LOWEST SLP 29.74 ON 19
[REMARKS]
#FINAL-05-20#