000
CXUS53 KEAX 010736
CF6OJC
PRELIMINARY LOCAL CLIMATOLOGICAL DATA (WS FORM: F-6)
STATION: JOHNSON COUNTY EXECUTIVE KS
MONTH: SEPTEMBER
YEAR: 2022
LATITUDE: 38 50 N
LONGITUDE: 94 44 W
TEMPERATURE IN F: :PCPN: SNOW: WIND :SUNSHINE: SKY :PK WND
================================================================================
1 2 3 4 5 6A 6B 7 8 9 10 11 12 13 14 15 16 17 18
12Z AVG MX 2MIN
DY MAX MIN AVG DEP HDD CDD WTR SNW DPTH SPD SPD DIR MIN PSBL S-S WX SPD DR
================================================================================
1 87 64 76 2 0 11 0.00 M M 5.2 10 180 M M 0 8 15 180
2 85 66 76 3 0 11 0.00 M M 5.9 14 150 M M 1 19 140
3 87 64 76 3 0 11 0.00 M M 5.5 15 350 M M 4 1 22 360
4 84 66 75 3 0 10 0.00 M M 6.9 13 10 M M 5 1 16 40
5 78 65 72 0 0 7 0.00 M M 5.2 12 40 M M 5 1 15 60
6 85 64 75 3 0 10 0.00 M M 3.7 9 160 M M 4 12 13 130
7 86 65 76 4 0 11 0.00 M M 4.3 13 90 M M 0 18 50
8 84 62 73 2 0 8 0.00 M M 5.6 12 150 M M 0 16 150
9 87 61 74 3 0 9 0.00 M M 6.4 12 150 M M 0 17 190
10 77 57 67 -3 0 2 M M M 9.1 20 330 M M 6 1 28 360
11 76 54 65 -5 0 0 0.00 M M 7.4 20 360 M M 2 27 10
12 84 52 68 -2 0 3 0.00 M M 5.7 16 260 M M 0 23 270
13 88 54 71 2 0 6 0.00 M M 4.7 13 210 M M 0 18 210
14 88 62 75 6 0 10 0.00 M M 7.8 16 160 M M 0 23 130
15 83 61 72 3 0 7 0.00 M M 8.6 18 170 M M 0 24 190
16 81 61 71 3 0 6 T M M 7.7 16 200 M M 3 21 210
17 92 65 79 11 0 14 0.00 M M 12.1 22 160 M M 1 31 150
18 96 69 83 15 0 18 0.06 M M 9.8 20 260 M M 1 3 31 260
19 97 76 87 20 0 22 0.00 M M 7.9 15 190 M M 0 22 200
20 97 71 84 17 0 19 0.00 M M 9.3 21 220 M M 0 32 200
21 89 59 74 8 0 9 0.09 M M 9.3 29 10 M M 3 37 20
22 66 57 62 -4 3 0 0.10 M M 7.2 14 70 M M 2 19 70
23 70 55 63 -3 2 0 0.17 M M 5.5 15 120 M M 6 18 19 130
24 87 52 70 5 0 5 0.00 M M 3.8 13 290 M M 0 12 20 360
25 80 61 71 6 0 6 0.00 M M 9.2 23 320 M M 0 33 340
26 75 51 63 -1 2 0 0.00 M M 6.0 17 350 M M 0 26 360
27 82 48 65 1 0 0 0.00 M M 3.7 15 70 M M 0 24 70
28 73 51 62 -2 3 0 0.00 M M 8.7 16 60 M M 0 8 25 40
29 73 46 60 -3 5 0 0.00 M M 8.3 15 150 M M 0 24 150
30 75 46 61 -2 4 0 0.00 M M 7.1 14 130 M M 0 20 130
================================================================================
SM 2492 1785 19 215 0.42 M 207.6 M 43
================================================================================
AV 83.1 59.5 6.9 FASTST M M 1 MAX(MPH)
MISC ----> 29 10 37 20
================================================================================
NOTES:
# LAST OF SEVERAL OCCURRENCES
COLUMN 17 PEAK WIND IN M.P.H.
PRELIMINARY LOCAL CLIMATOLOGICAL DATA (WS FORM: F-6) , PAGE 2
STATION: JOHNSON COUNTY EXECUTIVE KS
MONTH: SEPTEMBER
YEAR: 2022
LATITUDE: 38 50 N
LONGITUDE: 94 44 W
[TEMPERATURE DATA] [PRECIPITATION DATA] SYMBOLS USED IN COLUMN 16
AVERAGE MONTHLY: 71.3 TOTAL FOR MONTH: 0.42 1 = FOG OR MIST
DPTR FM NORMAL: 2.9 DPTR FM NORMAL: -3.12 2 = FOG REDUCING VISIBILITY
HIGHEST: 97 ON 20,19 GRTST 24HR 0.19 ON 21-22 TO 1/4 MILE OR LESS
LOWEST: 46 ON 30,29 3 = THUNDER
SNOW, ICE PELLETS, HAIL 4 = ICE PELLETS
TOTAL MONTH: M 5 = HAIL
GRTST 24HR M ON M 6 = FREEZING RAIN OR DRIZZLE
GRTST DEPTH: M ON M 7 = DUSTSTORM OR SANDSTORM:
VSBY 1/2 MILE OR LESS
8 = SMOKE OR HAZE
[NO. OF DAYS WITH] [WEATHER - DAYS WITH] 9 = BLOWING SNOW
X = TORNADO
MAX 32 OR BELOW: 0 0.01 INCH OR MORE: 4
MAX 90 OR ABOVE: 4 0.10 INCH OR MORE: 2
MIN 32 OR BELOW: 0 0.50 INCH OR MORE: 0
MIN 0 OR BELOW: 0 1.00 INCH OR MORE: 0
[HDD (BASE 65) ]
TOTAL THIS MO. 19 CLEAR (SCALE 0-3) 24
DPTR FM NORMAL -32 PTCLDY (SCALE 4-7) 6
TOTAL FM JUL 1 19 CLOUDY (SCALE 8-10) 0
DPTR FM NORMAL -33
[CDD (BASE 65) ]
TOTAL THIS MO. 215
DPTR FM NORMAL 63 [PRESSURE DATA]
TOTAL FM JAN 1 1693 HIGHEST SLP M ON M
DPTR FM NORMAL 370 LOWEST SLP 29.78 ON 9
[REMARKS]
#FINAL-09-22#