000
CXUS53 KEAX 010736
CF6OJC
PRELIMINARY LOCAL CLIMATOLOGICAL DATA (WS FORM: F-6)
STATION: JOHNSON COUNTY EXECUTIVE KS
MONTH: MAY
YEAR: 2022
LATITUDE: 38 50 N
LONGITUDE: 94 44 W
TEMPERATURE IN F: :PCPN: SNOW: WIND :SUNSHINE: SKY :PK WND
================================================================================
1 2 3 4 5 6A 6B 7 8 9 10 11 12 13 14 15 16 17 18
12Z AVG MX 2MIN
DY MAX MIN AVG DEP HDD CDD WTR SNW DPTH SPD SPD DIR MIN PSBL S-S WX SPD DR
================================================================================
1 71 48 60 1 5 0 0.00 M M 9.0 18 270 M M 1 32 300
2 58 50 54 -6 11 0 0.50 M M 10.5 28 310 M M 8 13 42 290
3 54 44 49 -11 16 0 0.00 M M 9.4 18 330 M M 10 1 27 330
4 54 49 52 -8 13 0 0.90 M M 8.6 25 110 M M 10 13 38 140
5 67 52 60 -1 5 0 1.20 M M 8.1 26 90 M M 10 1 35 90
6 65 53 59 -2 6 0 0.03 M M 5.7 15 50 M M 9 1 19 60
7 72 50 61 0 4 0 0.00 M M 9.9 17 130 M M 0 27 120
8 75 59 67 5 0 2 0.02 M M 14.3 26 160 M M 7 35 130
9 89 68 79 17 0 14 0.00 M M 16.8 28 190 M M 2 18 40 190
10 88 75 82 20 0 17 0.00 M M 12.8 20 180 M M 4 8 29 200
11 89 73 81 18 0 16 0.00 M M 9.9 18 170 M M 1 25 170
12 90 70 80 17 0 15 0.00 M M 11.6 24 160 M M 0 35 150
13 84 61 73 9 0 8 0.93 M M 7.6 22 20 M M 4 138 28 30
14 88 65 77 13 0 12 0.00 M M 2.8 8 100 M M 0 12 70
15 76 57 67 3 0 2 0.54 M M 8.4 39 310 M M 3 13 60 310
16 78 54 66 1 0 1 0.00 M M 4.6 10 200 M M 0 16 200
17 80 57 69 4 0 4 1.37 M M 7.8 23 270 M M 3 13 M M
18 84 61 73 8 0 8 0.48 M M 5.6 17 180 M M 3 13 25 200
19 81 62 72 6 0 7 0.00 M M 10.1 22 220 M M 0 30 200
20 76 63 70 4 0 5 0.00 M M 10.8 22 190 M M 7 35 190
21 63 48 56 -10 9 0 T M M 13.1 21 10 M M 7 3 28 30
22 69 47 58 -9 7 0 0.00 M M 7.4 16 360 M M 0 22 20
23 66 46 56 -11 9 0 0.00 M M 8.8 18 90 M M 5 27 130
24 62 53 58 -10 7 0 1.47 M M 9.1 17 70 M M 10 1 28 70
25 69 57 63 -5 2 0 1.13 M M 7.9 17 200 M M 10 12 27 180
26 64 51 58 -10 7 0 0.04 M M 7.6 18 320 M M 9 18 27 320
27 81 49 65 -4 0 0 0.00 M M 5.6 12 340 M M 0 17 10
28 83 59 71 2 0 6 0.00 M M 13.7 23 170 M M 0 34 190
29 86 68 77 8 0 12 0.00 M M 18.8 29 180 M M 0 42 170
30 83 71 77 7 0 12 0.00 M M 17.7 28 200 M M 2 3 46 190
31 78 64 71 1 0 6 1.90 M M 5.7 20 170 M M 8 13 26 160
================================================================================
SM 2323 1784 101 147 10.51 M 299.7 M 133
================================================================================
AV 74.9 57.5 9.7 FASTST M M 4 MAX(MPH)
MISC ----> 39 310 60 310
================================================================================
NOTES:
# LAST OF SEVERAL OCCURRENCES
COLUMN 17 PEAK WIND IN M.P.H.
PRELIMINARY LOCAL CLIMATOLOGICAL DATA (WS FORM: F-6) , PAGE 2
STATION: JOHNSON COUNTY EXECUTIVE KS
MONTH: MAY
YEAR: 2022
LATITUDE: 38 50 N
LONGITUDE: 94 44 W
[TEMPERATURE DATA] [PRECIPITATION DATA] SYMBOLS USED IN COLUMN 16
AVERAGE MONTHLY: 66.2 TOTAL FOR MONTH: 10.51 1 = FOG OR MIST
DPTR FM NORMAL: 1.6 DPTR FM NORMAL: 5.13 2 = FOG REDUCING VISIBILITY
HIGHEST: 90 ON 12 GRTST 24HR 1.90 ON 31-31 TO 1/4 MILE OR LESS
LOWEST: 44 ON 3 3 = THUNDER
SNOW, ICE PELLETS, HAIL 4 = ICE PELLETS
TOTAL MONTH: M 5 = HAIL
GRTST 24HR M ON M 6 = FREEZING RAIN OR DRIZZLE
GRTST DEPTH: M ON M 7 = DUSTSTORM OR SANDSTORM:
VSBY 1/2 MILE OR LESS
8 = SMOKE OR HAZE
[NO. OF DAYS WITH] [WEATHER - DAYS WITH] 9 = BLOWING SNOW
X = TORNADO
MAX 32 OR BELOW: 0 0.01 INCH OR MORE: 13
MAX 90 OR ABOVE: 1 0.10 INCH OR MORE: 10
MIN 32 OR BELOW: 0 0.50 INCH OR MORE: 9
MIN 0 OR BELOW: 0 1.00 INCH OR MORE: 5
[HDD (BASE 65) ]
TOTAL THIS MO. 101 CLEAR (SCALE 0-3) 15
DPTR FM NORMAL -4 PTCLDY (SCALE 4-7) 8
TOTAL FM JUL 1 4356 CLOUDY (SCALE 8-10) 8
DPTR FM NORMAL -562
[CDD (BASE 65) ]
TOTAL THIS MO. 147
DPTR FM NORMAL 55 [PRESSURE DATA]
TOTAL FM JAN 1 159 HIGHEST SLP M ON M
DPTR FM NORMAL 48 LOWEST SLP 29.23 ON 20
[REMARKS]
#FINAL-05-22#