000
CXUS53 KEAX 010736
CF6OJC
PRELIMINARY LOCAL CLIMATOLOGICAL DATA (WS FORM: F-6)
STATION: JOHNSON COUNTY EXECUTIVE KS
MONTH: MARCH
YEAR: 2022
LATITUDE: 38 50 N
LONGITUDE: 94 44 W
TEMPERATURE IN F: :PCPN: SNOW: WIND :SUNSHINE: SKY :PK WND
================================================================================
1 2 3 4 5 6A 6B 7 8 9 10 11 12 13 14 15 16 17 18
12Z AVG MX 2MIN
DY MAX MIN AVG DEP HDD CDD WTR SNW DPTH SPD SPD DIR MIN PSBL S-S WX SPD DR
================================================================================
1 75 37 56 17 9 0 0.00 M M 5.5 14 260 M M 0 20 290
2 84 41 63 23 2 0 0.00 M M 6.5 21 240 M M 0 28 250
3 60 40 50 10 15 0 0.00 M M 12.5 18 90 M M 0 28 80
4 73 37 55 14 10 0 0.00 M M 13.5 24 170 M M 0 35 200
5 74 36 55 14 10 0 0.00 M M 17.6 29 250 M M 4 38 59 260
6 44 28 36 -5 29 0 0.41 M M 11.4 26 260 M M 4 136 36 260
7 33 23 28 -14 37 0 T M M 9.1 20 320 M M 7 1 30 320
8 43 18 31 -11 34 0 0.00 M M 3.9 10 180 M M 2 1 14 180
9 44 29 37 -5 28 0 0.00 M M 9.1 18 30 M M 2 25 50
10 31 20 26 -17 39 0 0.07 M M 12.2 22 50 M M 10 1 30 50
11 34 17 26 -17 39 0 0.00 M M 8.8 22 320 M M 2 28 350
12 34 8 21 -23 44 0 0.00 M M 8.8 21 170 M M 0 27 170
13 64 34 49 5 16 0 0.00 M M 12.4 22 200 M M 0 32 170
14 58 40 49 5 16 0 0.00 M M 9.6 22 200 M M 5 34 190
15 64 37 51 6 14 0 0.00 M M 3.8 10 330 M M 2 15 320
16 73 40 57 12 8 0 0.00 M M 8.7 22 200 M M 0 31 200
17 77 49 63 17 2 0 0.04 M M 11.8 28 30 M M 2 3 38 50
18 48 38 43 -3 22 0 0.22 M M 16.6 24 10 M M 10 1 36 320
19 62 35 49 3 16 0 0.00 M M 6.0 13 270 M M 0 19 360
20 77 43 60 13 5 0 0.00 M M 11.8 25 170 M M 0 35 190
21 62 49 56 9 9 0 1.33 M M 10.3 20 110 M M 6 1 28 180
22 61 39 50 3 15 0 0.73 M M 12.1 25 350 M M 10 13 36 330
23 39 35 37 -11 28 0 0.66 M M 14.6 20 310 M M 10 1 32 310
24 41 35 38 -10 27 0 0.02 M M 7.3 14 320 M M 10 1 20 330
25 56 33 45 -3 20 0 0.00 M M 10.1 23 320 M M 2 8 36 320
26 56 34 45 -4 20 0 0.00 M M 8.2 18 360 M M 0 25 350
27 49 34 42 -7 23 0 T M M 9.4 20 40 M M 3 25 40
28 57 34 46 -3 19 0 0.00 M M 13.1 23 110 M M 1 32 90
29 76 45 61 11 4 0 1.02 M M 15.2 25 170 M M 3 13 38 170
30 57 37 47 -3 18 0 0.21 M M 14.3 24 320 M M 9 13 35 330
31 41 31 36 -14 29 0 T M M 9.5 20 300 M M 7 18 29 310
================================================================================
SM 1747 1056 607 0 4.71 M 323.7 M 111
================================================================================
AV 56.4 34.1 10.4 FASTST M M 4 MAX(MPH)
MISC ----> 29 250 59 260
================================================================================
NOTES:
# LAST OF SEVERAL OCCURRENCES
COLUMN 17 PEAK WIND IN M.P.H.
PRELIMINARY LOCAL CLIMATOLOGICAL DATA (WS FORM: F-6) , PAGE 2
STATION: JOHNSON COUNTY EXECUTIVE KS
MONTH: MARCH
YEAR: 2022
LATITUDE: 38 50 N
LONGITUDE: 94 44 W
[TEMPERATURE DATA] [PRECIPITATION DATA] SYMBOLS USED IN COLUMN 16
AVERAGE MONTHLY: 45.2 TOTAL FOR MONTH: 4.71 1 = FOG OR MIST
DPTR FM NORMAL: 0.1 DPTR FM NORMAL: 2.44 2 = FOG REDUCING VISIBILITY
HIGHEST: 84 ON 2 GRTST 24HR 1.39 ON 21-22 TO 1/4 MILE OR LESS
LOWEST: 8 ON 12 3 = THUNDER
SNOW, ICE PELLETS, HAIL 4 = ICE PELLETS
TOTAL MONTH: M 5 = HAIL
GRTST 24HR M ON M 6 = FREEZING RAIN OR DRIZZLE
GRTST DEPTH: M ON M 7 = DUSTSTORM OR SANDSTORM:
VSBY 1/2 MILE OR LESS
8 = SMOKE OR HAZE
[NO. OF DAYS WITH] [WEATHER - DAYS WITH] 9 = BLOWING SNOW
X = TORNADO
MAX 32 OR BELOW: 1 0.01 INCH OR MORE: 10
MAX 90 OR ABOVE: 0 0.10 INCH OR MORE: 7
MIN 32 OR BELOW: 8 0.50 INCH OR MORE: 4
MIN 0 OR BELOW: 0 1.00 INCH OR MORE: 2
[HDD (BASE 65) ]
TOTAL THIS MO. 607 CLEAR (SCALE 0-3) 18
DPTR FM NORMAL -13 PTCLDY (SCALE 4-7) 7
TOTAL FM JUL 1 3938 CLOUDY (SCALE 8-10) 6
DPTR FM NORMAL -556
[CDD (BASE 65) ]
TOTAL THIS MO. 0
DPTR FM NORMAL -3 [PRESSURE DATA]
TOTAL FM JAN 1 0 HIGHEST SLP M ON M
DPTR FM NORMAL -3 LOWEST SLP 29.33 ON 30
[REMARKS]
#FINAL-03-22#