000
CXUS56 KSGX 011045
CF6OKB
PRELIMINARY LOCAL CLIMATOLOGICAL DATA (WS FORM: F-6)
STATION: OCEANSIDE AIRPORT CA
MONTH: JUNE
YEAR: 2021
LATITUDE: 33 13 N
LONGITUDE: 117 21 W
TEMPERATURE IN F: :PCPN: SNOW: WIND :SUNSHINE: SKY :PK WND
================================================================================
1 2 3 4 5 6A 6B 7 8 9 10 11 12 13 14 15 16 17 18
12Z AVG MX 2MIN
DY MAX MIN AVG DEP HDD CDD WTR SNW DPTH SPD SPD DIR MIN PSBL S-S WX SPD DR
================================================================================
1 69 60 65 1 0 0 0.00 M M 4.4 12 250 M M 10 15 250
2 68 59 64 0 1 0 0.00 M M 4.8 14 250 M M 10 18 17 250
3 69 61 65 1 0 0 0.00 M M 5.3 13 250 M M 9 17 250
4 72 51 62 -2 3 0 0.00 M M 4.9 14 250 M M 6 17 250
5 72 61 67 3 0 2 0.00 M M 5.6 15 250 M M 6 20 260
6 70 61 66 2 0 1 0.00 M M 4.8 14 260 M M 9 20 240
7 63 59 61 -3 4 0 0.02 M M 5.3 12 210 M M 10 18 15 220
8 71 54 63 -1 2 0 0.00 M M 5.2 16 240 M M 4 21 250
9 74 52 63 -2 2 0 0.00 M M 5.9 17 250 M M 0 21 290
10 72 47 60 -5 5 0 0.00 M M 5.3 15 250 M M 1 1 19 240
11 75 47 61 -4 4 0 0.00 M M 4.8 14 240 M M 0 18 250
12 77 49 63 -2 2 0 0.00 M M 4.3 14 250 M M 2 1 18 240
13 74 52 63 -2 2 0 0.00 M M 5.3 15 250 M M 3 18 19 250
14 75 58 67 2 0 2 0.00 M M 5.3 13 250 M M 3 1 M M
15 79 56 68 3 0 3 0.00 M M 6.3 13 190 M M 1 1 17 180
16 77 59 68 3 0 3 0.00 M M 5.1 13 210 M M 2 18 17 220
17 74 62 68 2 0 3 0.00 M M 4.9 14 240 M M 8 18 19 230
18 72 63 68 2 0 3 0.00 M M 5.0 12 240 M M 10 18 19 240
19 72 63 68 2 0 3 0.00 M M 4.8 13 250 M M 8 17 260
20 71 56 64 -2 1 0 0.00 M M 4.8 14 250 M M 8 18 16 250
21 73 61 67 1 0 2 0.00 M M 5.5 14 250 M M 7 18 19 240
22 74 63 69 3 0 4 0.00 M M 6.5 17 260 M M 5 20 260
23 75 61 68 2 0 3 0.02 M M 6.5 14 60 M M 5 1 17 50
24 74 56 65 -1 0 0 0.00 M M 5.6 17 250 M M 4 23 260
25 73 54 64 -3 1 0 0.00 M M 4.9 15 250 M M 4 20 230
26 74 59 67 0 0 2 0.00 M M 4.6 13 250 M M 3 19 220
27 73 63 68 1 0 3 0.00 M M 5.4 14 240 M M 8 22 230
28 72 64 68 1 0 3 0.00 M M 5.0 13 200 M M 10 18 17 210
29 72 65 69 2 0 4 0.00 M M 4.7 13 220 M M 10 18 15 220
30 74 65 70 3 0 5 0.00 M M 4.1 13 250 M M 9 17 290
================================================================================
SM 2180 1741 27 46 0.04 M 154.9 M 175
================================================================================
AV 72.7 58.0 5.2 FASTST M M 6 MAX(MPH)
MISC ----> # 17 250 23 260
================================================================================
NOTES:
# LAST OF SEVERAL OCCURRENCES
COLUMN 17 PEAK WIND IN M.P.H.
PRELIMINARY LOCAL CLIMATOLOGICAL DATA (WS FORM: F-6) , PAGE 2
STATION: OCEANSIDE AIRPORT CA
MONTH: JUNE
YEAR: 2021
LATITUDE: 33 13 N
LONGITUDE: 117 21 W
[TEMPERATURE DATA] [PRECIPITATION DATA] SYMBOLS USED IN COLUMN 16
AVERAGE MONTHLY: 65.4 TOTAL FOR MONTH: 0.04 1 = FOG OR MIST
DPTR FM NORMAL: -0.2 DPTR FM NORMAL: -0.07 2 = FOG REDUCING VISIBILITY
HIGHEST: 79 ON 15 GRTST 24HR 0.02 ON 7- 7 TO 1/4 MILE OR LESS
LOWEST: 47 ON 11,10 3 = THUNDER
SNOW, ICE PELLETS, HAIL 4 = ICE PELLETS
TOTAL MONTH: M 5 = HAIL
GRTST 24HR M ON M 6 = FREEZING RAIN OR DRIZZLE
GRTST DEPTH: M ON M 7 = DUSTSTORM OR SANDSTORM:
VSBY 1/2 MILE OR LESS
8 = SMOKE OR HAZE
[NO. OF DAYS WITH] [WEATHER - DAYS WITH] 9 = BLOWING SNOW
X = TORNADO
MAX 32 OR BELOW: 0 0.01 INCH OR MORE: 2
MAX 90 OR ABOVE: 0 0.10 INCH OR MORE: 0
MIN 32 OR BELOW: 0 0.50 INCH OR MORE: 0
MIN 0 OR BELOW: 0 1.00 INCH OR MORE: 0
[HDD (BASE 65) ]
TOTAL THIS MO. 27 CLEAR (SCALE 0-3) 6
DPTR FM NORMAL 2 PTCLDY (SCALE 4-7) 14
TOTAL FM JUL 1 1980 CLOUDY (SCALE 8-10) 10
DPTR FM NORMAL 23
[CDD (BASE 65) ]
TOTAL THIS MO. 46
DPTR FM NORMAL 8 [PRESSURE DATA]
TOTAL FM JAN 1 52 HIGHEST SLP 30.11 ON 9
DPTR FM NORMAL -1 LOWEST SLP 29.69 ON 28
[REMARKS]
#FINAL-06-21#