000
CXUS55 KGGW 010910
CF6OLF
PRELIMINARY LOCAL CLIMATOLOGICAL DATA (WS FORM: F-6)
STATION: WOLF POINT MT
MONTH: NOVEMBER
YEAR: 2022
LATITUDE: 48 5 N
LONGITUDE: 105 35 W
TEMPERATURE IN F: :PCPN: SNOW: WIND :SUNSHINE: SKY :PK WND
================================================================================
1 2 3 4 5 6A 6B 7 8 9 10 11 12 13 14 15 16 17 18
12Z AVG MX 2MIN
DY MAX MIN AVG DEP HDD CDD WTR SNW DPTH SPD SPD DIR MIN PSBL S-S WX SPD DR
================================================================================
1 64 31 48 12 17 0 0.00 M M 3.9 12 50 M M 0 14 50
2 50 26 38 2 27 0 0.00 M M 12.7 28 270 M M 2 1 38 260
3 36 15 26 -9 39 0 0.00 M M 11.0 24 290 M M 4 33 270
4 49 13 31 -3 34 0 0.00 M M 4.1 17 230 M M 1 23 240
5 56 26 41 7 24 0 0.07 M M 18.9 43 290 M M 8 68 250
6 30 7 19 -14 46 0 0.00 M M 18.3 35 310 M M 5 48 310
7 29 6 18 -15 47 0 T M M 13.4 29 80 M M 5 37 80
8 28 13 21 -11 44 0 0.04 M M 9.6 18 300 M M 10 25 300
9 14 10 12 -20 53 0 0.05 M M 10.1 16 60 M M 9 20 50
10 12 -19 -3 -34 68 0 0.10 M M 6.8 20 20 M M 8 26 20
11 5 -18 -6 -37 71 0 0.00 M M 3.1 8 50 M M 7 128 10 60
12 7 -15 -4 -34 69 0 0.00 M M 4.4 10 60 M M 7 128 12 60
13 24 7 16 -14 49 0 0.01 M M 5.7 10 260 M M 10 18 13 270
14 29 17 23 -7 42 0 T M M 5.2 16 360 M M 10 18 21 360
15 23 14 19 -10 46 0 T M M 4.2 13 280 M M 10 18 17 280
16 30 16 23 -5 42 0 T M M 14.0 28 340 M M 9 1 39 350
17 20 1 11 -17 54 0 T M M 15.7 28 320 M M 6 18 39 340
18 22 -2 10 -18 55 0 T M M 15.2 29 300 M M 7 36 290
19 25 8 17 -10 48 0 T M M 7.1 15 250 M M 4 18 230
20 30 15 23 -4 42 0 0.00 M M 10.2 20 260 M M 0 25 260
21 27 8 18 -8 47 0 0.00 M M 3.7 12 230 M M 2 18 14 240
22 31 9 20 -6 45 0 0.00 M M 2.9 13 250 M M 0 1 15 240
23 39 15 27 2 38 0 T M M 7.5 18 330 M M 7 24 330
24 39 17 28 3 37 0 0.00 M M 5.5 13 220 M M 0 17 230
25 40 19 30 6 35 0 0.00 M M 4.9 12 230 M M 0 14 230
26 38 18 28 4 37 0 0.00 M M 7.8 16 270 M M 3 21 270
27 42 18 30 6 35 0 0.00 M M 8.6 28 260 M M 5 42 250
28 32 14 23 0 42 0 T M M 24.9 35 280 M M 9 8 49 290
29 14 3 9 -14 56 0 T M M 18.6 29 300 M M 10 8 37 290
30 14 -6 4 -18 61 0 0.00 M M 8.9 15 80 M M 1 M M
================================================================================
SM 899 286 1350 0 0.27 M 286.9 M 159
================================================================================
AV 30.0 9.5 9.6 FASTST M M 5 MAX(MPH)
MISC ----> 43 290 68 250
================================================================================
NOTES:
# LAST OF SEVERAL OCCURRENCES
COLUMN 17 PEAK WIND IN M.P.H.
PRELIMINARY LOCAL CLIMATOLOGICAL DATA (WS FORM: F-6) , PAGE 2
STATION: WOLF POINT MT
MONTH: NOVEMBER
YEAR: 2022
LATITUDE: 48 5 N
LONGITUDE: 105 35 W
[TEMPERATURE DATA] [PRECIPITATION DATA] SYMBOLS USED IN COLUMN 16
AVERAGE MONTHLY: 19.8 TOTAL FOR MONTH: 0.27 1 = FOG OR MIST
DPTR FM NORMAL: -9.1 DPTR FM NORMAL: 0.01 2 = FOG REDUCING VISIBILITY
HIGHEST: 64 ON 1 GRTST 24HR 0.13 ON 9-10 TO 1/4 MILE OR LESS
LOWEST: -19 ON 10 3 = THUNDER
SNOW, ICE PELLETS, HAIL 4 = ICE PELLETS
TOTAL MONTH: M 5 = HAIL
GRTST 24HR M ON M 6 = FREEZING RAIN OR DRIZZLE
GRTST DEPTH: M ON M 7 = DUSTSTORM OR SANDSTORM:
VSBY 1/2 MILE OR LESS
8 = SMOKE OR HAZE
[NO. OF DAYS WITH] [WEATHER - DAYS WITH] 9 = BLOWING SNOW
X = TORNADO
MAX 32 OR BELOW: 20 0.01 INCH OR MORE: 5
MAX 90 OR ABOVE: 0 0.10 INCH OR MORE: 1
MIN 32 OR BELOW: 30 0.50 INCH OR MORE: 0
MIN 0 OR BELOW: 5 1.00 INCH OR MORE: 0
[HDD (BASE 65) ]
TOTAL THIS MO. 1350 CLEAR (SCALE 0-3) 9
DPTR FM NORMAL 267 PTCLDY (SCALE 4-7) 13
TOTAL FM JUL 1 2038 CLOUDY (SCALE 8-10) 8
DPTR FM NORMAL 41
[CDD (BASE 65) ]
TOTAL THIS MO. 0
DPTR FM NORMAL 0 [PRESSURE DATA]
TOTAL FM JAN 1 681 HIGHEST SLP M ON M
DPTR FM NORMAL 173 LOWEST SLP 29.03 ON 5
[REMARKS]
#FINAL-11-22#