000
CXUS56 KOTX 010910
CF6OMK
PRELIMINARY LOCAL CLIMATOLOGICAL DATA (WS FORM: F-6)
STATION: OMAK WA AIRPORT
MONTH: MAY
YEAR: 2022
LATITUDE: 48 27 N
LONGITUDE: 119 31 W
TEMPERATURE IN F: :PCPN: SNOW: WIND :SUNSHINE: SKY :PK WND
================================================================================
1 2 3 4 5 6A 6B 7 8 9 10 11 12 13 14 15 16 17 18
12Z AVG MX 2MIN
DY MAX MIN AVG DEP HDD CDD WTR SNW DPTH SPD SPD DIR MIN PSBL S-S WX SPD DR
================================================================================
1 70 38 54 0 11 0 0.00 M M 7.4 16 150 M M 1 20 150
2 69 48 59 4 6 0 0.00 M M 7.6 20 160 M M 6 23 150
3 76 40 58 3 7 0 0.00 M M 7.6 18 200 M M 0 23 210
4 73 55 64 9 1 0 0.00 M M 9.2 20 150 M M 4 24 140
5 62 49 56 0 9 0 0.02 M M 12.4 32 160 M M 7 40 150
6 58 40 49 -7 16 0 0.04 M M 5.9 18 150 M M 4 23 150
7 65 38 52 -4 13 0 0.07 M M 6.2 24 290 M M 5 31 280
8 58 33 46 -11 19 0 0.01 M M 6.5 23 300 M M 4 30 300
9 60 36 48 -9 17 0 T M M 5.4 25 260 M M 5 32 260
10 65 29 47 -10 18 0 0.00 M M 6.3 16 210 M M 1 22 220
11 67 34 51 -7 14 0 0.00 M M 8.4 21 170 M M 0 25 160
12 64 41 53 -5 12 0 0.15 M M 12.8 26 170 M M 7 33 180
13 62 32 47 -11 18 0 0.00 M M 6.3 16 180 M M 1 23 150
14 57 45 51 -7 14 0 0.08 M M 5.3 16 170 M M 9 20 180
15 59 48 54 -5 11 0 0.26 M M 1.9 10 10 M M 10 12 12 360
16 71 47 59 0 6 0 0.00 M M 8.3 20 190 M M 5 25 190
17 67 44 56 -3 9 0 0.00 M M 8.6 17 170 M M 1 23 180
18 69 42 56 -4 9 0 0.00 M M 12.3 30 240 M M 4 40 240
19 65 37 51 -9 14 0 0.00 M M 7.4 22 10 M M 5 27 10
20 67 43 55 -5 10 0 T M M 8.7 21 300 M M 7 27 300
21 65 43 54 -6 11 0 0.23 M M 7.1 13 180 M M 8 1 21 350
22 73 39 56 -4 9 0 0.00 M M 6.0 13 220 M M 1 15 220
23 70 42 56 -5 9 0 0.02 M M 5.3 15 10 M M 5 8 19 40
24 68 40 54 -7 11 0 T M M 6.2 17 200 M M 3 23 210
25 77 50 64 3 1 0 T M M 5.8 18 160 M M 3 23 150
26 77 47 62 1 3 0 T M M 8.3 18 210 M M 2 22 200
27 74 43 59 -2 6 0 0.00 M M 12.0 22 150 M M 1 29 160
28 69 40 55 -7 10 0 0.00 M M 7.3 17 160 M M 4 22 180
29 72 51 62 0 3 0 0.19 M M 4.5 20 160 M M 9 1 24 160
30 70 51 61 -1 4 0 0.06 M M 4.0 12 300 M M 9 17 340
31 76 50 63 1 2 0 0.01 M M 5.2 30 30 M M 5 37 30
================================================================================
SM 2095 1315 303 0 1.14 M 226.2 M 136
================================================================================
AV 67.6 42.4 7.3 FASTST M M 4 MAX(MPH)
MISC ----> 32 160 # 40 150
================================================================================
NOTES:
# LAST OF SEVERAL OCCURRENCES
COLUMN 17 PEAK WIND IN M.P.H.
PRELIMINARY LOCAL CLIMATOLOGICAL DATA (WS FORM: F-6) , PAGE 2
STATION: OMAK WA AIRPORT
MONTH: MAY
YEAR: 2022
LATITUDE: 48 27 N
LONGITUDE: 119 31 W
[TEMPERATURE DATA] [PRECIPITATION DATA] SYMBOLS USED IN COLUMN 16
AVERAGE MONTHLY: 55.0 TOTAL FOR MONTH: 1.14 1 = FOG OR MIST
DPTR FM NORMAL: -3.8 DPTR FM NORMAL: -0.05 2 = FOG REDUCING VISIBILITY
HIGHEST: 77 ON 26,25 GRTST 24HR 0.26 ON 14-15 TO 1/4 MILE OR LESS
LOWEST: 29 ON 10 3 = THUNDER
SNOW, ICE PELLETS, HAIL 4 = ICE PELLETS
TOTAL MONTH: M 5 = HAIL
GRTST 24HR M ON M 6 = FREEZING RAIN OR DRIZZLE
GRTST DEPTH: M ON M 7 = DUSTSTORM OR SANDSTORM:
VSBY 1/2 MILE OR LESS
8 = SMOKE OR HAZE
[NO. OF DAYS WITH] [WEATHER - DAYS WITH] 9 = BLOWING SNOW
X = TORNADO
MAX 32 OR BELOW: 0 0.01 INCH OR MORE: 12
MAX 90 OR ABOVE: 0 0.10 INCH OR MORE: 4
MIN 32 OR BELOW: 2 0.50 INCH OR MORE: 0
MIN 0 OR BELOW: 0 1.00 INCH OR MORE: 0
[HDD (BASE 65) ]
TOTAL THIS MO. 303 CLEAR (SCALE 0-3) 11
DPTR FM NORMAL 89 PTCLDY (SCALE 4-7) 16
TOTAL FM JUL 1 6318 CLOUDY (SCALE 8-10) 4
DPTR FM NORMAL 219
[CDD (BASE 65) ]
TOTAL THIS MO. 0
DPTR FM NORMAL -20 [PRESSURE DATA]
TOTAL FM JAN 1 0 HIGHEST SLP M ON M
DPTR FM NORMAL -21 LOWEST SLP 29.52 ON 5
[REMARKS]
#FINAL-05-22#