000
CXUS56 KOTX 110330
CF6OMK
PRELIMINARY LOCAL CLIMATOLOGICAL DATA (WS FORM: F-6)
STATION: OMAK WA AIRPORT
MONTH: APRIL
YEAR: 2020
LATITUDE: 48 27 N
LONGITUDE: 119 31 W
TEMPERATURE IN F: :PCPN: SNOW: WIND :SUNSHINE: SKY :PK WND
================================================================================
1 2 3 4 5 6A 6B 7 8 9 10 11 12 13 14 15 16 17 18
12Z AVG MX 2MIN
DY MAX MIN AVG DEP HDD CDD WTR SNW DPTH SPD SPD DIR MIN PSBL S-S WX SPD DR
================================================================================
1 49 31 40 -7 25 0 0.00 M M 17.8 28 10 M M 1 33 10
2 51 25 38 -9 27 0 0.00 M M 8.1 16 240 M M 1 22 240
3 51 22 37 -10 28 0 0.00 M M 8.9 26 20 M M 3 33 10
4 52 28 40 -8 25 0 0.00 M M 7.2 14 350 M M 5 18 360
5 56 34 45 -3 20 0 0.00 M M 8.3 22 360 M M 7 26 10
6 64 38 51 3 14 0 0.00 M M 9.0 20 360 M M 2 23 360
7 69 32 51 3 14 0 0.00 M M 6.5 17 10 M M 0 21 10
8 67 43 55 7 10 0 0.00 M M 10.9 20 340 M M 0 23 350
9 75 38 57 8 8 0 0.00 M M 7.8 15 10 M M 0 23 350
10 75 45 60 11 5 0 0.00 M M 11.0 24 10 M M 1 30 360
11 56 32 44 -5 21 0 0.00 M M 20.9 37 360 M M 2 47 360
12 57 26 42 -7 23 0 0.00 M M 11.5 24 20 M M 0 35 10
13 62 22 42 -8 23 0 0.00 M M 4.8 18 20 M M 0 23 10
14 64 35 50 0 15 0 0.00 M M 5.3 20 10 M M 8 24 20
15 66 36 51 1 14 0 0.00 M M 13.1 33 20 M M 2 42 10
16 64 27 46 -4 19 0 0.00 M M 7.3 20 160 M M 0 24 160
17 67 29 48 -2 17 0 0.00 M M 8.1 20 10 M M 3 24 10
18 71 45 58 8 7 0 0.00 M M 12.9 21 20 M M 3 26 30
19 68 42 55 4 10 0 0.00 M M 4.9 12 300 M M 9 14 300
20 75 39 57 6 8 0 0.00 M M 6.6 20 220 M M 0 24 220
21 74 42 58 7 7 0 0.00 M M 6.8 20 290 M M 1 26 300
22 57 46 52 1 13 0 0.11 M M 6.0 15 360 M M 7 19 360
23 70 41 56 4 9 0 0.00 M M 5.5 16 290 M M 3 20 300
24 68 36 52 0 13 0 0.00 M M 5.8 14 220 M M 1 17 210
25 69 43 56 4 9 0 T M M 9.7 25 190 M M 4 33 270
26 68 33 51 -1 14 0 0.00 M M 7.8 22 150 M M 1 28 150
27 70 40 55 3 10 0 0.00 M M 13.2 28 220 M M 2 34 210
28 70 34 52 -1 13 0 0.00 M M 4.8 12 140 0 0 0 M M
29 75 46 61 8 4 0 0.00 M M 8.1 15 10 M M 2 21 360
30 73 44 59 6 6 0 T M M 9.4 21 20 M M 1 32 200
================================================================================
SM 1953 1074 431 0 0.11 M 268.0 0 69
================================================================================
AV 65.1 35.8 8.9 FASTST 0 0 2 MAX(MPH)
MISC ----> # 37 360 # 47 360
================================================================================
NOTES:
# LAST OF SEVERAL OCCURRENCES
COLUMN 17 PEAK WIND IN M.P.H.
PRELIMINARY LOCAL CLIMATOLOGICAL DATA (WS FORM: F-6) , PAGE 2
STATION: OMAK WA AIRPORT
MONTH: APRIL
YEAR: 2020
LATITUDE: 48 27 N
LONGITUDE: 119 31 W
[TEMPERATURE DATA] [PRECIPITATION DATA] SYMBOLS USED IN COLUMN 16
AVERAGE MONTHLY: 50.5 TOTAL FOR MONTH: 0.11 1 = FOG OR MIST
DPTR FM NORMAL: 0.4 DPTR FM NORMAL: -0.93 2 = FOG REDUCING VISIBILITY
HIGHEST: 75 ON 29,20 GRTST 24HR 0.11 ON 22-22 TO 1/4 MILE OR LESS
LOWEST: 22 ON 13, 3 3 = THUNDER
SNOW, ICE PELLETS, HAIL 4 = ICE PELLETS
TOTAL MONTH: M 5 = HAIL
GRTST 24HR M ON M 6 = FREEZING RAIN OR DRIZZLE
GRTST DEPTH: M ON M 7 = DUSTSTORM OR SANDSTORM:
VSBY 1/2 MILE OR LESS
8 = SMOKE OR HAZE
[NO. OF DAYS WITH] [WEATHER - DAYS WITH] 9 = BLOWING SNOW
X = TORNADO
MAX 32 OR BELOW: 0 0.01 INCH OR MORE: 1
MAX 90 OR ABOVE: 0 0.10 INCH OR MORE: 1
MIN 32 OR BELOW: 10 0.50 INCH OR MORE: 0
MIN 0 OR BELOW: 0 1.00 INCH OR MORE: 0
[HDD (BASE 65) ]
TOTAL THIS MO. 431 CLEAR (SCALE 0-3) 24
DPTR FM NORMAL -18 PTCLDY (SCALE 4-7) 5
TOTAL FM JUL 1 5714 CLOUDY (SCALE 8-10) 1
DPTR FM NORMAL -325
[CDD (BASE 65) ]
TOTAL THIS MO. 0
DPTR FM NORMAL -1 [PRESSURE DATA]
TOTAL FM JAN 1 0 HIGHEST SLP 30.41 ON 13
DPTR FM NORMAL -1 LOWEST SLP 29.60 ON 5
[REMARKS]
COCORAHS SITE WA-OK-24 USED FOR SUPPLEMENTING PRECIPITATION APR 22
#FINAL-04-20#