000
CXUS54 KMRX 011030
CF6OQT
PRELIMINARY LOCAL CLIMATOLOGICAL DATA (WS FORM: F-6)
STATION: OAK RIDGE
MONTH: MARCH
YEAR: 2021
LATITUDE: 36 1 N
LONGITUDE: 84 14 W
TEMPERATURE IN F: :PCPN: SNOW: WIND :SUNSHINE: SKY :PK WND
================================================================================
1 2 3 4 5 6A 6B 7 8 9 10 11 12 13 14 15 16 17 18
12Z AVG MX 2MIN
DY MAX MIN AVG DEP HDD CDD WTR SNW DPTH SPD SPD DIR MIN PSBL S-S WX SPD DR
================================================================================
1 68 39 54 8 11 0 1.11 M M 4.0 15 290 M M 5 1 25 290
2 53 36 45 -1 20 0 0.00 M M 2.3 9 90 M M 0 14 10
3 63 31 47 1 18 0 0.00 M M 0.8 8 280 M M 1 11 290
4 67 33 50 3 15 0 0.00 M M 1.6 14 320 M M 0 27 310
5 53 35 44 -3 21 0 0.00 M M 4.6 13 70 M M 0 22 80
6 55 32 44 -3 21 0 0.00 M M 4.1 13 70 M M 0 21 60
7 60 27 44 -4 21 0 0.00 M M 1.8 14 360 M M 0 25 30
8 66 26 46 -2 19 0 0.00 M M 0.5 9 200 M M 0 15 190
9 69 30 50 2 15 0 0.00 M M 1.9 10 200 M M 0 18 190
10 72 35 54 5 11 0 0.00 M M 3.3 15 200 M M 0 26 190
11 70 50 60 11 5 0 0.00 M M 4.2 16 200 M M 0 26 200
12 74 53 64 15 1 0 0.16 M M 2.2 9 350 M M 8 1 15 270
13 61 54 58 8 7 0 0.02 M M 2.0 9 70 M M 9 1 18 70
14 66 51 59 9 6 0 T M M 3.6 9 60 M M 8 16 70
15 71 51 61 11 4 0 0.04 M M 4.5 14 190 M M 6 25 180
16 58 51 55 5 10 0 T M M 1.6 8 290 M M 10 1 13 250
17 63 55 59 8 6 0 1.30 M M 1.4 8 160 M M 10 1 14 160
18 73 46 60 9 5 0 0.45 M M 6.2 17 280 M M 9 18 35 210
19 56 45 51 0 14 0 0.01 M M 5.0 14 360 M M 8 1 27 10
20 65 35 50 -2 15 0 0.00 M M 3.3 12 90 M M 0 18 80
21 68 35 52 0 13 0 0.00 M M 2.4 10 60 M M 0 18 50
22 72 40 56 4 9 0 0.00 M M 1.7 8 90 M M 0 14 40
23 72 47 60 8 5 0 T M M 1.9 12 190 M M 2 18 250
24 77 55 66 13 0 1 0.00 M M 2.0 14 260 M M 5 23 280
25 65 54 60 7 5 0 1.78 M M 1.3 10 80 M M 8 1 16 270
26 76 52 64 11 1 0 0.10 M M 3.5 13 180 M M 2 1 19 230
27 59 48 54 0 11 0 0.91 M M 1.9 10 290 M M 8 1 18 300
28 64 45 55 1 10 0 1.24 M M 6.6 18 270 M M 7 1 34 260
29 64 34 49 -5 16 0 0.00 M M 1.1 8 150 M M 0 14 20
30 76 37 57 3 8 0 0.00 M M 3.9 15 160 M M 1 24 180
31 67 40 54 -1 11 0 1.34 M M 2.7 13 350 M M 9 1 21 10
================================================================================
SM 2043 1302 334 1 8.46 M 87.9 M 116
================================================================================
AV 65.9 42.0 2.8 FASTST M M 4 MAX(MPH)
MISC ----> 18 270 35 210
================================================================================
NOTES:
# LAST OF SEVERAL OCCURRENCES
COLUMN 17 PEAK WIND IN M.P.H.
PRELIMINARY LOCAL CLIMATOLOGICAL DATA (WS FORM: F-6) , PAGE 2
STATION: OAK RIDGE
MONTH: MARCH
YEAR: 2021
LATITUDE: 36 1 N
LONGITUDE: 84 14 W
[TEMPERATURE DATA] [PRECIPITATION DATA] SYMBOLS USED IN COLUMN 16
AVERAGE MONTHLY: 54.0 TOTAL FOR MONTH: 8.46 1 = FOG OR MIST
DPTR FM NORMAL: 3.6 DPTR FM NORMAL: 3.40 2 = FOG REDUCING VISIBILITY
HIGHEST: 77 ON 24 GRTST 24HR 2.05 ON 27-28 TO 1/4 MILE OR LESS
LOWEST: 26 ON 8 3 = THUNDER
SNOW, ICE PELLETS, HAIL 4 = ICE PELLETS
TOTAL MONTH: M 5 = HAIL
GRTST 24HR M ON M 6 = FREEZING RAIN OR DRIZZLE
GRTST DEPTH: M ON M 7 = DUSTSTORM OR SANDSTORM:
VSBY 1/2 MILE OR LESS
8 = SMOKE OR HAZE
[NO. OF DAYS WITH] [WEATHER - DAYS WITH] 9 = BLOWING SNOW
X = TORNADO
MAX 32 OR BELOW: 0 0.01 INCH OR MORE: 12
MAX 90 OR ABOVE: 0 0.10 INCH OR MORE: 9
MIN 32 OR BELOW: 5 0.50 INCH OR MORE: 6
MIN 0 OR BELOW: 0 1.00 INCH OR MORE: 5
[HDD (BASE 65) ]
TOTAL THIS MO. 334 CLEAR (SCALE 0-3) 17
DPTR FM NORMAL -124 PTCLDY (SCALE 4-7) 8
TOTAL FM JUL 1 3000 CLOUDY (SCALE 8-10) 6
DPTR FM NORMAL -420
[CDD (BASE 65) ]
TOTAL THIS MO. 1
DPTR FM NORMAL -3 [PRESSURE DATA]
TOTAL FM JAN 1 1 HIGHEST SLP 30.63 ON 8
DPTR FM NORMAL -3 LOWEST SLP 29.54 ON 18
[REMARKS]
#FINAL-03-21#