000
CXUS52 KMLB 180622
CF6ORL
PRELIMINARY LOCAL CLIMATOLOGICAL DATA (WS FORM: F-6)
STATION: ORLANDO EXEC
MONTH: APRIL
YEAR: 2024
LATITUDE: 28 32 N
LONGITUDE: 81 20 W
TEMPERATURE IN F: :PCPN: SNOW: WIND :SUNSHINE: SKY :PK WND
================================================================================
1 2 3 4 5 6A 6B 7 8 9 10 11 12 13 14 15 16 17 18
12Z AVG MX 2MIN
DY MAX MIN AVG DEP HDD CDD WTR SNW DPTH SPD SPD DIR MIN PSBL S-S WX SPD DR
================================================================================
1 85 62 74 3 0 9 0.00 0.0 0 6.3 13 190 M M 0 17 180
2 87 65 76 5 0 11 0.00 0.0 0 8.0 17 220 M M 2 27 220
3 86 63 75 4 0 10 0.62 0.0 0 13.7 38 230 M M 7 138 48 240
4 77 60 69 -2 0 4 0.00 0.0 0 11.6 23 290 M M 1 31 240
5 80 54 67 -4 0 2 0.00 0.0 0 10.4 23 280 M M 0 32 260
6 78 59 69 -2 0 4 0.00 0.0 0 6.9 17 70 M M 0 23 360
7 79 54 67 -5 0 2 0.00 0.0 0 6.0 17 80 M M 0 23 80
8 79 56 68 -4 0 3 0.00 0.0 0 8.3 18 80 M M 1 25 100
9 82 60 71 -1 0 6 0.00 0.0 0 9.9 21 150 M M 1 27 120
10 87 65 76 4 0 11 T 0.0 0 12.6 20 120 M M 4 30 140
11 82 69 76 4 0 11 0.43 0.0 0 16.8 28 180 M M 6 13 41 220
12 80 61 71 -1 0 6 0.00 0.0 0 13.4 23 280 M M 1 32 280
13 80 59 70 -2 0 5 0.00 0.0 0 6.4 16 10 M M 0 23 20
14 83 56 70 -3 0 5 0.00 0.0 0 4.5 15 130 M M 0 20 130
15 85 62 74 1 0 9 0.00 0.0 0 5.4 16 120 M M 0 21 120
16 85 60 73 0 0 8 0.00 0.0 0 8.1 21 80 M M 0 27 80
17 85 63 74 1 0 9 0.00 0.0 0 7.9 16 120 M M 0 8 22 110
================================================================================
SM 1400 1028 0 115 1.05 0.0 156.2 M 23
================================================================================
AV 82.4 60.5 9.2 FASTST M M 1 MAX(MPH)
MISC ----> 38 230 48 240
================================================================================
NOTES:
# LAST OF SEVERAL OCCURRENCES
COLUMN 17 PEAK WIND IN M.P.H.
PRELIMINARY LOCAL CLIMATOLOGICAL DATA (WS FORM: F-6) , PAGE 2
STATION: ORLANDO EXEC
MONTH: APRIL
YEAR: 2024
LATITUDE: 28 32 N
LONGITUDE: 81 20 W
[TEMPERATURE DATA] [PRECIPITATION DATA] SYMBOLS USED IN COLUMN 16
AVERAGE MONTHLY: 71.4 TOTAL FOR MONTH: 1.05 1 = FOG OR MIST
DPTR FM NORMAL: -0.5 DPTR FM NORMAL: -0.43 2 = FOG REDUCING VISIBILITY
HIGHEST: 87 ON 10, 2 GRTST 24HR 0.62 ON 3- 3 TO 1/4 MILE OR LESS
LOWEST: 54 ON 7, 5 3 = THUNDER
SNOW, ICE PELLETS, HAIL 4 = ICE PELLETS
TOTAL MONTH: 0.0 INCH 5 = HAIL
GRTST 24HR 0.0 6 = FREEZING RAIN OR DRIZZLE
GRTST DEPTH: 0 7 = DUSTSTORM OR SANDSTORM:
VSBY 1/2 MILE OR LESS
8 = SMOKE OR HAZE
[NO. OF DAYS WITH] [WEATHER - DAYS WITH] 9 = BLOWING SNOW
X = TORNADO
MAX 32 OR BELOW: 0 0.01 INCH OR MORE: 2
MAX 90 OR ABOVE: 0 0.10 INCH OR MORE: 2
MIN 32 OR BELOW: 0 0.50 INCH OR MORE: 1
MIN 0 OR BELOW: 0 1.00 INCH OR MORE: 0
[HDD (BASE 65) ]
TOTAL THIS MO. 0 CLEAR (SCALE 0-3) 14
DPTR FM NORMAL -2 PTCLDY (SCALE 4-7) 3
TOTAL FM JUL 1 355 CLOUDY (SCALE 8-10) 0
DPTR FM NORMAL -108
[CDD (BASE 65) ]
TOTAL THIS MO. 115
DPTR FM NORMAL -8 [PRESSURE DATA]
TOTAL FM JAN 1 411 HIGHEST SLP M ON M
DPTR FM NORMAL 12 LOWEST SLP 29.64 ON 3
[REMARKS]