000
CXUS56 KMFR 011000
CF6OTH
PRELIMINARY LOCAL CLIMATOLOGICAL DATA (WS FORM: F-6)
STATION: NORTH BEND OR
MONTH: SEPTEMBER
YEAR: 2020
LATITUDE: 43 25 N
LONGITUDE: 124 15 W
TEMPERATURE IN F: :PCPN: SNOW: WIND :SUNSHINE: SKY :PK WND
================================================================================
1 2 3 4 5 6A 6B 7 8 9 10 11 12 13 14 15 16 17 18
12Z AVG MX 2MIN
DY MAX MIN AVG DEP HDD CDD WTR SNW DPTH SPD SPD DIR MIN PSBL S-S WX SPD DR
================================================================================
1 72 51 62 3 3 0 0.00 M M 10.6 26 360 M M 0 1 31 360
2 59 49 54 -5 11 0 0.00 M M 7.1 13 280 M M 6 12 M M
3 62 52 57 -2 8 0 0.00 M M 7.2 17 270 M M 6 1 M M
4 68 54 61 2 4 0 0.00 M M 6.1 12 270 M M 8 1 13 270
5 72 53 63 5 2 0 0.00 M M 9.7 22 350 M M 5 26 350
6 68 50 59 1 6 0 0.00 M M 11.7 28 350 M M 1 1 31 350
7 75 48 62 4 3 0 0.00 M M 5.8 25 350 M M 5 128 29 350
8 90 67 79 21 0 14 0.00 M M 11.8 20 80 M M 6 8 28 70
9 84 53 69 11 0 4 0.00 M M 5.3 14 280 M M 8 18 18 90
10 58 50 54 -4 11 0 T M M 3.7 8 290 M M 10 128 10 10
11 59 48 54 -4 11 0 T M M 4.5 9 130 M M 10 128 10 140
12 62 47 55 -3 10 0 T M M 3.7 12 270 M M 10 128 13 280
13 54 49 52 -6 13 0 T M M 2.9 12 280 M M 10 12 14 280
14 70 52 61 3 4 0 0.00 M M 5.9 20 250 M M 7 128 23 260
15 73 58 66 8 0 1 0.00 M M 4.8 15 270 M M 7 18 17 270
16 73 57 65 7 0 0 T M M 5.3 15 250 M M 8 18 21 220
17 70 57 64 7 1 0 0.01 M M 3.8 14 270 M M 9 128 15 260
18 70 55 63 6 2 0 0.61 M M 5.4 18 240 M M 10 1 23 240
19 68 53 61 4 4 0 0.04 M M 5.2 14 340 M M 5 12 16 349
20 74 52 63 6 2 0 0.01 M M 5.6 20 350 M M 3 12 23 350
21 68 51 60 3 5 0 0.02 M M 5.4 14 280 M M 8 12 15 280
22 67 55 61 4 4 0 0.00 M M 5.1 12 150 M M 4 1 14 150
23 77 59 68 11 0 3 0.55 M M 12.9 31 200 M M M 1 38 220
24 70 55 63 7 2 0 0.00 M M 8.1 15 260 M M 7 18 17 250
25 68 55 62 6 3 0 0.12 M M 12.1 25 200 M M 9 1 33 210
26 67 54 61 5 4 0 0.01 M M 4.6 12 280 M M 5 1 13 270
27 73 50 62 6 3 0 0.00 M M 7.7 25 350 M M 0 30 350
28 94 54 74 18 0 9 0.00 M M 7.1 16 70 0 0 0 M M
29 81 55 68 12 0 3 0.00 M M 6.3 9 260 M M 4 18 M M
30 63 56 60 4 5 0 0.00 M M 4.2 8 340 M M 10 18 M M
================================================================================
SM 2109 1599 121 34 1.37 M 199.6 0 181
================================================================================
AV 70.3 53.3 6.7 FASTST 0 0 6 MAX(MPH)
MISC ----> # 31 200 # 38 220
================================================================================
NOTES:
# LAST OF SEVERAL OCCURRENCES
COLUMN 17 PEAK WIND IN M.P.H.
PRELIMINARY LOCAL CLIMATOLOGICAL DATA (WS FORM: F-6) , PAGE 2
STATION: NORTH BEND OR
MONTH: SEPTEMBER
YEAR: 2020
LATITUDE: 43 25 N
LONGITUDE: 124 15 W
[TEMPERATURE DATA] [PRECIPITATION DATA] SYMBOLS USED IN COLUMN 16
AVERAGE MONTHLY: 61.8 TOTAL FOR MONTH: 1.37 1 = FOG OR MIST
DPTR FM NORMAL: 4.4 DPTR FM NORMAL: -0.21 2 = FOG REDUCING VISIBILITY
HIGHEST: 94 ON 28 GRTST 24HR 0.61 ON 18-18 TO 1/4 MILE OR LESS
LOWEST: 47 ON 12 3 = THUNDER
SNOW, ICE PELLETS, HAIL 4 = ICE PELLETS
TOTAL MONTH: M 5 = HAIL
GRTST 24HR M ON M 6 = FREEZING RAIN OR DRIZZLE
GRTST DEPTH: M ON M 7 = DUSTSTORM OR SANDSTORM:
VSBY 1/2 MILE OR LESS
8 = SMOKE OR HAZE
[NO. OF DAYS WITH] [WEATHER - DAYS WITH] 9 = BLOWING SNOW
X = TORNADO
MAX 32 OR BELOW: 0 0.01 INCH OR MORE: 8
MAX 90 OR ABOVE: 2 0.10 INCH OR MORE: 3
MIN 32 OR BELOW: 0 0.50 INCH OR MORE: 2
MIN 0 OR BELOW: 0 1.00 INCH OR MORE: 0
[HDD (BASE 65) ]
TOTAL THIS MO. 121 CLEAR (SCALE 0-3) 5
DPTR FM NORMAL -108 PTCLDY (SCALE 4-7) 16
TOTAL FM JUL 1 406 CLOUDY (SCALE 8-10) 8
DPTR FM NORMAL -202
[CDD (BASE 65) ]
TOTAL THIS MO. 34
DPTR FM NORMAL 33 [PRESSURE DATA]
TOTAL FM JAN 1 42 HIGHEST SLP 30.34 ON 27
DPTR FM NORMAL 40 LOWEST SLP 29.73 ON 9
[REMARKS]
#FINAL-09-20#