000
CXUS56 KMFR 011000
CF6OTH
PRELIMINARY LOCAL CLIMATOLOGICAL DATA (WS FORM: F-6)
STATION: NORTH BEND OR
MONTH: APRIL
YEAR: 2020
LATITUDE: 43 25 N
LONGITUDE: 124 15 W
TEMPERATURE IN F: :PCPN: SNOW: WIND :SUNSHINE: SKY :PK WND
================================================================================
1 2 3 4 5 6A 6B 7 8 9 10 11 12 13 14 15 16 17 18
12Z AVG MX 2MIN
DY MAX MIN AVG DEP HDD CDD WTR SNW DPTH SPD SPD DIR MIN PSBL S-S WX SPD DR
================================================================================
1 51 37 44 -4 21 0 0.23 M M 9.6 16 280 M M 7 1 17 240
2 51 37 44 -4 21 0 0.01 M M 6.8 17 310 M M 5 1 21 310
3 50 34 42 -6 23 0 0.03 M M 7.6 17 260 M M 6 1 22 260
4 49 36 43 -5 22 0 0.67 M M 4.3 12 240 M M 9 1 14 240
5 54 42 48 0 17 0 0.20 M M 7.3 21 250 M M 6 24 250
6 53 44 49 1 16 0 0.19 M M 7.5 17 350 M M 9 1 21 350
7 54 38 46 -2 19 0 T M M 10.9 29 350 M M 1 12 35 360
8 57 38 48 0 17 0 T M M 10.6 25 350 M M 2 12 30 360
9 59 41 50 2 15 0 T M M 11.4 29 360 M M 6 12 35 360
10 55 47 51 2 14 0 T M M 11.5 20 10 M M 10 1 25 360
11 54 44 49 0 16 0 T M M 10.7 21 360 M M 6 1 26 340
12 57 36 47 -2 18 0 0.00 M M 10.6 23 360 M M 1 1 29 10
13 61 36 49 0 16 0 0.00 M M 9.6 28 360 M M 0 33 360
14 58 36 47 -2 18 0 T M M 10.5 23 360 M M 2 1 28 360
15 57 45 51 2 14 0 T M M 8.6 20 10 M M 8 1 24 350
16 74 43 59 10 6 0 0.00 M M 8.4 20 70 M M 2 25 50
17 71 47 59 10 6 0 0.00 M M 9.9 18 250 M M 1 21 250
18 55 47 51 2 14 0 T M M 5.0 13 300 M M 10 8 17 280
19 57 44 51 2 14 0 0.00 M M 6.2 15 300 M M 3 18 310
20 54 43 49 -1 16 0 0.00 M M 5.0 10 340 M M 10 1 13 330
21 57 47 52 2 13 0 T M M 4.4 12 300 M M 7 1 16 290
22 60 48 54 4 11 0 0.38 M M 10.5 23 210 M M 10 1 30 200
23 58 50 54 4 11 0 0.08 M M 6.7 13 270 M M 8 1 15 260
24 61 50 56 6 9 0 0.48 M M 6.4 16 250 M M 9 1 18 250
25 58 46 52 2 13 0 0.16 M M 7.2 15 230 M M 9 1 18 23
26 56 43 50 0 15 0 0.03 M M 6.9 16 170 M M 5 1 21 140
27 62 51 57 7 8 0 0.23 M M 9.8 20 220 M M 10 1 25 220
28 63 53 58 7 7 0 0.01 M M 6.4 10 350 M M 4 1 M M
29 65 52 59 8 6 0 0.01 M M 8.2 17 230 M M 10 1 27 190
30 58 44 51 0 14 0 T M M 6.5 12 290 M M 3 1 M M
================================================================================
SM 1729 1299 430 0 2.71 M 245.0 M 179
================================================================================
AV 57.6 43.3 8.2 FASTST M M 6 MAX(MPH)
MISC ----> # 29 350 # 35 360
================================================================================
NOTES:
# LAST OF SEVERAL OCCURRENCES
COLUMN 17 PEAK WIND IN M.P.H.
PRELIMINARY LOCAL CLIMATOLOGICAL DATA (WS FORM: F-6) , PAGE 2
STATION: NORTH BEND OR
MONTH: APRIL
YEAR: 2020
LATITUDE: 43 25 N
LONGITUDE: 124 15 W
[TEMPERATURE DATA] [PRECIPITATION DATA] SYMBOLS USED IN COLUMN 16
AVERAGE MONTHLY: 50.5 TOTAL FOR MONTH: 2.71 1 = FOG OR MIST
DPTR FM NORMAL: 1.3 DPTR FM NORMAL: -2.46 2 = FOG REDUCING VISIBILITY
HIGHEST: 74 ON 16 GRTST 24HR 0.67 ON 4- 4 TO 1/4 MILE OR LESS
LOWEST: 34 ON 3 3 = THUNDER
SNOW, ICE PELLETS, HAIL 4 = ICE PELLETS
TOTAL MONTH: M 5 = HAIL
GRTST 24HR M ON M 6 = FREEZING RAIN OR DRIZZLE
GRTST DEPTH: M ON M 7 = DUSTSTORM OR SANDSTORM:
VSBY 1/2 MILE OR LESS
8 = SMOKE OR HAZE
[NO. OF DAYS WITH] [WEATHER - DAYS WITH] 9 = BLOWING SNOW
X = TORNADO
MAX 32 OR BELOW: 0 0.01 INCH OR MORE: 14
MAX 90 OR ABOVE: 0 0.10 INCH OR MORE: 8
MIN 32 OR BELOW: 0 0.50 INCH OR MORE: 1
MIN 0 OR BELOW: 0 1.00 INCH OR MORE: 0
[HDD (BASE 65) ]
TOTAL THIS MO. 430 CLEAR (SCALE 0-3) 7
DPTR FM NORMAL -44 PTCLDY (SCALE 4-7) 12
TOTAL FM JUL 1 3805 CLOUDY (SCALE 8-10) 11
DPTR FM NORMAL -381
[CDD (BASE 65) ]
TOTAL THIS MO. 0
DPTR FM NORMAL 0 [PRESSURE DATA]
TOTAL FM JAN 1 0 HIGHEST SLP 30.44 ON 14
DPTR FM NORMAL 0 LOWEST SLP 29.50 ON 5
[REMARKS]
#FINAL-04-20#