000
CXUS53 KDMX 050156
CF6OTM
PRELIMINARY LOCAL CLIMATOLOGICAL DATA (WS FORM: F-6)
STATION: OTTUMWA IA
MONTH: OCTOBER
YEAR: 2022
LATITUDE: 41 6 N
LONGITUDE: 92 27 W
TEMPERATURE IN F: :PCPN: SNOW: WIND :SUNSHINE: SKY :PK WND
================================================================================
1 2 3 4 5 6A 6B 7 8 9 10 11 12 13 14 15 16 17 18
12Z AVG MX 2MIN
DY MAX MIN AVG DEP HDD CDD WTR SNW DPTH SPD SPD DIR MIN PSBL S-S WX SPD DR
================================================================================
1 74 40 57 -2 8 0 0.00 0.0 0 5.5 12 110 M M 0 15 90
2 75 42 59 0 6 0 0.00 0.0 0 5.3 13 90 M M 0 17 120
3 74 44 59 0 6 0 0.00 0.0 0 6.1 12 150 M M 0 1 15 140
4 74 41 58 0 7 0 0.00 0.0 0 6.8 14 160 M M 0 19 170
5 73 45 59 1 6 0 0.05 0.0 0 4.4 14 140 M M 5 3 17 130
6 72 44 58 1 7 0 T 0.0 0 11.2 25 340 M M 1 1 33 320
7 57 32 45 -12 20 0 0.00 0.0 0 8.1 17 350 M M 2 8 23 30
8 60 29 45 -11 20 0 0.00 0.0 0 7.9 18 230 M M 0 24 230
9 73 41 57 1 8 0 0.00 0.0 0 6.5 14 250 M M 0 8 19 250
10 77 38 58 2 7 0 0.00 0.0 0 4.7 13 210 M M 0 18 19 160
11 70 55 63 8 2 0 0.06 0.0 0 12.9 22 190 M M 5 1 32 200
12 70 39 55 0 10 0 0.06 0.0 0 12.3 35 320 M M 4 3 47 320
13 55 31 43 -11 22 0 0.00 0.0 0 12.4 35 300 M M 3 48 310
14 62 31 47 -7 18 0 T 0.0 0 11.2 29 290 M M 2 41 290
15 63 27 45 -8 20 0 0.00 0.0 0 8.1 18 230 M M 1 24 250
16 58 36 47 -6 18 0 0.00 0.0 0 11.6 28 330 M M 3 34 330
17 44 27 36 -16 29 0 0.00 0.0 0 17.0 26 340 M M 0 38 330
18 47 22 35 -17 30 0 0.00 0.0 0 14.0 22 320 M M 0 32 310
19 50 19 35 -17 30 0 0.00 0.0 0 8.9 15 260 M M 0 8 23 290
20 70 31 51 0 14 0 0.00 0.0 0 6.7 18 320 M M 0 8 27 290
21 84 42 63 12 2 0 0.00 0.0 0 11.8 21 230 M M 0 28 210
22 87 55 71 21 0 6 0.00 0.0 0 15.1 28 160 M M 0 39 150
23 82 63 73 23 0 8 0.02 0.0 0 20.1 30 180 M M 1 3 41 170
24 75 45 60 11 5 0 1.22 0.0 0 13.8 28 180 M M 6 13 37 190
25 47 39 43 -6 22 0 0.00 0.0 0 12.8 37 350 M M 4 45 350
26 58 35 47 -1 18 0 0.00 0.0 0 5.9 13 320 M M 0 8 17 330
27 59 39 49 1 16 0 0.00 0.0 0 8.8 18 120 M M 0 24 120
28 62 35 49 1 16 0 0.00 0.0 0 5.8 9 120 M M 0 1 12 120
29 65 31 48 1 17 0 0.00 0.0 0 4.6 10 130 M M 0 18 15 100
30 64 44 54 7 11 0 0.00 0.0 0 5.9 13 50 M M 2 15 40
31 66 40 53 7 12 0 0.00 0.0 0 4.9 12 290 M M 0 18 15 300
================================================================================
SM 2047 1182 407 14 1.41 0.0 291.1 M 39
================================================================================
AV 66.0 38.1 9.4 FASTST M M 1 MAX(MPH)
MISC ----> 37 350 48 310
================================================================================
NOTES:
# LAST OF SEVERAL OCCURRENCES
COLUMN 17 PEAK WIND IN M.P.H.
PRELIMINARY LOCAL CLIMATOLOGICAL DATA (WS FORM: F-6) , PAGE 2
STATION: OTTUMWA IA
MONTH: OCTOBER
YEAR: 2022
LATITUDE: 41 6 N
LONGITUDE: 92 27 W
[TEMPERATURE DATA] [PRECIPITATION DATA] SYMBOLS USED IN COLUMN 16
AVERAGE MONTHLY: 52.1 TOTAL FOR MONTH: 1.41 1 = FOG OR MIST
DPTR FM NORMAL: -0.8 DPTR FM NORMAL: -1.40 2 = FOG REDUCING VISIBILITY
HIGHEST: 87 ON 22 GRTST 24HR 1.22 ON 24-24 TO 1/4 MILE OR LESS
LOWEST: 19 ON 19 3 = THUNDER
SNOW, ICE PELLETS, HAIL 4 = ICE PELLETS
TOTAL MONTH: 0.0 INCH 5 = HAIL
GRTST 24HR 0.0 6 = FREEZING RAIN OR DRIZZLE
GRTST DEPTH: 0 7 = DUSTSTORM OR SANDSTORM:
VSBY 1/2 MILE OR LESS
8 = SMOKE OR HAZE
[NO. OF DAYS WITH] [WEATHER - DAYS WITH] 9 = BLOWING SNOW
X = TORNADO
MAX 32 OR BELOW: 0 0.01 INCH OR MORE: 5
MAX 90 OR ABOVE: 0 0.10 INCH OR MORE: 1
MIN 32 OR BELOW: 10 0.50 INCH OR MORE: 1
MIN 0 OR BELOW: 0 1.00 INCH OR MORE: 1
[HDD (BASE 65) ]
TOTAL THIS MO. 407 CLEAR (SCALE 0-3) 25
DPTR FM NORMAL 16 PTCLDY (SCALE 4-7) 6
TOTAL FM JUL 1 486 CLOUDY (SCALE 8-10) 0
DPTR FM NORMAL -12
[CDD (BASE 65) ]
TOTAL THIS MO. 14
DPTR FM NORMAL -2 [PRESSURE DATA]
TOTAL FM JAN 1 1139 HIGHEST SLP 30.51 ON 7
DPTR FM NORMAL 154 LOWEST SLP 29.54 ON 23
[REMARKS]
#FINAL-10-22#