000
CXUS56 KLOX 011155
CF6OXR
PRELIMINARY LOCAL CLIMATOLOGICAL DATA (WS FORM: F-6)
STATION: OXNARD AIRPORT CA
MONTH: JULY
YEAR: 2023
LATITUDE: 34 12 N
LONGITUDE: 119 12 W
TEMPERATURE IN F: :PCPN: SNOW: WIND :SUNSHINE: SKY :PK WND
================================================================================
1 2 3 4 5 6A 6B 7 8 9 10 11 12 13 14 15 16 17 18
12Z AVG MX 2MIN
DY MAX MIN AVG DEP HDD CDD WTR SNW DPTH SPD SPD DIR MIN PSBL S-S WX SPD DR
================================================================================
1 68 57 63 -3 2 0 0.00 M M 4.6 13 280 M M 9 128 17 240
2 66 57 62 -4 3 0 0.00 M M 7.6 15 290 M M 9 1 21 270
3 66 56 61 -5 4 0 0.00 M M 7.5 15 270 M M 9 1 19 280
4 65 57 61 -5 4 0 0.00 M M 8.4 17 290 M M 9 18 22 300
5 68 57 63 -3 2 0 0.00 M M 8.4 20 270 M M 6 1 26 270
6 68 57 63 -3 2 0 0.00 M M 9.4 18 280 M M 4 24 280
7 69 59 64 -2 1 0 0.00 M M 7.4 15 270 M M 3 22 290
8 69 58 64 -2 1 0 0.00 M M 6.2 14 260 M M 3 8 19 240
9 69 56 63 -3 2 0 0.00 M M 7.5 16 270 M M 2 22 280
10 71 55 63 -3 2 0 0.00 M M 6.0 15 270 M M 1 1 21 230
11 68 58 63 -4 2 0 0.00 M M M M M M M M M M
12 71 56 64 -3 1 0 0.00 M M M M M M M 0 M M
13 72 57 65 -2 0 0 0.00 M M 8.2 12 270 M M 0 17 250
14 74 57 66 -1 0 1 0.00 M M 8.1 16 280 M M 0 21 280
15 70 58 64 -3 1 0 0.00 M M 4.8 13 260 M M 2 1 23 180
16 72 59 66 -1 0 1 0.00 M M 5.2 12 230 M M 5 1 17 240
17 74 61 68 1 0 3 0.00 M M 6.9 10 250 M M 4 1 15 260
18 74 62 68 1 0 3 0.00 M M 6.7 14 260 M M 2 1 20 260
19 72 62 67 0 0 2 0.00 M M 8.1 15 270 M M 4 1 20 280
20 74 60 67 0 0 2 0.00 M M 7.4 14 270 M M 2 12 18 270
21 71 60 66 -1 0 1 0.00 M M 6.1 15 200 M M 3 18 21 190
22 73 61 67 0 0 2 0.00 M M 5.1 13 300 M M 6 18 18 170
23 74 62 68 1 0 3 0.00 M M 6.5 14 270 M M 6 18 21 120
24 71 61 66 -1 0 1 0.00 M M 6.9 15 270 M M 6 128 20 270
25 82 64 73 6 0 8 0.00 M M 5.4 16 270 M M 1 18 21 260
26 81 64 73 6 0 8 0.00 M M 6.8 17 280 M M 0 22 260
27 75 61 68 1 0 3 0.00 M M 5.6 14 270 M M 0 18 19 250
28 75 64 70 3 0 5 0.00 M M 5.2 12 260 M M 2 18 18 270
29 75 65 70 3 0 5 0.00 M M 5.7 16 280 M M 4 18 23 280
30 75 63 69 2 0 4 0.00 M M 4.8 17 170 M M 3 18 27 220
31 80 65 73 6 0 8 0.00 M M 6.3 20 270 M M 3 128 23 270
================================================================================
SM 2232 1849 27 60 0.00 M 192.8 M 108
================================================================================
AV 72.0 59.6 6.6 FASTST M M 4 MAX(MPH)
MISC ----> # 20 270 27 220
================================================================================
NOTES:
# LAST OF SEVERAL OCCURRENCES
COLUMN 17 PEAK WIND IN M.P.H.
PRELIMINARY LOCAL CLIMATOLOGICAL DATA (WS FORM: F-6) , PAGE 2
STATION: OXNARD AIRPORT CA
MONTH: JULY
YEAR: 2023
LATITUDE: 34 12 N
LONGITUDE: 119 12 W
[TEMPERATURE DATA] [PRECIPITATION DATA] SYMBOLS USED IN COLUMN 16
AVERAGE MONTHLY: 65.8 TOTAL FOR MONTH: 0.00 1 = FOG OR MIST
DPTR FM NORMAL: -0.9 DPTR FM NORMAL: -0.02 2 = FOG REDUCING VISIBILITY
HIGHEST: 82 ON 25 GRTST 24HR 0.00 ON 1- 1 TO 1/4 MILE OR LESS
LOWEST: 55 ON 10 3 = THUNDER
SNOW, ICE PELLETS, HAIL 4 = ICE PELLETS
TOTAL MONTH: M 5 = HAIL
GRTST 24HR M ON M 6 = FREEZING RAIN OR DRIZZLE
GRTST DEPTH: M ON M 7 = DUSTSTORM OR SANDSTORM:
VSBY 1/2 MILE OR LESS
8 = SMOKE OR HAZE
[NO. OF DAYS WITH] [WEATHER - DAYS WITH] 9 = BLOWING SNOW
X = TORNADO
MAX 32 OR BELOW: 0 0.01 INCH OR MORE: 0
MAX 90 OR ABOVE: 0 0.10 INCH OR MORE: 0
MIN 32 OR BELOW: 0 0.50 INCH OR MORE: 0
MIN 0 OR BELOW: 0 1.00 INCH OR MORE: 0
[HDD (BASE 65) ]
TOTAL THIS MO. 27 CLEAR (SCALE 0-3) 15
DPTR FM NORMAL 13 PTCLDY (SCALE 4-7) 11
TOTAL FM JUL 1 27 CLOUDY (SCALE 8-10) 5
DPTR FM NORMAL 21
[CDD (BASE 65) ]
TOTAL THIS MO. 60
DPTR FM NORMAL -8 [PRESSURE DATA]
TOTAL FM JAN 1 63 HIGHEST SLP 30.01 ON 24
DPTR FM NORMAL -42 LOWEST SLP 29.80 ON 22
[REMARKS]
#FINAL-07-23#