000
CXUS53 KDDC 011510
CF6P28
PRELIMINARY LOCAL CLIMATOLOGICAL DATA (WS FORM: F-6)
STATION: MEDICINE LODGE KS
MONTH: OCTOBER
YEAR: 2023
LATITUDE: 37 17 N
LONGITUDE: 98 35 W
TEMPERATURE IN F: :PCPN: SNOW: WIND :SUNSHINE: SKY :PK WND
================================================================================
1 2 3 4 5 6A 6B 7 8 9 10 11 12 13 14 15 16 17 18
12Z AVG MX 2MIN
DY MAX MIN AVG DEP HDD CDD WTR SNW DPTH SPD SPD DIR MIN PSBL S-S WX SPD DR
================================================================================
1 92 67 80 15 0 15 0.00 0.0 0 10.0 22 180 M M 0 35 170
2 90 65 78 13 0 13 0.00 0.0 0 8.7 20 180 M M 0 27 170
3 87 66 77 13 0 12 0.19 0.0 0 11.2 26 180 M M 0 40 180
4 78 60 69 5 0 4 0.08 0.0 0 8.4 20 20 M M 0 27 20
5 85 49 67 4 0 2 0.00 0.0 0 8.3 23 360 M M 0 32 330
6 62 40 51 -12 14 0 0.01 0.0 0 7.1 29 30 M M 0 42 20
7 67 33 50 -12 15 0 0.00 0.0 0 3.9 12 170 M M 0 16 210
8 84 40 62 0 3 0 0.00 0.0 0 2.6 8 180 M M 0 12 170
9 81 50 66 4 0 1 0.00 0.0 0 6.0 15 50 M M 0 20 30
10 86 55 71 10 0 6 0.00 0.0 0 9.0 17 150 M M 0 28 140
11 88 61 75 14 0 10 0.00 0.0 0 13.5 29 170 M M 0 42 170
12 91 64 78 18 0 13 0.00 0.0 0 15.1 29 220 M M 0 42 220
13 67 49 58 -2 7 0 0.00 0.0 0 15.4 31 310 M M 0 46 310
14 62 44 53 -6 12 0 0.00 0.0 0 13.4 23 340 M M 0 34 360
15 64 39 52 -7 13 0 0.00 0.0 0 9.4 21 350 M M 0 30 340
16 70 30 50 -8 15 0 0.00 0.0 0 4.0 14 360 M M 0 19 340
17 81 37 59 1 6 0 0.00 0.0 0 7.2 18 180 M M 0 27 180
18 78 44 61 3 4 0 0.00 0.0 0 8.1 30 10 M M 0 42 360
19 90 41 66 9 0 1 0.00 0.0 0 5.8 16 280 M M 0 25 290
20 93 46 70 13 0 5 0.00 0.0 0 4.6 13 220 M M 0 19 220
21 89 47 68 12 0 3 0.00 0.0 0 7.1 18 80 M M 0 28 80
22 91 58 75 19 0 10 0.00 0.0 0 11.7 28 170 M M 0 39 170
23 88 64 76 21 0 11 0.00 0.0 0 13.6 25 180 M M 0 38 190
24 73 63 68 13 0 3 0.16 0.0 0 7.4 23 180 M M 0 33 180
25 73 65 69 15 0 4 0.11 0.0 0 7.9 20 260 M M 0 33 270
26 85 64 75 21 0 10 0.00 0.0 0 11.5 23 190 M M 0 32 190
27 65 39 52 -2 13 0 0.00 0.0 0 14.9 26 360 M M 0 42 360
28 41 33 37 -16 28 0 0.61 0.0 0 11.3 23 60 M M 0 32 50
29 40 30 35 -18 30 0 0.03 0.0 0 14.8 24 360 M M 0 35 10
30 50 23 37 -15 28 0 0.00 0.0 0 4.8 13 300 M M 0 18 300
31 48 25 37 -15 28 0 0.00 0.0 0 9.4 22 10 M M 0 32 360
================================================================================
SM 2339 1491 216 123 1.19 0.0 286.1 M 0
================================================================================
AV 75.5 48.1 9.2 FASTST M M 0 MAX(MPH)
MISC ----> 31 310 46 310
================================================================================
NOTES:
# LAST OF SEVERAL OCCURRENCES
COLUMN 17 PEAK WIND IN M.P.H.
PRELIMINARY LOCAL CLIMATOLOGICAL DATA (WS FORM: F-6) , PAGE 2
STATION: MEDICINE LODGE KS
MONTH: OCTOBER
YEAR: 2023
LATITUDE: 37 17 N
LONGITUDE: 98 35 W
[TEMPERATURE DATA] [PRECIPITATION DATA] SYMBOLS USED IN COLUMN 16
AVERAGE MONTHLY: 61.8 TOTAL FOR MONTH: 1.19 1 = FOG OR MIST
DPTR FM NORMAL: 3.3 DPTR FM NORMAL: -1.25 2 = FOG REDUCING VISIBILITY
HIGHEST: 93 ON 20 GRTST 24HR 0.63 ON 28-29 TO 1/4 MILE OR LESS
LOWEST: 23 ON 30 3 = THUNDER
SNOW, ICE PELLETS, HAIL 4 = ICE PELLETS
TOTAL MONTH: 0.0 INCH 5 = HAIL
GRTST 24HR 0.0 6 = FREEZING RAIN OR DRIZZLE
GRTST DEPTH: 0 7 = DUSTSTORM OR SANDSTORM:
VSBY 1/2 MILE OR LESS
8 = SMOKE OR HAZE
[NO. OF DAYS WITH] [WEATHER - DAYS WITH] 9 = BLOWING SNOW
X = TORNADO
MAX 32 OR BELOW: 0 0.01 INCH OR MORE: 7
MAX 90 OR ABOVE: 6 0.10 INCH OR MORE: 4
MIN 32 OR BELOW: 4 0.50 INCH OR MORE: 1
MIN 0 OR BELOW: 0 1.00 INCH OR MORE: 0
[HDD (BASE 65) ]
TOTAL THIS MO. 216
DPTR FM NORMAL -27
TOTAL FM JUL 1 217
DPTR FM NORMAL -57
[CDD (BASE 65) ]
TOTAL THIS MO. 123
DPTR FM NORMAL 81 [PRESSURE DATA]
TOTAL FM JAN 1 1885 HIGHEST SLP 30.58 ON 31
DPTR FM NORMAL 65 LOWEST SLP 29.26 ON 12
[REMARKS]
#FINAL-10-23#