000
CXUS54 KLZK 011130
CF6PBF
PRELIMINARY LOCAL CLIMATOLOGICAL DATA (WS FORM: F-6)
STATION: PINE BLUFF
MONTH: SEPTEMBER
YEAR: 2021
LATITUDE: 34 10 N
LONGITUDE: 91 56 W
TEMPERATURE IN F: :PCPN: SNOW: WIND :SUNSHINE: SKY :PK WND
================================================================================
1 2 3 4 5 6A 6B 7 8 9 10 11 12 13 14 15 16 17 18
12Z AVG MX 2MIN
DY MAX MIN AVG DEP HDD CDD WTR SNW DPTH SPD SPD DIR MIN PSBL S-S WX SPD DR
================================================================================
1 101 75 88 9 0 23 0.10 0.0 0 4.6 18 290 M M 1 3 25 290
2 93 73 83 5 0 18 0.00 0.0 0 4.9 10 120 M M 3 14 60
3 91 68 80 2 0 15 0.00 0.0 0 2.8 8 170 M M 3 10 170
4 95 68 82 4 0 17 0.00 0.0 0 4.8 13 150 M M 1 18 15 150
5 89 72 81 3 0 16 T 0.0 0 7.9 18 20 M M 3 8 24 20
6 90 64 77 -1 0 12 0.00 0.0 0 5.9 17 20 M M 0 18 21 10
7 93 59 76 -1 0 11 0.00 0.0 0 1.8 12 350 M M 0 18 16 10
8 91 62 77 0 0 12 0.00 0.0 0 5.7 16 330 M M 2 8 23 300
9 90 60 75 -2 0 10 0.00 0.0 0 4.5 16 10 M M 0 20 10
10 92 58 75 -1 0 10 0.00 0.0 0 2.4 9 150 M M 0 12 160
11 90 61 76 0 0 11 0.00 0.0 M 3.7 12 120 M M 0 8 15 150
12 93 60 77 1 0 12 0.00 0.0 0 3.2 13 160 M M 0 1 18 140
13 87 69 78 2 0 13 T 0.0 0 6.0 17 210 M M 5 18 21 210
14 91 69 80 5 0 15 T 0.0 0 4.4 20 180 M M 2 1 25 180
15 89 67 78 3 0 13 0.00 0.0 M 4.8 21 100 M M 2 18 38 90
16 88 69 79 4 0 14 0.00 0.0 0 7.3 15 100 M M 3 1 22 90
17 82 72 77 3 0 12 0.18 0.0 0 6.9 17 20 M M 8 138 21 20
18 87 72 80 6 0 15 0.01 0.0 0 5.2 15 90 M M 5 1 21 70
19 88 70 79 5 0 14 1.24 0.0 0 4.7 24 140 M M 6 138 36 140
20 92 67 80 6 0 15 0.00 0.0 0 3.4 10 170 M M 3 12 14 170
21 85 65 75 2 0 10 0.66 0.0 0 6.9 22 340 M M 5 138 40 330
22 80 57 69 -4 0 4 0.00 0.0 0 8.9 22 330 M M 0 26 340
23 80 52 66 -6 0 1 0.00 0.0 0 1.4 10 10 M M 0 13 10
24 83 52 68 -4 0 3 0.00 0.0 0 3.2 10 270 M M M 13 240
25 87 55 71 -1 0 6 0.00 0.0 0 3.2 13 270 M M M 17 280
26 89 57 73 2 0 8 0.00 0.0 0 3.4 12 210 M M M 17 200
27 89 59 74 3 0 9 0.00 0.0 0 3.7 14 200 M M M 25 150
28 86 66 76 5 0 11 T 0.0 0 4.2 12 290 M M 4 138 15 300
29 86 69 78 8 0 13 0.00 0.0 0 5.0 15 80 M M 6 128 34 40
30 85 73 79 9 0 14 0.09 0.0 0 4.0 13 20 M M 8 13 17 60
================================================================================
SM 2662 1940 0 357 2.28 0.0 138.8 M 70
================================================================================
AV 88.7 64.7 4.6 FASTST M M 3 MAX(MPH)
MISC ----> 24 140 40 330
================================================================================
NOTES:
# LAST OF SEVERAL OCCURRENCES
COLUMN 17 PEAK WIND IN M.P.H.
PRELIMINARY LOCAL CLIMATOLOGICAL DATA (WS FORM: F-6) , PAGE 2
STATION: PINE BLUFF
MONTH: SEPTEMBER
YEAR: 2021
LATITUDE: 34 10 N
LONGITUDE: 91 56 W
[TEMPERATURE DATA] [PRECIPITATION DATA] SYMBOLS USED IN COLUMN 16
AVERAGE MONTHLY: 76.7 TOTAL FOR MONTH: 2.28 1 = FOG OR MIST
DPTR FM NORMAL: 2.0 DPTR FM NORMAL: -0.81 2 = FOG REDUCING VISIBILITY
HIGHEST: 101 ON 1 GRTST 24HR 1.24 ON 19-19 TO 1/4 MILE OR LESS
LOWEST: 52 ON 24,23 3 = THUNDER
SNOW, ICE PELLETS, HAIL 4 = ICE PELLETS
TOTAL MONTH: 0.0 INCH 5 = HAIL
GRTST 24HR 0.0 6 = FREEZING RAIN OR DRIZZLE
GRTST DEPTH: 0 7 = DUSTSTORM OR SANDSTORM:
VSBY 1/2 MILE OR LESS
8 = SMOKE OR HAZE
[NO. OF DAYS WITH] [WEATHER - DAYS WITH] 9 = BLOWING SNOW
X = TORNADO
MAX 32 OR BELOW: 0 0.01 INCH OR MORE: 6
MAX 90 OR ABOVE: 13 0.10 INCH OR MORE: 4
MIN 32 OR BELOW: 0 0.50 INCH OR MORE: 2
MIN 0 OR BELOW: 0 1.00 INCH OR MORE: 1
[HDD (BASE 65) ]
TOTAL THIS MO. 0 CLEAR (SCALE 0-3) 18
DPTR FM NORMAL -8 PTCLDY (SCALE 4-7) 8
TOTAL FM JUL 1 0 CLOUDY (SCALE 8-10) 4
DPTR FM NORMAL -5
[CDD (BASE 65) ]
TOTAL THIS MO. 357
DPTR FM NORMAL 58 [PRESSURE DATA]
TOTAL FM JAN 1 2260 HIGHEST SLP 30.24 ON 22
DPTR FM NORMAL 204 LOWEST SLP 29.76 ON 1
[REMARKS]
#FINAL-09-21#