000
CXUS52 KFFC 011010
CF6PDK
PRELIMINARY LOCAL CLIMATOLOGICAL DATA (WS FORM: F-6)
STATION: DEKALB PEACHTREE AIRPORT
MONTH: MARCH
YEAR: 2022
LATITUDE: 33 52 N
LONGITUDE: 84 18 W
TEMPERATURE IN F: :PCPN: SNOW: WIND :SUNSHINE: SKY :PK WND
================================================================================
1 2 3 4 5 6A 6B 7 8 9 10 11 12 13 14 15 16 17 18
12Z AVG MX 2MIN
DY MAX MIN AVG DEP HDD CDD WTR SNW DPTH SPD SPD DIR MIN PSBL S-S WX SPD DR
================================================================================
1 67 36 52 2 13 0 0.00 M M 3.0 14 260 M M 0 19 280
2 76 37 57 7 8 0 0.00 M M 3.7 15 300 M M 0 22 270
3 78 40 59 9 6 0 0.00 M M 3.7 15 280 M M 0 19 330
4 75 41 58 8 7 0 0.00 M M 4.0 12 90 M M 0 19 70
5 76 50 63 13 2 0 0.00 M M 5.2 15 180 M M 1 18 24 170
6 79 56 68 17 0 3 0.00 M M 6.7 17 220 M M 4 24 180
7 74 53 64 13 1 0 0.15 M M 8.9 25 210 M M 6 1 42 300
8 53 44 49 -2 16 0 1.03 M M 4.0 15 310 M M 7 13 20 310
9 56 47 52 0 13 0 0.95 M M 5.5 16 290 M M 7 13 23 310
10 63 42 53 1 12 0 0.00 0.0 M 3.5 10 70 M M 3 21 50
11 59 46 53 1 12 0 0.21 M M 4.1 8 120 M M 10 13 14 100
12 53 26 40 -12 25 0 0.40 M M 17.7 35 310 M M 6 13 54 320
13 M 21 M M M M 0.00 M M 3.9 12 310 M M 0 17 340
14 64 30 47 -6 18 0 0.00 M M 3.0 14 190 M M 0 20 150
15 67 34 51 -2 14 0 0.08 M M 3.7 9 80 M M 6 1 17 50
16 60 51 56 3 9 0 1.22 M M 5.6 13 230 M M 9 13 19 60
17 72 48 60 6 5 0 0.00 M M 2.4 12 230 M M 4 12 15 250
18 59 47 53 -1 12 0 0.77 M M 4.6 24 250 M M 6 13 40 260
19 65 47 56 2 9 0 T M M 10.3 20 310 M M 4 1 28 290
20 67 40 54 0 11 0 0.00 M 0 8.5 22 330 M M 0 31 280
21 71 35 53 -2 12 0 0.00 M M 2.9 13 190 M M 0 18 190
22 75 50 63 8 2 0 T M M 7.4 16 130 M M 1 28 110
23 M 60 M M M M 0.43 M M 12.4 24 200 M M 6 1 39 200
24 M M M M M M 0.00 M M 7.8 20 290 M M 0 28 290
25 59 39 49 -7 16 0 0.00 M M 8.1 22 290 M M 3 32 300
26 63 45 54 -2 11 0 0.00 M M 13.2 26 280 M M 0 42 280
27 63 42 53 -3 12 0 0.00 M M 11.5 22 320 M M 0 31 260
28 64 41 53 -3 12 0 0.00 M M 7.8 17 310 M M 1 24 320
29 M M M M M M 0.00 M M M M M M M 3 M M
30 81 53 67 10 0 2 0.00 M M 9.7 26 190 M M 3 43 190
31 72 54 63 6 2 0 0.86 M M 12.5 23 210 M M 6 1 35 220
================================================================================
SM 1811 1255 260 5 6.10 0.0 205.3 M 96
================================================================================
AV 67.1 43.3 6.8 FASTST M M 3 MAX(MPH)
MISC ----> 35 310 54 320
================================================================================
NOTES:
# LAST OF SEVERAL OCCURRENCES
COLUMN 17 PEAK WIND IN M.P.H.
PRELIMINARY LOCAL CLIMATOLOGICAL DATA (WS FORM: F-6) , PAGE 2
STATION: DEKALB PEACHTREE AIRPORT
MONTH: MARCH
YEAR: 2022
LATITUDE: 33 52 N
LONGITUDE: 84 18 W
[TEMPERATURE DATA] [PRECIPITATION DATA] SYMBOLS USED IN COLUMN 16
AVERAGE MONTHLY: 55.2 TOTAL FOR MONTH: 6.10 1 = FOG OR MIST
DPTR FM NORMAL: 1.9 DPTR FM NORMAL: 1.40 2 = FOG REDUCING VISIBILITY
HIGHEST: 81 ON 30 GRTST 24HR 1.98 ON 8- 9 TO 1/4 MILE OR LESS
LOWEST: 21 ON 13 3 = THUNDER
SNOW, ICE PELLETS, HAIL 4 = ICE PELLETS
TOTAL MONTH: 0.0 INCH 5 = HAIL
GRTST 24HR 0.0 6 = FREEZING RAIN OR DRIZZLE
GRTST DEPTH: 0 7 = DUSTSTORM OR SANDSTORM:
VSBY 1/2 MILE OR LESS
8 = SMOKE OR HAZE
[NO. OF DAYS WITH] [WEATHER - DAYS WITH] 9 = BLOWING SNOW
X = TORNADO
MAX 32 OR BELOW: 0 0.01 INCH OR MORE: 10
MAX 90 OR ABOVE: 0 0.10 INCH OR MORE: 9
MIN 32 OR BELOW: 3 0.50 INCH OR MORE: 5
MIN 0 OR BELOW: 0 1.00 INCH OR MORE: 2
[HDD (BASE 65) ]
TOTAL THIS MO. 260 CLEAR (SCALE 0-3) 16
DPTR FM NORMAL -110 PTCLDY (SCALE 4-7) 13
TOTAL FM JUL 1 2250 CLOUDY (SCALE 8-10) 2
DPTR FM NORMAL -535
[CDD (BASE 65) ]
TOTAL THIS MO. 5
DPTR FM NORMAL -2 [PRESSURE DATA]
TOTAL FM JAN 1 15 HIGHEST SLP 30.50 ON 13
DPTR FM NORMAL 7 LOWEST SLP 29.56 ON 12
[REMARKS]
#FINAL-03-22#