000
CXUS52 KFFC 011110
CF6PDK
PRELIMINARY LOCAL CLIMATOLOGICAL DATA (WS FORM: F-6)
STATION: DEKALB PEACHTREE AIRPORT
MONTH: APRIL
YEAR: 2020
LATITUDE: 33 52 N
LONGITUDE: 84 18 W
TEMPERATURE IN F: :PCPN: SNOW: WIND :SUNSHINE: SKY :PK WND
================================================================================
1 2 3 4 5 6A 6B 7 8 9 10 11 12 13 14 15 16 17 18
12Z AVG MX 2MIN
DY MAX MIN AVG DEP HDD CDD WTR SNW DPTH SPD SPD DIR MIN PSBL S-S WX SPD DR
================================================================================
1 58 40 49 -9 16 0 0.00 0.0 0 11.4 20 310 M M 3 25 350
2 67 35 51 -7 14 0 0.00 0.0 0 4.3 13 340 M M 0 16 330
3 76 39 58 0 7 0 0.00 0.0 0 2.9 13 320 M M 0 19 290
4 77 50 64 5 1 0 0.00 0.0 0 0.7 9 10 M M 3 13 60
5 79 51 65 6 0 0 0.00 0.0 0 0.8 8 170 M M 3 12 190
6 81 52 67 8 0 2 0.00 0.0 0 4.8 16 250 M M 1 1 21 270
7 78 59 69 10 0 4 T 0.0 0 6.3 23 220 M M 3 32 250
8 80 58 69 9 0 4 0.00 0.0 0 6.9 14 260 M M 6 1 19 240
9 76 60 68 8 0 3 0.28 0.0 0 11.7 23 320 M M 3 13 32 320
10 61 41 51 -9 14 0 0.00 0.0 0 12.8 25 330 M M 0 34 330
11 69 35 52 -9 13 0 0.00 0.0 0 3.4 12 190 M M 0 15 190
12 73 45 59 -2 6 0 0.18 M 0 6.4 20 160 M M 7 13 30 150
13 72 51 62 1 3 0 0.80 0.0 0 11.2 26 190 M M 4 13 38 190
14 68 45 57 -4 8 0 0.00 0.0 0 8.2 18 330 M M 0 23 320
15 61 39 50 -12 15 0 T M 0 10.4 17 310 M M 1 25 320
16 68 35 52 -10 13 0 0.00 0.0 0 4.4 15 310 M M 0 19 310
17 72 39 56 -6 9 0 0.00 0.0 0 5.1 16 210 M M 0 22 170
18 67 47 57 -5 8 0 0.15 0.0 0 9.7 24 320 M M 1 13 31 320
19 53 42 48 -14 17 0 1.28 M 0 2.8 14 220 M M 6 13 16 220
20 70 50 60 -3 5 0 0.47 0.0 0 8.0 18 300 M M 5 13 28 310
21 73 44 59 -4 6 0 0.00 0.0 0 7.3 20 310 M M 2 1 27 310
22 72 41 57 -6 8 0 0.02 M 0 4.0 12 330 M M 2 15 320
23 64 52 58 -5 7 0 0.85 0.0 0 5.5 16 170 M M 8 1 30 140
24 71 52 62 -2 3 0 0.00 0.0 0 7.4 16 260 M M 8 20 330
25 78 49 64 0 1 0 T M 0 8.6 24 220 M M 4 1 31 280
26 66 50 58 -6 7 0 0.00 0.0 0 14.5 25 290 M M 6 36 280
27 71 44 58 -6 7 0 0.00 0.0 0 8.0 17 330 M M 1 23 330
28 78 45 62 -3 3 0 0.00 0.0 0 3.5 14 170 M M 1 19 140
29 70 53 62 -3 3 0 0.84 0.0 0 7.5 22 180 M M 5 13 29 190
30 62 48 55 -10 10 0 T M 0 7.0 16 300 M M 7 23 310
================================================================================
SM 2111 1391 204 13 4.87 0.0 205.5 M 90
================================================================================
AV 70.4 46.4 6.8 FASTST M M 3 MAX(MPH)
MISC ----> # 26 190 # 38 190
================================================================================
NOTES:
# LAST OF SEVERAL OCCURRENCES
COLUMN 17 PEAK WIND IN M.P.H.
PRELIMINARY LOCAL CLIMATOLOGICAL DATA (WS FORM: F-6) , PAGE 2
STATION: DEKALB PEACHTREE AIRPORT
MONTH: APRIL
YEAR: 2020
LATITUDE: 33 52 N
LONGITUDE: 84 18 W
[TEMPERATURE DATA] [PRECIPITATION DATA] SYMBOLS USED IN COLUMN 16
AVERAGE MONTHLY: 58.4 TOTAL FOR MONTH: 4.87 1 = FOG OR MIST
DPTR FM NORMAL: -3.2 DPTR FM NORMAL: 1.22 2 = FOG REDUCING VISIBILITY
HIGHEST: 81 ON 6 GRTST 24HR 1.28 ON 19-19 TO 1/4 MILE OR LESS
LOWEST: 35 ON 16,11 3 = THUNDER
SNOW, ICE PELLETS, HAIL 4 = ICE PELLETS
TOTAL MONTH: 0.0 INCH 5 = HAIL
GRTST 24HR 0.0 6 = FREEZING RAIN OR DRIZZLE
GRTST DEPTH: 0 7 = DUSTSTORM OR SANDSTORM:
VSBY 1/2 MILE OR LESS
8 = SMOKE OR HAZE
[NO. OF DAYS WITH] [WEATHER - DAYS WITH] 9 = BLOWING SNOW
X = TORNADO
MAX 32 OR BELOW: 0 0.01 INCH OR MORE: 9
MAX 90 OR ABOVE: 0 0.10 INCH OR MORE: 8
MIN 32 OR BELOW: 0 0.50 INCH OR MORE: 4
MIN 0 OR BELOW: 0 1.00 INCH OR MORE: 1
[HDD (BASE 65) ]
TOTAL THIS MO. 204 CLEAR (SCALE 0-3) 18
DPTR FM NORMAL 58 PTCLDY (SCALE 4-7) 11
TOTAL FM JUL 1 2553 CLOUDY (SCALE 8-10) 1
DPTR FM NORMAL -362
[CDD (BASE 65) ]
TOTAL THIS MO. 13
DPTR FM NORMAL -29 [PRESSURE DATA]
TOTAL FM JAN 1 40 HIGHEST SLP 30.30 ON 16
DPTR FM NORMAL -9 LOWEST SLP 29.52 ON 20
[REMARKS]
#FINAL-04-20#