000
CXUS54 KEWX 011010
CF6PEZ
PRELIMINARY LOCAL CLIMATOLOGICAL DATA (WS FORM: F-6)
STATION: PLEASANTON MUNICIPAL AIRPORT
MONTH: SEPTEMBER
YEAR: 2022
LATITUDE: 28 57 N
LONGITUDE: 98 31 W
TEMPERATURE IN F: :PCPN: SNOW: WIND :SUNSHINE: SKY :PK WND
================================================================================
1 2 3 4 5 6A 6B 7 8 9 10 11 12 13 14 15 16 17 18
12Z AVG MX 2MIN
DY MAX MIN AVG DEP HDD CDD WTR SNW DPTH SPD SPD DIR MIN PSBL S-S WX SPD DR
================================================================================
1 92 76 84 M 0 19 0.00 M M 2.9 9 100 M M 3 16 140
2 94 74 84 M 0 19 0.00 M M 3.1 8 140 M M 3 1 M M
3 94 73 84 M 0 19 1.09 M M 3.4 8 80 M M 5 3 21 60
4 83 73 78 M 0 13 0.02 M M 1.5 7 160 M M 2 M M
5 88 71 80 M 0 15 0.00 M M 3.1 9 180 M M 4 12 17 210
6 92 71 82 M 0 17 0.00 M M 3.0 9 150 M M 2 1 16 150
7 93 73 83 M 0 18 0.00 M M 1.9 14 340 M M 2 3 24 0
8 95 72 84 M 0 19 0.00 M M 2.7 7 330 M M 2 17 330
9 94 73 84 M 0 19 0.00 M M 2.0 6 150 M M 2 18 160
10 93 74 84 M 0 19 0.00 M M 2.9 8 140 M M 3 1 M M
11 94 71 83 M 0 18 0.06 M M 2.0 9 120 M M 3 M M
12 93 70 82 M 0 17 0.00 M M 2.9 8 40 M M 0 8 M M
13 93 70 82 M 0 17 0.00 M M 3.1 13 160 M M 2 17 160
14 92 69 81 M 0 16 0.00 M M 3.5 9 100 M M 1 18 M M
15 94 66 80 M 0 15 0.00 M M 3.0 10 100 M M 2 8 M M
16 95 73 84 M 0 19 0.00 M M 4.0 9 150 M M 2 M M
17 96 73 85 M 0 20 0.00 M M 4.8 13 140 M M 3 8 18 150
18 97 73 85 M 0 20 0.00 M M 3.5 12 140 M M 4 8 17 140
19 96 73 85 M 0 20 0.00 M M 2.9 10 140 M M 4 M M
20 97 73 85 M 0 20 0.00 0.0 M 2.7 10 120 M M 3 8 17 0
21 95 68 82 M 0 17 0.00 0.0 M 2.1 8 140 M M 1 8 M M
22 97 66 82 M 0 17 0.00 M M 2.2 7 90 M M 1 1 16 130
23 96 66 81 M 0 16 0.00 M M 2.4 8 110 M M 1 16 150
24 96 69 83 M 0 18 0.00 M M 3.4 8 160 M M 3 8 17 160
25 96 70 83 M 0 18 0.00 M M 2.7 7 150 M M 1 8 16 130
26 97 68 83 M 0 18 0.00 M M 6.1 14 50 M M 0 8 20 40
27 92 59 76 M 0 11 0.00 M M 5.0 10 90 M M 1 8 18 90
28 91 53 72 M 0 7 0.00 M M 3.1 10 100 M M 0 17 50
29 92 57 75 M 0 10 0.00 M M 1.3 7 350 M M 0 M M
30 93 56 75 M 0 10 0.00 M M 2.6 8 60 M M 0 M M
================================================================================
SM 2810 2073 0 501 1.17 0.0 89.8 M 60
================================================================================
AV 93.7 69.1 3.0 FASTST M M 2 MAX(MPH)
MISC ----> # 14 340 24 0
================================================================================
NOTES:
# LAST OF SEVERAL OCCURRENCES
COLUMN 17 PEAK WIND IN M.P.H.
PRELIMINARY LOCAL CLIMATOLOGICAL DATA (WS FORM: F-6) , PAGE 2
STATION: PLEASANTON MUNICIPAL AIRPORT
MONTH: SEPTEMBER
YEAR: 2022
LATITUDE: 28 57 N
LONGITUDE: 98 31 W
[TEMPERATURE DATA] [PRECIPITATION DATA] SYMBOLS USED IN COLUMN 16
AVERAGE MONTHLY: 81.4 TOTAL FOR MONTH: 1.17 1 = FOG OR MIST
DPTR FM NORMAL: 0.0 DPTR FM NORMAL: M 2 = FOG REDUCING VISIBILITY
HIGHEST: 97 ON 26,22 GRTST 24HR 1.09 ON 3- 3 TO 1/4 MILE OR LESS
LOWEST: 53 ON 28 3 = THUNDER
SNOW, ICE PELLETS, HAIL 4 = ICE PELLETS
TOTAL MONTH: 0.0 INCH 5 = HAIL
GRTST 24HR 0.0 6 = FREEZING RAIN OR DRIZZLE
GRTST DEPTH: M ON M 7 = DUSTSTORM OR SANDSTORM:
VSBY 1/2 MILE OR LESS
8 = SMOKE OR HAZE
[NO. OF DAYS WITH] [WEATHER - DAYS WITH] 9 = BLOWING SNOW
X = TORNADO
MAX 32 OR BELOW: 0 0.01 INCH OR MORE: 3
MAX 90 OR ABOVE: 28 0.10 INCH OR MORE: 1
MIN 32 OR BELOW: 0 0.50 INCH OR MORE: 1
MIN 0 OR BELOW: 0 1.00 INCH OR MORE: 1
[HDD (BASE 65) ]
TOTAL THIS MO. 0 CLEAR (SCALE 0-3) 23
DPTR FM NORMAL M PTCLDY (SCALE 4-7) 7
TOTAL FM JUL 1 0 CLOUDY (SCALE 8-10) 0
DPTR FM NORMAL M
[CDD (BASE 65) ]
TOTAL THIS MO. 501
DPTR FM NORMAL M [PRESSURE DATA]
TOTAL FM JAN 1 3758 HIGHEST SLP M ON M
DPTR FM NORMAL M LOWEST SLP M ON M
[REMARKS]
#FINAL-09-22#