000
CXUS54 KEWX 011011
CF6PEZ
PRELIMINARY LOCAL CLIMATOLOGICAL DATA (WS FORM: F-6)
STATION: PLEASANTON MUNICIPAL AIRPORT
MONTH: AUGUST
YEAR: 2020
LATITUDE: 28 57 N
LONGITUDE: 98 31 W
TEMPERATURE IN F: :PCPN: SNOW: WIND :SUNSHINE: SKY :PK WND
================================================================================
1 2 3 4 5 6A 6B 7 8 9 10 11 12 13 14 15 16 17 18
12Z AVG MX 2MIN
DY MAX MIN AVG DEP HDD CDD WTR SNW DPTH SPD SPD DIR MIN PSBL S-S WX SPD DR
================================================================================
1 97 74 86 M 0 21 0.02 M M 4.9 12 130 M M 0 13 18 130
2 100 71 86 M 0 21 0.00 M M 2.3 9 60 M M 0 M M
3 101 71 86 M 0 21 0.08 M M 1.7 15 50 M M 0 3 27 50
4 100 74 87 M 0 22 0.00 M M 2.9 10 150 M M 0 16 150
5 99 72 86 M 0 21 0.00 M M 4.9 12 160 M M 0 18 170
6 100 75 88 M 0 23 0.00 M M 6.6 14 140 M M 0 20 140
7 101 76 89 M 0 24 0.00 M M 6.6 15 140 M M 0 21 140
8 101 74 88 M 0 23 0.00 M M 6.3 15 140 M M 0 18 24 140
9 100 76 88 M 0 23 0.00 M M 9.4 18 140 M M 0 27 140
10 101 79 90 M 0 25 0.00 M M 9.6 16 130 M M 0 23 150
11 102 78 90 M 0 25 0.00 M M 8.2 14 140 M M 0 23 150
12 104 76 90 M 0 25 0.00 M M 7.4 13 150 M M 0 18 180
13 103 76 90 M 0 25 0.00 M M 6.9 12 160 M M 0 20 150
14 106 75 91 M 0 26 0.00 M M 6.8 13 140 M M 0 20 140
15 105 75 90 M 0 25 0.00 M M 5.9 14 160 M M 0 17 160
16 105 75 90 M 0 25 0.00 M M 3.8 9 160 M M 0 18 160
17 104 75 90 M 0 25 0.81 M M 5.3 20 360 M M 0 3 32 360
18 99 74 87 M 0 22 0.00 M M 2.3 12 190 M M 0 16 120
19 102 73 88 M 0 23 0.00 M M 3.0 8 70 M M 0 M M
20 102 70 86 M 0 21 0.00 M M 1.8 10 290 M M 0 M M
21 102 74 88 M 0 23 0.00 M M 4.9 10 200 M M 0 M M
22 89 73 81 M 0 16 0.08 M M 4.0 14 30 M M 0 21 30
23 97 70 84 M 0 19 0.00 M M 4.0 12 80 M M 0 17 90
24 98 69 84 M 0 19 0.00 M M 4.0 15 140 M M 0 22 150
25 101 72 87 M 0 22 0.00 M M 3.4 10 70 M M 0 M M
26 99 76 88 M 0 23 0.00 M M 4.2 12 90 M M 0 M M
27 103 75 89 M 0 24 0.00 M M 3.8 10 120 M M 0 17 110
28 105 80 93 M 0 28 0.00 M M 8.0 15 160 M M 0 1 22 140
29 104 77 91 M 0 26 0.00 M M 5.6 14 150 M M 0 21 150
30 105 77 91 M 0 26 0.00 M M 6.3 14 140 M M 0 18 140
31 103 81 92 M 0 27 0.00 M M 8.7 18 140 M M 0 1 28 140
================================================================================
SM 3138 2313 0 719 0.99 M 163.5 M 0
================================================================================
AV101.2 74.6 5.3 FASTST M M 0 MAX(MPH)
MISC ----> # 20 360 # 32 360
================================================================================
NOTES:
# LAST OF SEVERAL OCCURRENCES
COLUMN 17 PEAK WIND IN M.P.H.
PRELIMINARY LOCAL CLIMATOLOGICAL DATA (WS FORM: F-6) , PAGE 2
STATION: PLEASANTON MUNICIPAL AIRPORT
MONTH: AUGUST
YEAR: 2020
LATITUDE: 28 57 N
LONGITUDE: 98 31 W
[TEMPERATURE DATA] [PRECIPITATION DATA] SYMBOLS USED IN COLUMN 16
AVERAGE MONTHLY: 87.9 TOTAL FOR MONTH: 0.99 1 = FOG OR MIST
DPTR FM NORMAL: M DPTR FM NORMAL: M 2 = FOG REDUCING VISIBILITY
HIGHEST: 106 ON 14 GRTST 24HR 0.81 ON 17-17 TO 1/4 MILE OR LESS
LOWEST: 69 ON 24 3 = THUNDER
SNOW, ICE PELLETS, HAIL 4 = ICE PELLETS
TOTAL MONTH: M 5 = HAIL
GRTST 24HR M ON M 6 = FREEZING RAIN OR DRIZZLE
GRTST DEPTH: M ON M 7 = DUSTSTORM OR SANDSTORM:
VSBY 1/2 MILE OR LESS
8 = SMOKE OR HAZE
[NO. OF DAYS WITH] [WEATHER - DAYS WITH] 9 = BLOWING SNOW
X = TORNADO
MAX 32 OR BELOW: 0 0.01 INCH OR MORE: 4
MAX 90 OR ABOVE: 30 0.10 INCH OR MORE: 1
MIN 32 OR BELOW: 0 0.50 INCH OR MORE: 1
MIN 0 OR BELOW: 0 1.00 INCH OR MORE: 0
[HDD (BASE 65) ]
TOTAL THIS MO. 0 CLEAR (SCALE 0-3) 31
DPTR FM NORMAL M PTCLDY (SCALE 4-7) 0
TOTAL FM JUL 1 0 CLOUDY (SCALE 8-10) 0
DPTR FM NORMAL M
[CDD (BASE 65) ]
TOTAL THIS MO. 719
DPTR FM NORMAL M [PRESSURE DATA]
TOTAL FM JAN 1 2856 HIGHEST SLP M ON M
DPTR FM NORMAL M LOWEST SLP M ON M
[REMARKS]
#FINAL-08-20#