000
CXUS56 KFGZ 010910
CF6PGA
PRELIMINARY LOCAL CLIMATOLOGICAL DATA (WS FORM: F-6)
STATION: PAGE AZ AIRPORT
MONTH: MAY
YEAR: 2021
LATITUDE: 36 55 N
LONGITUDE: 111 27 W
TEMPERATURE IN F: :PCPN: SNOW: WIND :SUNSHINE: SKY :PK WND
================================================================================
1 2 3 4 5 6A 6B 7 8 9 10 11 12 13 14 15 16 17 18
12Z AVG MX 2MIN
DY MAX MIN AVG DEP HDD CDD WTR SNW DPTH SPD SPD DIR MIN PSBL S-S WX SPD DR
================================================================================
1 89 60 75 11 0 10 0.00 M M 5.1 14 240 M M 0 24 240
2 81 57 69 5 0 4 0.00 M M 6.5 20 330 M M 1 29 300
3 76 57 67 3 0 2 0.00 M M 5.5 15 360 M M 3 20 70
4 83 53 68 3 0 3 0.00 M M 5.5 14 280 M M 0 23 280
5 87 58 73 8 0 8 0.00 M M 5.6 14 70 M M 0 19 90
6 92 57 75 10 0 10 0.00 M M 4.7 15 40 M M 0 24 20
7 89 61 75 9 0 10 0.00 M M 7.3 20 210 M M 0 29 200
8 83 60 72 6 0 7 0.00 M M 7.3 21 330 M M 0 32 260
9 79 52 66 0 0 1 0.00 M M 5.3 16 280 M M 0 25 280
10 81 54 68 1 0 3 0.00 M M 7.2 21 270 M M 0 32 270
11 79 52 66 -1 0 1 0.00 M M 4.6 13 30 M M 0 19 260
12 84 52 68 0 0 3 0.00 M M 4.1 12 20 M M 0 16 20
13 91 57 74 6 0 9 0.00 M M 4.0 12 40 M M 0 20 20
14 93 63 78 10 0 13 0.00 M M 5.3 21 180 M M 0 29 150
15 89 61 75 6 0 10 0.00 M M 7.3 20 170 M M 0 29 180
16 85 59 72 3 0 7 T M M 8.2 29 170 M M 0 37 170
17 81 58 70 1 0 5 0.00 M M 6.4 18 310 M M 0 26 320
18 89 58 74 4 0 9 0.00 M M 4.5 14 310 M M 0 20 320
19 91 64 78 8 0 13 0.00 M M 8.0 21 210 M M 0 30 210
20 87 65 76 5 0 11 0.00 M M 14.0 23 190 M M 0 37 220
21 78 53 66 -5 0 1 0.00 M M 18.9 35 170 M M 2 8 53 210
22 76 45 61 -10 4 0 0.00 M M 7.7 28 160 M M 0 37 170
23 75 47 61 -11 4 0 0.00 M M 5.6 16 190 M M 0 24 220
24 79 52 66 -6 0 1 0.00 M M 4.3 12 90 M M 0 18 50
25 88 55 72 0 0 7 0.00 M M 5.4 17 360 M M 0 20 360
26 84 68 76 3 0 11 0.00 M M 4.8 10 210 M M 0 15 230
27 89 60 75 2 0 10 0.00 M M 3.9 12 30 M M 0 16 20
28 94 63 79 5 0 14 0.00 M M 4.4 13 40 M M 0 18 40
29 92 63 78 4 0 13 0.00 M M 5.5 14 80 M M 0 17 270
30 90 63 77 3 0 12 0.00 M M 5.1 25 330 M M 0 8 38 330
31 89 63 76 1 0 11 0.00 M M 5.5 24 20 M M 0 29 60
================================================================================
SM 2643 1790 8 219 T M 197.5 M 6
================================================================================
AV 85.3 57.7 6.4 FASTST M M 0 MAX(MPH)
MISC ----> 35 170 53 210
================================================================================
NOTES:
# LAST OF SEVERAL OCCURRENCES
COLUMN 17 PEAK WIND IN M.P.H.
PRELIMINARY LOCAL CLIMATOLOGICAL DATA (WS FORM: F-6) , PAGE 2
STATION: PAGE AZ AIRPORT
MONTH: MAY
YEAR: 2021
LATITUDE: 36 55 N
LONGITUDE: 111 27 W
[TEMPERATURE DATA] [PRECIPITATION DATA] SYMBOLS USED IN COLUMN 16
AVERAGE MONTHLY: 71.5 TOTAL FOR MONTH: T 1 = FOG OR MIST
DPTR FM NORMAL: 2.4 DPTR FM NORMAL: -0.41 2 = FOG REDUCING VISIBILITY
HIGHEST: 94 ON 28 GRTST 24HR T ON 16-16 TO 1/4 MILE OR LESS
LOWEST: 45 ON 22 3 = THUNDER
SNOW, ICE PELLETS, HAIL 4 = ICE PELLETS
TOTAL MONTH: M 5 = HAIL
GRTST 24HR M ON M 6 = FREEZING RAIN OR DRIZZLE
GRTST DEPTH: M ON M 7 = DUSTSTORM OR SANDSTORM:
VSBY 1/2 MILE OR LESS
8 = SMOKE OR HAZE
[NO. OF DAYS WITH] [WEATHER - DAYS WITH] 9 = BLOWING SNOW
X = TORNADO
MAX 32 OR BELOW: 0 0.01 INCH OR MORE: 0
MAX 90 OR ABOVE: 7 0.10 INCH OR MORE: 0
MIN 32 OR BELOW: 0 0.50 INCH OR MORE: 0
MIN 0 OR BELOW: 0 1.00 INCH OR MORE: 0
[HDD (BASE 65) ]
TOTAL THIS MO. 8 CLEAR (SCALE 0-3) 31
DPTR FM NORMAL -44 PTCLDY (SCALE 4-7) 0
TOTAL FM JUL 1 3464 CLOUDY (SCALE 8-10) 0
DPTR FM NORMAL -189
[CDD (BASE 65) ]
TOTAL THIS MO. 219
DPTR FM NORMAL 39 [PRESSURE DATA]
TOTAL FM JAN 1 255 HIGHEST SLP M ON M
DPTR FM NORMAL 47 LOWEST SLP 29.36 ON 2
[REMARKS]
#FINAL-05-21#