000
CXUS51 KPBZ 141253
CF6PHD
PRELIMINARY LOCAL CLIMATOLOGICAL DATA (WS FORM: F-6)
STATION: NEW PHILADELPHIA OH
MONTH: OCTOBER
YEAR: 2021
LATITUDE: 40 28 N
LONGITUDE: 81 25 W
TEMPERATURE IN F: :PCPN: SNOW: WIND :SUNSHINE: SKY :PK WND
================================================================================
1 2 3 4 5 6A 6B 7 8 9 10 11 12 13 14 15 16 17 18
12Z AVG MX 2MIN
DY MAX MIN AVG DEP HDD CDD WTR SNW DPTH SPD SPD DIR MIN PSBL S-S WX SPD DR
================================================================================
1 73 42 58 -1 7 0 0.00 M M 1.1 8 240 M M 1 1 10 230
2 76 44 60 1 5 0 T M M 2.9 9 190 M M 4 12 13 170
3 74 62 68 9 0 3 0.29 M M 4.3 12 210 M M 10 13 20 240
4 76 61 69 11 0 4 0.01 M M 3.4 12 230 M M 7 12 16 220
5 81 59 70 12 0 5 0.00 M M 1.2 8 70 M M 6 12 11 60
6 82 64 73 16 0 8 0.00 M M 2.3 9 160 M M 5 1 15 170
7 80 62 71 14 0 6 0.02 M M 2.1 10 170 M M 4 1 15 190
8 79 60 70 13 0 5 T M M 3.2 13 170 M M 7 12 15 160
9 75 61 68 12 0 3 0.10 M M 3.0 10 260 M M 6 1 15 250
10 79 57 68 12 0 3 0.00 M M 5.3 13 140 M M 1 19 130
11 81 58 70 15 0 5 0.00 M M 5.3 13 110 M M 0 17 120
12 79 60 70 15 0 5 0.00 M M 3.7 13 170 M M 5 17 170
13 76 55 66 11 0 1 0.00 M M 2.4 9 190 M M 3 14 170
14 82 57 70 16 0 5 0.00 M M 3.6 10 210 M M 3 13 170
15 82 65 74 20 0 9 0.01 M M 5.2 15 220 M M 6 1 22 220
16 67 51 59 6 6 0 0.40 M M 8.5 18 310 M M 9 1 25 290
17 62 43 53 0 12 0 T M M 5.8 16 290 M M 6 8 24 280
18 65 37 51 -2 14 0 0.00 M M 4.0 17 330 M M 0 25 280
19 72 38 55 3 10 0 0.00 M M 3.2 15 300 M M 2 12 20 270
20 71 41 56 4 9 0 0.00 M M 4.0 15 200 M M 0 1 19 200
21 66 51 59 8 6 0 0.03 M M 7.0 20 300 M M 6 13 27 290
22 54 49 52 1 13 0 0.01 M M 3.6 12 330 M M 10 1 14 320
23 55 45 50 -1 15 0 0.21 M M 1.8 9 260 M M 10 1 13 270
24 60 49 55 5 10 0 0.98 M M 4.7 17 350 M M 9 13 24 340
25 68 55 62 12 3 0 0.17 M M 6.5 17 190 M M 5 1 22 180
26 55 46 51 1 14 0 0.04 M M 12.1 20 340 M M 10 1 29 290
27 55 44 50 1 15 0 0.00 M M 2.3 10 330 M M 10 1 14 320
28 67 45 56 7 9 0 0.57 M M 7.1 20 130 M M 5 1 24 120
29 58 51 55 7 10 0 0.65 M M 9.0 20 110 M M 10 1 24 100
30 58 50 54 6 11 0 0.00 M M 2.5 10 100 M M 10 1 14 90
31 59 48 54 6 11 0 T M M 8.1 25 340 M M 10 1 39 340
================================================================================
SM 2167 1610 180 62 3.49 M 139.2 M 180
================================================================================
AV 69.9 51.9 4.5 FASTST M M 6 MAX(MPH)
MISC ----> 25 340 39 340
================================================================================
NOTES:
# LAST OF SEVERAL OCCURRENCES
COLUMN 17 PEAK WIND IN M.P.H.
PRELIMINARY LOCAL CLIMATOLOGICAL DATA (WS FORM: F-6) , PAGE 2
STATION: NEW PHILADELPHIA OH
MONTH: OCTOBER
YEAR: 2021
LATITUDE: 40 28 N
LONGITUDE: 81 25 W
[TEMPERATURE DATA] [PRECIPITATION DATA] SYMBOLS USED IN COLUMN 16
AVERAGE MONTHLY: 60.9 TOTAL FOR MONTH: 3.49 1 = FOG OR MIST
DPTR FM NORMAL: 7.4 DPTR FM NORMAL: 0.33 2 = FOG REDUCING VISIBILITY
HIGHEST: 82 ON 14,15 GRTST 24HR 1.22 ON 28-29 TO 1/4 MILE OR LESS
LOWEST: 37 ON 18 3 = THUNDER
SNOW, ICE PELLETS, HAIL 4 = ICE PELLETS
TOTAL MONTH: M 5 = HAIL
GRTST 24HR M ON M 6 = FREEZING RAIN OR DRIZZLE
GRTST DEPTH: M ON M 7 = DUSTSTORM OR SANDSTORM:
VSBY 1/2 MILE OR LESS
8 = SMOKE OR HAZE
[NO. OF DAYS WITH] [WEATHER - DAYS WITH] 9 = BLOWING SNOW
X = TORNADO
MAX 32 OR BELOW: 0 0.01 INCH OR MORE: 14
MAX 90 OR ABOVE: 0 0.10 INCH OR MORE: 8
MIN 32 OR BELOW: 0 0.50 INCH OR MORE: 3
MIN 0 OR BELOW: 0 1.00 INCH OR MORE: 0
[HDD (BASE 65) ]
TOTAL THIS MO. 180 CLEAR (SCALE 0-3) 7
DPTR FM NORMAL -191 PTCLDY (SCALE 4-7) 14
TOTAL FM JUL 1 223 CLOUDY (SCALE 8-10) 10
DPTR FM NORMAL -250
[CDD (BASE 65) ]
TOTAL THIS MO. 62
DPTR FM NORMAL 49 [PRESSURE DATA]
TOTAL FM JAN 1 996 HIGHEST SLP M ON M
DPTR FM NORMAL 216 LOWEST SLP 29.44 ON 29
[REMARKS]
#FINAL-10-21#