000
CXUS53 KUNR 010930
CF6PHP
PRELIMINARY LOCAL CLIMATOLOGICAL DATA (WS FORM: F-6)
STATION: PHILIP SD
MONTH: JULY
YEAR: 2021
LATITUDE: 44 3 N
LONGITUDE: 101 36 W
TEMPERATURE IN F: :PCPN: SNOW: WIND :SUNSHINE: SKY :PK WND
================================================================================
1 2 3 4 5 6A 6B 7 8 9 10 11 12 13 14 15 16 17 18
12Z AVG MX 2MIN
DY MAX MIN AVG DEP HDD CDD WTR SNW DPTH SPD SPD DIR MIN PSBL S-S WX SPD DR
================================================================================
1 94 59 77 5 0 12 0.00 M M 8.2 20 150 M M 2 29 160
2 94 62 78 6 0 13 0.00 M M 12.7 25 150 M M 0 40 160
3 105 70 88 15 0 23 T M M 10.3 35 90 M M 1 3 49 90
4 98 66 82 9 0 17 0.00 M M 6.8 18 50 M M 0 26 50
5 91 63 77 4 0 12 0.53 M M 10.2 29 80 M M 2 13 40 80
6 83 63 73 0 0 8 0.13 M M 10.6 21 70 M M 6 1 32 40
7 86 64 75 1 0 10 T M M 13.5 23 130 M M 5 3 34 130
8 93 62 78 4 0 13 0.03 M M 9.4 40 360 M M 2 13 56 360
9 90 65 78 4 0 13 T M M 7.8 16 40 M M 5 1 23 30
10 87 59 73 -1 0 8 0.00 M M 10.3 21 30 M M 3 33 10
11 91 52 72 -2 0 7 0.00 M M 6.3 16 140 M M 0 22 130
12 95 61 78 3 0 13 0.00 M M 10.2 20 30 M M 0 31 10
13 90 62 76 1 0 11 0.20 M M 8.3 18 330 M M 3 138 27 340
14 80 60 70 -5 0 5 0.15 M M 7.1 20 350 M M 3 1 25 340
15 90 58 74 -1 0 9 0.00 M M 8.7 16 140 M M 2 1 26 150
16 94 64 79 3 0 14 0.06 M M 10.2 43 240 M M 1 13 58 250
17 93 59 76 0 0 11 0.00 M M 7.5 17 160 M M 0 24 160
18 96 69 83 7 0 18 0.00 M M 8.2 20 130 M M 0 26 120
19 96 65 81 5 0 16 0.00 M M 8.7 22 90 M M 0 30 80
20 96 66 81 5 0 16 0.00 M M 12.9 22 150 M M 0 31 140
21 101 71 86 10 0 21 0.00 M M 6.7 16 180 M M 0 20 350
22 104 67 86 10 0 21 0.05 M M 7.5 29 270 M M 0 3 44 350
23 94 70 82 6 0 17 0.02 M M 5.3 14 350 M M 2 3 19 350
24 98 63 81 5 0 16 0.00 M M 6.4 14 60 M M 0 22 40
25 106 63 85 9 0 20 0.00 M M 9.7 31 180 M M 0 43 170
26 105 68 87 11 0 22 0.00 M M 9.2 26 150 M M 0 36 170
27 110 66 88 12 0 23 0.00 M M 9.9 22 190 M M 0 31 190
28 108 69 89 13 0 24 0.00 M M 12.7 30 40 M M 0 39 30
29 88 65 77 1 0 12 0.00 M M 12.7 23 70 M M 1 8 31 60
30 72 58 65 -11 0 0 0.23 M M 8.2 26 340 M M 8 138 40 350
31 92 57 75 -1 0 10 0.00 M M 7.6 20 30 M M 2 128 28 20
================================================================================
SM 2920 1966 0 435 1.40 M 283.8 M 48
================================================================================
AV 94.2 63.4 9.2 FASTST M M 2 MAX(MPH)
MISC ----> 43 240 58 250
================================================================================
NOTES:
# LAST OF SEVERAL OCCURRENCES
COLUMN 17 PEAK WIND IN M.P.H.
PRELIMINARY LOCAL CLIMATOLOGICAL DATA (WS FORM: F-6) , PAGE 2
STATION: PHILIP SD
MONTH: JULY
YEAR: 2021
LATITUDE: 44 3 N
LONGITUDE: 101 36 W
[TEMPERATURE DATA] [PRECIPITATION DATA] SYMBOLS USED IN COLUMN 16
AVERAGE MONTHLY: 78.8 TOTAL FOR MONTH: 1.40 1 = FOG OR MIST
DPTR FM NORMAL: 3.8 DPTR FM NORMAL: -0.43 2 = FOG REDUCING VISIBILITY
HIGHEST: 110 ON 27 GRTST 24HR 0.66 ON 5- 6 TO 1/4 MILE OR LESS
LOWEST: 52 ON 11 3 = THUNDER
SNOW, ICE PELLETS, HAIL 4 = ICE PELLETS
TOTAL MONTH: M 5 = HAIL
GRTST 24HR M ON M 6 = FREEZING RAIN OR DRIZZLE
GRTST DEPTH: M ON M 7 = DUSTSTORM OR SANDSTORM:
VSBY 1/2 MILE OR LESS
8 = SMOKE OR HAZE
[NO. OF DAYS WITH] [WEATHER - DAYS WITH] 9 = BLOWING SNOW
X = TORNADO
MAX 32 OR BELOW: 0 0.01 INCH OR MORE: 9
MAX 90 OR ABOVE: 25 0.10 INCH OR MORE: 5
MIN 32 OR BELOW: 0 0.50 INCH OR MORE: 1
MIN 0 OR BELOW: 0 1.00 INCH OR MORE: 0
[HDD (BASE 65) ]
TOTAL THIS MO. 0 CLEAR (SCALE 0-3) 26
DPTR FM NORMAL -6 PTCLDY (SCALE 4-7) 4
TOTAL FM JUL 1 0 CLOUDY (SCALE 8-10) 1
DPTR FM NORMAL 0
[CDD (BASE 65) ]
TOTAL THIS MO. 435
DPTR FM NORMAL 121 [PRESSURE DATA]
TOTAL FM JAN 1 700 HIGHEST SLP 30.22 ON 31
DPTR FM NORMAL 231 LOWEST SLP 29.64 ON 3
[REMARKS]
#FINAL-07-21#