000
CXUS53 KUNR 010945
CF6PHP
PRELIMINARY LOCAL CLIMATOLOGICAL DATA (WS FORM: F-6)
STATION: PHILIP SD
MONTH: SEPTEMBER
YEAR: 2020
LATITUDE: 44 3 N
LONGITUDE: 101 36 W
TEMPERATURE IN F: :PCPN: SNOW: WIND :SUNSHINE: SKY :PK WND
================================================================================
1 2 3 4 5 6A 6B 7 8 9 10 11 12 13 14 15 16 17 18
12Z AVG MX 2MIN
DY MAX MIN AVG DEP HDD CDD WTR SNW DPTH SPD SPD DIR MIN PSBL S-S WX SPD DR
================================================================================
1 83 54 69 0 0 4 0.00 M M 11.6 26 310 M M 2 39 310
2 96 50 73 5 0 8 0.00 M M 14.4 36 340 M M 1 49 350
3 80 50 65 -3 0 0 0.00 M M 8.8 24 340 M M 1 33 350
4 89 45 67 -1 0 2 0.00 M M 5.8 17 340 M M 0 27 350
5 102 47 75 8 0 10 0.00 M M 7.3 18 40 M M 0 24 40
6 91 59 75 8 0 10 0.00 M M 11.3 20 360 M M 0 28 350
7 60 39 50 -16 15 0 0.36 M M 13.6 28 40 M M 7 1 35 40
8 47 33 40 -26 25 0 0.03 M M 8.1 20 20 M M 6 31 20
9 55 32 44 -21 21 0 0.00 M M 3.6 12 190 M M 0 16 200
10 68 29 49 -16 16 0 T M M 4.1 12 120 M M 1 18 150
11 63 48 56 -8 9 0 0.06 M M 6.7 15 160 M M 10 1 20 150
12 80 42 61 -3 4 0 0.01 M M 6.6 16 330 M M 3 18 24 340
13 85 43 64 0 1 0 0.00 M M 8.1 17 60 M M 0 22 50
14 98 47 73 10 0 8 0.00 M M 10.0 25 190 M M 3 12 32 190
15 90 48 69 7 0 4 0.00 M M 7.3 13 350 M M 0 18 300
16 69 46 58 -4 7 0 0.00 M M 5.8 16 40 M M 0 22 30
17 75 45 60 -2 5 0 0.00 M M 6.9 14 30 M M 0 20 60
18 77 40 59 -2 6 0 0.00 M M 9.2 18 130 M M 0 1 27 140
19 91 49 70 9 0 5 0.00 M M 5.7 14 210 M M 0 8 19 210
20 84 50 67 7 0 2 0.00 M M 6.4 17 310 M M 0 22 300
21 85 41 63 3 2 0 0.00 M M 6.6 14 80 M M 0 23 120
22 93 42 68 9 0 3 0.00 M M 5.7 14 150 M M 0 22 160
23 92 50 71 12 0 6 T M M 7.4 21 360 M M 0 18 27 360
24 92 47 70 12 0 5 0.00 M M 9.2 24 270 M M 0 1 34 260
25 80 57 69 11 0 4 0.00 M M 11.1 28 330 M M 0 41 310
26 76 48 62 5 3 0 T M M 14.9 41 310 M M 1 54 310
27 68 51 60 3 5 0 T M M 17.5 33 310 M M 5 55 310
28 68 39 54 -2 11 0 0.00 M M 14.7 30 310 M M 0 41 320
29 84 40 62 6 3 0 0.00 M M 13.7 24 310 M M 0 32 320
30 69 39 54 -2 11 0 0.00 M M 17.9 32 320 M M 2 48 310
================================================================================
SM 2390 1350 144 71 0.46 M 280.0 M 42
================================================================================
AV 79.7 45.0 9.3 FASTST M M 1 MAX(MPH)
MISC ----> # 41 310 # 55 310
================================================================================
NOTES:
# LAST OF SEVERAL OCCURRENCES
COLUMN 17 PEAK WIND IN M.P.H.
PRELIMINARY LOCAL CLIMATOLOGICAL DATA (WS FORM: F-6) , PAGE 2
STATION: PHILIP SD
MONTH: SEPTEMBER
YEAR: 2020
LATITUDE: 44 3 N
LONGITUDE: 101 36 W
[TEMPERATURE DATA] [PRECIPITATION DATA] SYMBOLS USED IN COLUMN 16
AVERAGE MONTHLY: 62.3 TOTAL FOR MONTH: 0.46 1 = FOG OR MIST
DPTR FM NORMAL: 0.0 DPTR FM NORMAL: -1.03 2 = FOG REDUCING VISIBILITY
HIGHEST: 102 ON 5 GRTST 24HR 0.36 ON 7- 7 TO 1/4 MILE OR LESS
LOWEST: 29 ON 10 3 = THUNDER
SNOW, ICE PELLETS, HAIL 4 = ICE PELLETS
TOTAL MONTH: M 5 = HAIL
GRTST 24HR M ON M 6 = FREEZING RAIN OR DRIZZLE
GRTST DEPTH: M ON M 7 = DUSTSTORM OR SANDSTORM:
VSBY 1/2 MILE OR LESS
8 = SMOKE OR HAZE
[NO. OF DAYS WITH] [WEATHER - DAYS WITH] 9 = BLOWING SNOW
X = TORNADO
MAX 32 OR BELOW: 0 0.01 INCH OR MORE: 4
MAX 90 OR ABOVE: 9 0.10 INCH OR MORE: 1
MIN 32 OR BELOW: 2 0.50 INCH OR MORE: 0
MIN 0 OR BELOW: 0 1.00 INCH OR MORE: 0
[HDD (BASE 65) ]
TOTAL THIS MO. 144 CLEAR (SCALE 0-3) 25
DPTR FM NORMAL -17 PTCLDY (SCALE 4-7) 4
TOTAL FM JUL 1 151 CLOUDY (SCALE 8-10) 1
DPTR FM NORMAL -35
[CDD (BASE 65) ]
TOTAL THIS MO. 71
DPTR FM NORMAL -8 [PRESSURE DATA]
TOTAL FM JAN 1 911 HIGHEST SLP 30.52 ON 8
DPTR FM NORMAL 97 LOWEST SLP 29.50 ON 24
[REMARKS]
#FINAL-09-20#