000
CXUS55 KPSR 011005
CF6PHX
PRELIMINARY LOCAL CLIMATOLOGICAL DATA (WS FORM: F-6)
STATION: PHOENIX AZ
MONTH: JULY
YEAR: 2020
LATITUDE: 33 25 N
LONGITUDE: 112 1 W
TEMPERATURE IN F: :PCPN: SNOW: WIND :SUNSHINE: SKY :PK WND
================================================================================
1 2 3 4 5 6A 6B 7 8 9 10 11 12 13 14 15 16 17 18
12Z AVG MX 2MIN
DY MAX MIN AVG DEP HDD CDD WTR SNW DPTH SPD SPD DIR MIN PSBL S-S WX SPD DR
================================================================================
1 105 76 91 -3 0 26 0.00 0.0 0 10.3 20 280 M M 1 25 330
2 104 80 92 -2 0 27 0.00 0.0 0 6.0 15 170 M M 4 28 180
3 105 85 95 1 0 30 0.00 0.0 0 6.2 15 320 M M 4 20 290
4 110 86 98 3 0 33 0.00 0.0 0 6.9 20 280 M M 1 25 270
5 112 87 100 5 0 35 0.00 0.0 0 8.4 20 270 M M 1 25 280
6 111 83 97 2 0 32 0.00 0.0 0 7.4 18 300 M M 2 24 320
7 111 84 98 3 0 33 0.00 0.0 0 6.6 16 290 M M 1 23 350
8 111 90 101 6 0 36 0.00 0.0 0 8.1 20 290 M M 2 26 270
9 110 90 100 5 0 35 0.00 0.0 0 7.5 18 300 M M 1 22 270
10 111 91 101 6 0 36 0.00 0.0 0 11.4 23 280 M M 4 28 280
11 115 94 105 10 0 40 0.00 0.0 0 10.0 21 240 M M 5 29 280
12 116 93 105 10 0 40 0.00 0.0 0 7.2 17 180 M M 6 24 160
13 114 93 104 9 0 39 0.00 0.0 0 7.5 17 270 M M 6 23 240
14 111 90 101 6 0 36 0.00 0.0 0 8.4 22 270 M M 5 27 270
15 109 89 99 4 0 34 0.00 0.0 0 7.4 15 280 M M 2 18 280
16 111 88 100 5 0 35 0.00 0.0 0 6.8 15 300 M M 2 19 280
17 109 90 100 5 0 35 0.00 0.0 0 5.8 14 270 M M 7 17 350
18 111 91 101 6 0 36 0.00 0.0 0 9.2 20 290 M M 3 28 290
19 108 93 101 6 0 36 0.00 0.0 0 8.4 14 270 M M 7 19 240
20 103 93 98 3 0 33 T 0.0 0 6.8 16 270 M M 8 22 330
21 109 89 99 4 0 34 0.00 0.0 0 7.4 24 180 M M 7 30 170
22 107 88 98 3 0 33 0.00 0.0 0 5.7 22 190 M M 4 30 180
23 98 86 92 -3 0 27 0.00 0.0 0 10.2 23 170 M M 7 30 150
24 104 79 92 -3 0 27 0.10 0.0 0 8.4 41 10 M M 5 3 56 10
25 105 82 94 -1 0 29 0.00 0.0 0 7.2 15 70 M M 5 22 240
26 110 86 98 3 0 33 0.00 0.0 0 5.4 14 280 M M 3 22 340
27 111 90 101 6 0 36 0.00 0.0 0 7.7 18 80 M M 2 22 80
28 115 90 103 8 0 38 0.00 0.0 0 7.6 16 310 M M 2 23 330
29 115 91 103 9 0 38 0.00 0.0 0 9.1 20 270 M M 1 25 320
30 118 91 105 11 0 40 0.00 0.0 M 9.3 22 260 M M 1 31 330
31 116 91 104 10 0 39 0.00 0.0 0 7.4 20 290 M M 1 23 280
================================================================================
SM 3405 2729 01061 0.10 0.0 241.7 M 110
================================================================================
AV109.8 88.0 7.8 FASTST M M 4 MAX(MPH)
MISC ----> 41 10 56 10
================================================================================
NOTES:
# LAST OF SEVERAL OCCURRENCES
COLUMN 17 PEAK WIND IN M.P.H.
PRELIMINARY LOCAL CLIMATOLOGICAL DATA (WS FORM: F-6) , PAGE 2
STATION: PHOENIX AZ
MONTH: JULY
YEAR: 2020
LATITUDE: 33 25 N
LONGITUDE: 112 1 W
[TEMPERATURE DATA] [PRECIPITATION DATA] SYMBOLS USED IN COLUMN 16
AVERAGE MONTHLY: 98.9 TOTAL FOR MONTH: 0.10 1 = FOG OR MIST
DPTR FM NORMAL: 4.1 DPTR FM NORMAL: -0.95 2 = FOG REDUCING VISIBILITY
HIGHEST: 118 ON 30 GRTST 24HR 0.10 ON 24-24 TO 1/4 MILE OR LESS
LOWEST: 76 ON 1 3 = THUNDER
SNOW, ICE PELLETS, HAIL 4 = ICE PELLETS
TOTAL MONTH: 0.0 INCH 5 = HAIL
GRTST 24HR 0.0 6 = FREEZING RAIN OR DRIZZLE
GRTST DEPTH: 0 7 = DUSTSTORM OR SANDSTORM:
VSBY 1/2 MILE OR LESS
8 = SMOKE OR HAZE
[NO. OF DAYS WITH] [WEATHER - DAYS WITH] 9 = BLOWING SNOW
X = TORNADO
MAX 32 OR BELOW: 0 0.01 INCH OR MORE: 1
MAX 90 OR ABOVE: 31 0.10 INCH OR MORE: 1
MIN 32 OR BELOW: 0 0.50 INCH OR MORE: 0
MIN 0 OR BELOW: 0 1.00 INCH OR MORE: 0
[HDD (BASE 65) ]
TOTAL THIS MO. 0 CLEAR (SCALE 0-3) 16
DPTR FM NORMAL 0 PTCLDY (SCALE 4-7) 15
TOTAL FM JUL 1 0 CLOUDY (SCALE 8-10) 0
DPTR FM NORMAL 0
[CDD (BASE 65) ]
TOTAL THIS MO. 1061
DPTR FM NORMAL 137 [PRESSURE DATA]
TOTAL FM JAN 1 2873 HIGHEST SLP 29.91 ON 3
DPTR FM NORMAL 289 LOWEST SLP 29.57 ON 28
[REMARKS]
#FINAL-07-20#