000
CXUS53 KILX 180900
CF6PIA
PRELIMINARY LOCAL CLIMATOLOGICAL DATA (WS FORM: F-6)
STATION: PEORIA IL
MONTH: APRIL
YEAR: 2024
LATITUDE: 40 40 N
LONGITUDE: 89 41 W
TEMPERATURE IN F: :PCPN: SNOW: WIND :SUNSHINE: SKY :PK WND
================================================================================
1 2 3 4 5 6A 6B 7 8 9 10 11 12 13 14 15 16 17 18
12Z AVG MX 2MIN
DY MAX MIN AVG DEP HDD CDD WTR SNW DPTH SPD SPD DIR MIN PSBL S-S WX SPD DR
================================================================================
1 56 45 51 3 14 0 0.88 0.0 0 10.6 22 70 M M 10 13 31 50
2 56 37 47 -1 18 0 0.20 0.0 0 11.4 35 270 M M 10 1 48 270
3 39 35 37 -11 28 0 0.22 0.2 0 13.7 22 310 M M 10 1 35 300
4 45 36 41 -8 24 0 0.01 0.0 0 8.1 16 340 M M 10 27 330
5 49 33 41 -8 24 0 0.00 0.0 0 4.9 12 50 M M 8 20 40
6 57 30 44 -5 21 0 0.00 0.0 0 7.9 16 140 M M 0 25 110
7 64 45 55 5 10 0 0.35 0.0 0 12.2 25 130 M M 5 3 38 130
8 75 45 60 10 5 0 0.00 0.0 0 8.8 21 210 M M 2 28 210
9 64 46 55 5 10 0 0.00 0.0 0 5.8 15 280 M M 1 22 280
10 70 42 56 5 9 0 0.00 0.0 0 5.4 15 40 M M 2 22 120
11 67 49 58 7 7 0 0.07 0.0 0 7.7 20 300 M M 8 3 30 300
12 65 46 56 4 9 0 0.46 0.0 0 12.8 28 300 M M 3 1 44 310
13 77 41 59 7 6 0 0.00 0.0 0 8.6 20 180 M M 0 27 170
14 86 58 72 20 0 7 0.00 0.0 0 7.9 18 260 M M 0 28 240
15 80 56 68 15 0 3 0.00 0.0 0 9.7 18 90 M M 0 26 80
16 81 62 72 19 0 7 0.01 0.0 0 18.4 35 190 M M 4 3 50 180
17 69 49 59 5 6 0 0.00 0.0 0 14.4 28 270 M M 6 40 270
================================================================================
SM 1100 755 191 17 2.20 0.2 168.3 M 79
================================================================================
AV 64.7 44.4 9.9 FASTST M M 5 MAX(MPH)
MISC ----> # 35 270 50 180
================================================================================
NOTES:
# LAST OF SEVERAL OCCURRENCES
COLUMN 17 PEAK WIND IN M.P.H.
PRELIMINARY LOCAL CLIMATOLOGICAL DATA (WS FORM: F-6) , PAGE 2
STATION: PEORIA IL
MONTH: APRIL
YEAR: 2024
LATITUDE: 40 40 N
LONGITUDE: 89 41 W
[TEMPERATURE DATA] [PRECIPITATION DATA] SYMBOLS USED IN COLUMN 16
AVERAGE MONTHLY: 54.6 TOTAL FOR MONTH: 2.20 1 = FOG OR MIST
DPTR FM NORMAL: 4.0 DPTR FM NORMAL: 0.11 2 = FOG REDUCING VISIBILITY
HIGHEST: 86 ON 14 GRTST 24HR 0.88 ON 1- 1 TO 1/4 MILE OR LESS
LOWEST: 30 ON 6 3 = THUNDER
SNOW, ICE PELLETS, HAIL 4 = ICE PELLETS
TOTAL MONTH: 0.2 INCH 5 = HAIL
GRTST 24HR 0.2 ON 3- 3 6 = FREEZING RAIN OR DRIZZLE
GRTST DEPTH: 0 7 = DUSTSTORM OR SANDSTORM:
VSBY 1/2 MILE OR LESS
8 = SMOKE OR HAZE
[NO. OF DAYS WITH] [WEATHER - DAYS WITH] 9 = BLOWING SNOW
X = TORNADO
MAX 32 OR BELOW: 0 0.01 INCH OR MORE: 8
MAX 90 OR ABOVE: 0 0.10 INCH OR MORE: 5
MIN 32 OR BELOW: 1 0.50 INCH OR MORE: 1
MIN 0 OR BELOW: 0 1.00 INCH OR MORE: 0
[HDD (BASE 65) ]
TOTAL THIS MO. 191 CLEAR (SCALE 0-3) 8
DPTR FM NORMAL -59 PTCLDY (SCALE 4-7) 4
TOTAL FM JUL 1 4336 CLOUDY (SCALE 8-10) 5
DPTR FM NORMAL -1004
[CDD (BASE 65) ]
TOTAL THIS MO. 17
DPTR FM NORMAL 17 [PRESSURE DATA]
TOTAL FM JAN 1 17 HIGHEST SLP M ON M
DPTR FM NORMAL 15 LOWEST SLP 29.29 ON 2
[REMARKS]