000
CXUS55 KPIH 011706
CF6PIH
PRELIMINARY LOCAL CLIMATOLOGICAL DATA (WS FORM: F-6)
STATION: POCATELLO
MONTH: NOVEMBER
YEAR: 2023
LATITUDE: 42 55 N
LONGITUDE: 112 36 W
TEMPERATURE IN F: :PCPN: SNOW: WIND :SUNSHINE: SKY :PK WND
================================================================================
1 2 3 4 5 6A 6B 7 8 9 10 11 12 13 14 15 16 17 18
12Z AVG MX 2MIN
DY MAX MIN AVG DEP HDD CDD WTR SNW DPTH SPD SPD DIR MIN PSBL S-S WX SPD DR
================================================================================
1 54 23 39 -2 26 0 0.00 0.0 0 2.6 9 20 M M 1 11 230
2 58 35 47 7 18 0 0.04 0.0 0 9.8 20 220 M M 10 27 210
3 60 42 51 11 14 0 0.00 0.0 0 9.8 20 220 M M 6 25 230
4 57 27 42 2 23 0 0.03 0.0 0 4.0 20 280 M M 3 1 26 290
5 58 45 52 13 13 0 0.19 0.0 0 11.4 25 210 M M 7 1 34 210
6 56 40 48 9 17 0 0.08 0.0 0 9.2 30 280 M M 5 1 38 290
7 47 36 42 4 23 0 0.04 0.0 0 13.9 25 240 M M 5 1 32 250
8 43 28 36 -2 29 0 0.00 0.0 0 13.3 24 240 M M 5 29 220
9 45 19 32 -6 33 0 0.00 0.0 0 3.5 10 10 M M 1 128 12 360
10 50 21 36 -1 29 0 0.00 0.0 0 5.9 17 230 M M 2 22 220
11 55 28 42 5 23 0 0.00 0.0 0 11.1 23 230 M M 2 31 240
12 61 27 44 8 21 0 0.00 0.0 0 6.3 22 170 M M 0 28 160
13 62 24 43 7 22 0 0.00 0.0 0 8.4 24 170 M M 0 31 170
14 59 23 41 5 24 0 0.00 0.0 0 3.9 12 180 M M 0 16 170
15 63 25 44 9 21 0 0.00 0.0 0 8.8 21 170 M M 0 27 180
16 56 35 46 11 19 0 0.00 0.0 0 9.0 28 230 M M 2 34 240
17 56 25 41 7 24 0 0.00 0.0 0 4.1 9 50 M M 1 12 13 40
18 53 22 38 4 27 0 0.01 0.0 0 3.7 14 190 M M 4 1 17 200
19 45 32 39 5 26 0 0.79 4.9 0 14.0 31 250 M M 9 12 40 250
20 32 19 26 -7 39 0 0.00 0.0 5 9.0 20 230 M M 5 23 240
21 39 13 26 -7 39 0 0.00 0.0 4 2.8 9 330 M M 1 1 10 310
22 41 15 28 -4 37 0 0.00 0.0 4 3.1 8 40 M M 4 12 10 140
23 36 31 34 2 31 0 0.65 5.5 4 5.8 24 30 M M 10 12 31 20
24 33 14 24 -8 41 0 0.04 1.2 8 11.8 24 30 M M 8 1 33 30
25 27 7 17 -14 48 0 0.00 0.0 7 5.2 15 230 M M 5 17 230
26 28 4 16 -15 49 0 0.00 0.0 7 2.9 8 90 M M 4 18 9 90
27 30 2 16 -14 49 0 0.00 0.0 6 2.9 8 40 M M 3 128 10 30
28 31 2 17 -13 48 0 0.00 0.0 6 3.1 12 20 M M 4 128 13 20
29 30 4 17 -13 48 0 0.00 0.0 6 2.8 9 220 M M 4 128 11 160
30 32 9 21 -8 44 0 0.01 0.3 6 4.1 14 220 M M 6 18 17 240
================================================================================
SM 1397 677 905 0 1.88 11.9 206.2 M 117
================================================================================
AV 46.6 22.6 6.9 FASTST M M 4 MAX(MPH)
MISC ----> 31 250 40 250
================================================================================
NOTES:
# LAST OF SEVERAL OCCURRENCES
COLUMN 17 PEAK WIND IN M.P.H.
PRELIMINARY LOCAL CLIMATOLOGICAL DATA (WS FORM: F-6) , PAGE 2
STATION: POCATELLO
MONTH: NOVEMBER
YEAR: 2023
LATITUDE: 42 55 N
LONGITUDE: 112 36 W
[TEMPERATURE DATA] [PRECIPITATION DATA] SYMBOLS USED IN COLUMN 16
AVERAGE MONTHLY: 34.6 TOTAL FOR MONTH: 1.88 1 = FOG OR MIST
DPTR FM NORMAL: -0.3 DPTR FM NORMAL: 0.93 2 = FOG REDUCING VISIBILITY
HIGHEST: 63 ON 15 GRTST 24HR 0.79 ON 19-19 TO 1/4 MILE OR LESS
LOWEST: 2 ON 28,27 3 = THUNDER
SNOW, ICE PELLETS, HAIL 4 = ICE PELLETS
TOTAL MONTH: 11.9 INCHES 5 = HAIL
GRTST 24HR 5.5 ON 23-23 6 = FREEZING RAIN OR DRIZZLE
GRTST DEPTH: 8 ON 24 7 = DUSTSTORM OR SANDSTORM:
VSBY 1/2 MILE OR LESS
8 = SMOKE OR HAZE
[NO. OF DAYS WITH] [WEATHER - DAYS WITH] 9 = BLOWING SNOW
X = TORNADO
MAX 32 OR BELOW: 7 0.01 INCH OR MORE: 10
MAX 90 OR ABOVE: 0 0.10 INCH OR MORE: 3
MIN 32 OR BELOW: 24 0.50 INCH OR MORE: 2
MIN 0 OR BELOW: 0 1.00 INCH OR MORE: 0
[HDD (BASE 65) ]
TOTAL THIS MO. 905 CLEAR (SCALE 0-3) 13
DPTR FM NORMAL 3 PTCLDY (SCALE 4-7) 14
TOTAL FM JUL 1 1564 CLOUDY (SCALE 8-10) 3
DPTR FM NORMAL -119
[CDD (BASE 65) ]
TOTAL THIS MO. 0
DPTR FM NORMAL 0 [PRESSURE DATA]
TOTAL FM JAN 1 443 HIGHEST SLP 30.84 ON 21
DPTR FM NORMAL 13 LOWEST SLP 29.69 ON 6
[REMARKS]
19TH: RAINFALL OF 0.79 BREAKS OLD RECORD OF 0.22 SET IN 1990.
23RD: RAINFALL OF 0.65 BREAKS OLD RECORD OF 0.64 SET IN 1988.
23RD: SNOWFALL OF 5.5 BREAKS OLD RECORD OF 2.0 SET IN 2010.
#FINAL-11-23#