000
CXUS55 KPIH 011420
CLMPIH
CLIMATE REPORT
NATIONAL WEATHER SERVICE POCATELLO ID
817 AM MDT SAT APR 01 2023
...................................
...THE POCATELLO CLIMATE SUMMARY FOR THE MONTH OF MARCH 2023...
CLIMATE NORMAL PERIOD 1991 TO 2020
CLIMATE RECORD PERIOD 1939 TO 2023
WEATHER OBSERVED NORMAL DEPART LAST YEAR`S
VALUE DATE(S) VALUE FROM VALUE DATE(S)
NORMAL
................................................................
TEMPERATURE (F)
RECORD
HIGH 75 03/15/1994
03/28/1986
LOW -12 03/04/1985
HIGHEST 53 03/14 75 -22 75 03/27
03/29
LOWEST 0 03/07 -12 12 -2 03/10
AVG. MAXIMUM 39.0 50.5 -11.5 51.5
AVG. MINIMUM 21.7 27.8 -6.1 26.7
MEAN 30.4 39.1 -8.7 39.1
DAYS MAX >= 90 0 0.0 0.0 0
DAYS MAX <= 32 6 0.8 5.2 2
DAYS MIN <= 32 30 23.2 6.8 24
DAYS MIN <= 0 1 0.2 0.8 1
PRECIPITATION (INCHES)
RECORD
MAXIMUM 3.00 2016
MINIMUM 0.10 1965
TOTALS 1.73 1.21 0.52 0.35
DAILY AVG. 0.06 0.04 0.02 0.01
DAYS >= .01 20 9.4 10.6 5
DAYS >= .10 7 3.7 3.3 2
DAYS >= .50 0 0.5 -0.5 0
DAYS >= 1.00 0 0.0 0.0 0
GREATEST
24 HR. TOTAL 0.31 03/09 TO 03/10 0.12
SNOWFALL (INCHES)
RECORDS
TOTAL 16.6 1985
TOTALS 16.5 4.1 12.4 3.2
SINCE 7/1 59.9 35.5 24.4 MM
SNOWDEPTH AVG. 1 0
DAYS >= 1.0 7 1.6 5.4 2
GREATEST
SNOW DEPTH 6 03/05 2 03/09
03/06
24 HR TOTAL MM MM
DEGREE DAYS
HEATING TOTAL 1064 802 262 795
SINCE 7/1 6472 5908 564 MM
COOLING TOTAL 0 0 0 0
SINCE 1/1 0 0 0 MM
................................................................
WIND (MPH)
AVERAGE WIND SPEED 10.8
HIGHEST WIND SPEED/DIRECTION 53/170 DATE 03/10
HIGHEST GUST SPEED/DIRECTION 76/170 DATE 03/10
SKY COVER
POSSIBLE SUNSHINE (PERCENT) MM
AVERAGE SKY COVER 0.61
NUMBER OF DAYS FAIR 7
NUMBER OF DAYS PC 10
NUMBER OF DAYS CLOUDY 14
AVERAGE RH (PERCENT) 75
WEATHER CONDITIONS. NUMBER OF DAYS WITH
THUNDERSTORM 0 MIXED PRECIP 0
HEAVY RAIN 0 RAIN 1
LIGHT RAIN 8 FREEZING RAIN 0
LT FREEZING RAIN 0 HAIL 0
HEAVY SNOW 1 SNOW 6
LIGHT SNOW 21 SLEET 0
FOG 21 FOG W/VIS <= 1/4 MILE 4
HAZE 4
- INDICATES NEGATIVE NUMBERS.
R INDICATES RECORD WAS SET OR TIED.
MM INDICATES DATA IS MISSING.
T INDICATES TRACE AMOUNT.
&&
10TH: RAINFALL OF 0.29 INCHES BREAKS PREVIOUS RECORD OF 0.17 SET IN 1952.
$$