000
CXUS53 KABR 011100
CF6PIR
PRELIMINARY LOCAL CLIMATOLOGICAL DATA (WS FORM: F-6)
STATION: PIERRE SD
MONTH: JUNE
YEAR: 2023
LATITUDE: 44 22 N
LONGITUDE: 100 17 W
TEMPERATURE IN F: :PCPN: SNOW: WIND :SUNSHINE: SKY :PK WND
================================================================================
1 2 3 4 5 6A 6B 7 8 9 10 11 12 13 14 15 16 17 18
12Z AVG MX 2MIN
DY MAX MIN AVG DEP HDD CDD WTR SNW DPTH SPD SPD DIR MIN PSBL S-S WX SPD DR
================================================================================
1 91 58 75 12 0 10 0.00 0.0 0 9.0 25 170 M M 1 32 170
2 85 63 74 11 0 9 0.00 0.0 0 12.1 24 160 M M 2 31 160
3 88 59 74 10 0 9 0.00 0.0 0 9.1 18 160 M M 2 28 160
4 90 61 76 12 0 11 0.37 0.0 0 4.6 31 130 M M 2 13 38 130
5 88 58 73 9 0 8 0.00 0.0 0 4.9 12 180 M M 0 1 18 220
6 91 59 75 10 0 10 0.00 0.0 0 4.7 14 150 M M 0 20 180
7 94 60 77 12 0 12 0.00 0.0 0 3.5 12 190 M M 0 16 190
8 97 59 78 13 0 13 0.00 0.0 0 5.4 23 30 M M 1 3 32 30
9 86 64 75 9 0 10 0.07 0.0 0 9.2 21 20 M M 3 13 28 20
10 77 60 69 3 0 4 0.14 0.0 0 12.9 26 50 M M 7 13 35 60
11 75 51 63 -3 2 0 0.00 0.0 0 7.5 16 50 M M 3 22 50
12 80 45 63 -4 2 0 0.00 0.0 0 3.2 12 250 M M 0 18 180
13 85 47 66 -1 0 1 0.00 0.0 0 5.8 14 310 M M 0 19 320
14 87 59 73 6 0 8 0.00 0.0 0 5.5 12 130 M M 2 19 220
15 92 58 75 7 0 10 T 0.0 0 10.0 18 260 M M 1 38 25 210
16 69 52 61 -7 4 0 T 0.0 0 14.3 24 330 M M 6 33 350
17 78 44 61 -7 4 0 0.00 0.0 0 4.8 12 180 M M 1 128 17 230
18 91 49 70 1 0 5 0.00 0.0 0 10.0 21 130 M M 0 33 190
19 103 63 83 14 0 18 0.00 0.0 0 12.9 28 180 M M 0 37 170
20 98 73 86 17 0 21 T 0.0 0 15.0 30 170 M M 1 3 43 170
21 83 67 75 5 0 10 0.17 0.0 0 8.3 17 360 M M 6 13 23 360
22 84 64 74 4 0 9 T 0.0 0 10.3 24 350 M M 3 3 32 340
23 84 60 72 2 0 7 1.20 0.0 0 10.7 45 330 M M 6 13 67 330
24 74 58 66 -4 0 1 0.42 0.0 0 19.5 41 340 M M 8 13 55 330
25 82 60 71 0 0 6 0.00 0.0 0 15.2 24 330 M M 2 34 320
26 82 52 67 -4 0 2 0.00 0.0 0 6.1 15 130 M M 1 3 21 130
27 79 61 70 -1 0 5 0.41 0.0 0 12.7 23 140 M M 5 13 29 140
28 85 60 73 1 0 8 0.00 0.0 0 7.3 16 290 M M 2 1 23 300
29 89 62 76 4 0 11 0.00 0.0 0 5.7 15 250 M M 1 3 22 250
30 80 65 73 1 0 8 0.27 0.0 0 7.0 22 280 M M 5 13 28 270
================================================================================
SM 2567 1751 12 226 3.05 0.0 267.2 M 71
================================================================================
AV 85.6 58.4 8.9 FASTST M M 2 MAX(MPH)
MISC ----> 45 330 67 330
================================================================================
NOTES:
# LAST OF SEVERAL OCCURRENCES
COLUMN 17 PEAK WIND IN M.P.H.
PRELIMINARY LOCAL CLIMATOLOGICAL DATA (WS FORM: F-6) , PAGE 2
STATION: PIERRE SD
MONTH: JUNE
YEAR: 2023
LATITUDE: 44 22 N
LONGITUDE: 100 17 W
[TEMPERATURE DATA] [PRECIPITATION DATA] SYMBOLS USED IN COLUMN 16
AVERAGE MONTHLY: 72.0 TOTAL FOR MONTH: 3.05 1 = FOG OR MIST
DPTR FM NORMAL: 4.2 DPTR FM NORMAL: -0.64 2 = FOG REDUCING VISIBILITY
HIGHEST: 103 ON 19 GRTST 24HR 1.60 ON 23-24 TO 1/4 MILE OR LESS
LOWEST: 44 ON 17 3 = THUNDER
SNOW, ICE PELLETS, HAIL 4 = ICE PELLETS
TOTAL MONTH: 0.0 INCH 5 = HAIL
GRTST 24HR 0.0 6 = FREEZING RAIN OR DRIZZLE
GRTST DEPTH: 0 7 = DUSTSTORM OR SANDSTORM:
VSBY 1/2 MILE OR LESS
8 = SMOKE OR HAZE
[NO. OF DAYS WITH] [WEATHER - DAYS WITH] 9 = BLOWING SNOW
X = TORNADO
MAX 32 OR BELOW: 0 0.01 INCH OR MORE: 8
MAX 90 OR ABOVE: 9 0.10 INCH OR MORE: 7
MIN 32 OR BELOW: 0 0.50 INCH OR MORE: 1
MIN 0 OR BELOW: 0 1.00 INCH OR MORE: 1
[HDD (BASE 65) ]
TOTAL THIS MO. 12 CLEAR (SCALE 0-3) 22
DPTR FM NORMAL -38 PTCLDY (SCALE 4-7) 7
TOTAL FM JUL 1 7566 CLOUDY (SCALE 8-10) 1
DPTR FM NORMAL 216
[CDD (BASE 65) ]
TOTAL THIS MO. 226
DPTR FM NORMAL 92 [PRESSURE DATA]
TOTAL FM JAN 1 295 HIGHEST SLP 30.08 ON 11
DPTR FM NORMAL 132 LOWEST SLP 29.53 ON 19
[REMARKS]
#FINAL-06-23#